{"id":10143,"date":"2023-07-13T17:10:54","date_gmt":"2023-07-13T15:10:54","guid":{"rendered":"https:\/\/franciscobelmonte.com\/tienda\/?post_type=product&#038;p=10143"},"modified":"2025-12-15T13:33:39","modified_gmt":"2025-12-15T11:33:39","slug":"casco-mt-ff106pro-targo-pro-sound-a2-gris-brillo","status":"publish","type":"product","link":"https:\/\/franciscobelmonte.com\/tienda\/casco-mt-ff106pro-targo-pro-sound-a2-gris-brillo\/","title":{"rendered":"CASCO MT FF106PRO TARGO PRO SOUND A2 GRIS BRILLO"},"content":{"rendered":"<h1>Casco MT FF106PRO Targo Pro Sound A2 Gris Brillo<\/h1>\n<p>Incorpora un\u00a0<strong>nuevo aler\u00f3n trasero<\/strong>\u00a0totalmente actualizado. El\u00a0casco de moto integral\u00a0<strong>MT FF106PRO Targo Pro Sound tiene un excelente sistema de ventilaci\u00f3n y de extracci\u00f3n de aire para que la temperatura sea siempre la id\u00f3nea.<\/strong><\/p>\n<p><strong>Caracter\u00edsticas principales<\/strong><\/p>\n<ul>\n<li>Casco acabado\u00a0<strong>Brillo<\/strong><\/li>\n<li>Calota en una\u00a0sola talla<\/li>\n<li>Incluye un spoiler para la parte trasera (extra\u00edble).<\/li>\n<li>Sistema de ventilaci\u00f3n interna<\/li>\n<li>Calota fabricada en<strong>\u00a0tecnolog\u00eda HIRP<\/strong><\/li>\n<li><strong>Poliestireno interno<\/strong>\u00a0de m\u00faltiple densidad<\/li>\n<li>Interior antial\u00e9rgico, desmontable y lavable<\/li>\n<li><strong>Pantalla V-14<\/strong>\u00a0en policarbonato \u00f3ptico anti-rayas<\/li>\n<li>Pantalla con mecanismo de r\u00e1pida y f\u00e1cil liberaci\u00f3n<\/li>\n<li>Pantalla preparada para<strong>\u00a0Pinlock\u00a0<\/strong>(No incluido)<\/li>\n<li><strong>Cierre microm\u00e9trico met\u00e1lico<\/strong><\/li>\n<li>Deflector nasal incluido<\/li>\n<li>Peso aproximado:\u00a0<strong>1.450gr<\/strong><\/li>\n<li>Homologaci\u00f3n\u00a0<strong>DOT y ECE\/ONU 22.05.P<\/strong><\/li>\n<\/ul>\n","protected":false},"excerpt":{"rendered":"<p>Incorpora un\u00a0<strong>nuevo aler\u00f3n trasero<\/strong>\u00a0totalmente actualizado. El\u00a0casco de moto integral\u00a0<strong>MT FF106PRO Targo Pro Sound tiene un excelente sistema de ventilaci\u00f3n y de extracci\u00f3n de aire para que la temperatura sea siempre la id\u00f3nea.<\/strong><\/p>\n<p><strong>*Cons\u00faltenos disponibilidad de talla que necesita a trav\u00e9s de nuestro WhatsApp\u00a0<\/strong><\/p>\n<div style=\"text-align: center;\"><a href=\"https:\/\/wa.me\/34674529107\" target=\"_blank\" rel=\"noopener\"><img loading=\"lazy\" decoding=\"async\" class=\"alignnone wp-image-4363\" src=\"https:\/\/franciscobelmonte.com\/wp-content\/uploads\/2023\/01\/boton-whatsapp.jpg\" alt=\"\" width=\"50\" height=\"50\" \/><\/a><\/div>\n","protected":false},"featured_media":10149,"comment_status":"open","ping_status":"closed","template":"","meta":{"_themeisle_gutenberg_block_has_review":false},"pwb-brand":[224],"product_brand":[],"product_cat":[15,519,145],"product_tag":[865,882,885,780],"class_list":{"0":"post-10143","1":"product","2":"type-product","3":"status-publish","4":"has-post-thumbnail","6":"pwb-brand-mt-helmets","7":"product_cat-casco-de-moto","8":"product_cat-cascos-por-menos-de-150e","9":"product_cat-cascos-de-moto-integrales","10":"product_tag-865","11":"product_tag-black-friday-30","12":"product_tag-dto-navideno-25","13":"product_tag-mt-sin-rebajas-10","15":"first","16":"instock","17":"sale","18":"taxable","19":"shipping-taxable","20":"purchasable","21":"product-type-simple"},"yoast_head":"<!-- This site is optimized with the Yoast SEO plugin v27.4 - https:\/\/yoast.com\/product\/yoast-seo-wordpress\/ -->\n<title>CASCO MT FF106PRO TARGO PRO SOUND A2 GRIS BRILLO - Boutique Francisco Belmonte<\/title>\n<meta name=\"description\" content=\"Casco MT FF106PRO Targo Pro Sound A2 Gris Brillo. Puedes descubrirlo y prob\u00e1rtelo en nuestra Boutique Francisco Belmonte en Murcia.\" \/>\n<meta name=\"robots\" content=\"index, follow, max-snippet:-1, max-image-preview:large, max-video-preview:-1\" \/>\n<link rel=\"canonical\" href=\"https:\/\/franciscobelmonte.com\/tienda\/casco-mt-ff106pro-targo-pro-sound-a2-gris-brillo\/\" \/>\n<meta property=\"og:locale\" content=\"es_ES\" \/>\n<meta property=\"og:type\" content=\"article\" \/>\n<meta property=\"og:title\" content=\"CASCO MT FF106PRO TARGO PRO SOUND A2 GRIS BRILLO - Boutique Francisco Belmonte\" \/>\n<meta property=\"og:description\" content=\"Casco MT FF106PRO Targo Pro Sound A2 Gris Brillo. Puedes descubrirlo y prob\u00e1rtelo en nuestra Boutique Francisco Belmonte en Murcia.\" \/>\n<meta property=\"og:url\" content=\"https:\/\/franciscobelmonte.com\/tienda\/casco-mt-ff106pro-targo-pro-sound-a2-gris-brillo\/\" \/>\n<meta property=\"og:site_name\" content=\"Boutique Francisco Belmonte\" \/>\n<meta property=\"article:publisher\" content=\"https:\/\/www.facebook.com\/motosfranciscobelmonte\" \/>\n<meta property=\"article:modified_time\" content=\"2025-12-15T11:33:39+00:00\" \/>\n<meta property=\"og:image\" content=\"https:\/\/franciscobelmonte.com\/tienda\/wp-content\/uploads\/2023\/07\/Casco-Mt-Targo-Pro-Sound-A2-Gris-Brillo.jpg\" \/>\n\t<meta property=\"og:image:width\" content=\"800\" \/>\n\t<meta property=\"og:image:height\" content=\"800\" \/>\n\t<meta property=\"og:image:type\" content=\"image\/jpeg\" \/>\n<meta name=\"twitter:card\" content=\"summary_large_image\" \/>\n<meta name=\"twitter:label1\" content=\"Tiempo de lectura\" \/>\n\t<meta name=\"twitter:data1\" content=\"1 minuto\" \/>\n<script type=\"application\/ld+json\" class=\"yoast-schema-graph\">{\"@context\":\"https:\\\/\\\/schema.org\",\"@graph\":[{\"@type\":\"WebPage\",\"@id\":\"https:\\\/\\\/franciscobelmonte.com\\\/tienda\\\/casco-mt-ff106pro-targo-pro-sound-a2-gris-brillo\\\/\",\"url\":\"https:\\\/\\\/franciscobelmonte.com\\\/tienda\\\/casco-mt-ff106pro-targo-pro-sound-a2-gris-brillo\\\/\",\"name\":\"CASCO MT FF106PRO TARGO PRO SOUND A2 GRIS BRILLO - Boutique Francisco Belmonte\",\"isPartOf\":{\"@id\":\"https:\\\/\\\/franciscobelmonte.com\\\/tienda\\\/#website\"},\"primaryImageOfPage\":{\"@id\":\"https:\\\/\\\/franciscobelmonte.com\\\/tienda\\\/casco-mt-ff106pro-targo-pro-sound-a2-gris-brillo\\\/#primaryimage\"},\"image\":{\"@id\":\"https:\\\/\\\/franciscobelmonte.com\\\/tienda\\\/casco-mt-ff106pro-targo-pro-sound-a2-gris-brillo\\\/#primaryimage\"},\"thumbnailUrl\":\"https:\\\/\\\/franciscobelmonte.com\\\/tienda\\\/wp-content\\\/uploads\\\/2023\\\/07\\\/Casco-Mt-Targo-Pro-Sound-A2-Gris-Brillo.jpg\",\"datePublished\":\"2023-07-13T15:10:54+00:00\",\"dateModified\":\"2025-12-15T11:33:39+00:00\",\"description\":\"Casco MT FF106PRO Targo Pro Sound A2 Gris Brillo. Puedes descubrirlo y prob\u00e1rtelo en nuestra Boutique Francisco Belmonte en Murcia.\",\"breadcrumb\":{\"@id\":\"https:\\\/\\\/franciscobelmonte.com\\\/tienda\\\/casco-mt-ff106pro-targo-pro-sound-a2-gris-brillo\\\/#breadcrumb\"},\"inLanguage\":\"es\",\"potentialAction\":[{\"@type\":\"ReadAction\",\"target\":[\"https:\\\/\\\/franciscobelmonte.com\\\/tienda\\\/casco-mt-ff106pro-targo-pro-sound-a2-gris-brillo\\\/\"]}]},{\"@type\":\"ImageObject\",\"inLanguage\":\"es\",\"@id\":\"https:\\\/\\\/franciscobelmonte.com\\\/tienda\\\/casco-mt-ff106pro-targo-pro-sound-a2-gris-brillo\\\/#primaryimage\",\"url\":\"https:\\\/\\\/franciscobelmonte.com\\\/tienda\\\/wp-content\\\/uploads\\\/2023\\\/07\\\/Casco-Mt-Targo-Pro-Sound-A2-Gris-Brillo.jpg\",\"contentUrl\":\"https:\\\/\\\/franciscobelmonte.com\\\/tienda\\\/wp-content\\\/uploads\\\/2023\\\/07\\\/Casco-Mt-Targo-Pro-Sound-A2-Gris-Brillo.jpg\",\"width\":800,\"height\":800,\"caption\":\"casco mt targo pro sound a2 gris brillo en murcia francisco belmonte\"},{\"@type\":\"BreadcrumbList\",\"@id\":\"https:\\\/\\\/franciscobelmonte.com\\\/tienda\\\/casco-mt-ff106pro-targo-pro-sound-a2-gris-brillo\\\/#breadcrumb\",\"itemListElement\":[{\"@type\":\"ListItem\",\"position\":1,\"name\":\"Portada\",\"item\":\"https:\\\/\\\/franciscobelmonte.com\\\/tienda\\\/\"},{\"@type\":\"ListItem\",\"position\":2,\"name\":\"Tienda\",\"item\":\"https:\\\/\\\/franciscobelmonte.com\\\/tienda\\\/boutique-equipamiento-motero\\\/\"},{\"@type\":\"ListItem\",\"position\":3,\"name\":\"CASCO MT FF106PRO TARGO PRO SOUND A2 GRIS BRILLO\"}]},{\"@type\":\"WebSite\",\"@id\":\"https:\\\/\\\/franciscobelmonte.com\\\/tienda\\\/#website\",\"url\":\"https:\\\/\\\/franciscobelmonte.com\\\/tienda\\\/\",\"name\":\"Boutique Francisco Belmonte\",\"description\":\"Todo en complementos para motoristas\",\"publisher\":{\"@id\":\"https:\\\/\\\/franciscobelmonte.com\\\/tienda\\\/#organization\"},\"potentialAction\":[{\"@type\":\"SearchAction\",\"target\":{\"@type\":\"EntryPoint\",\"urlTemplate\":\"https:\\\/\\\/franciscobelmonte.com\\\/tienda\\\/?s={search_term_string}\"},\"query-input\":{\"@type\":\"PropertyValueSpecification\",\"valueRequired\":true,\"valueName\":\"search_term_string\"}}],\"inLanguage\":\"es\"},{\"@type\":\"Organization\",\"@id\":\"https:\\\/\\\/franciscobelmonte.com\\\/tienda\\\/#organization\",\"name\":\"Boutique Francisco Belmonte\",\"url\":\"https:\\\/\\\/franciscobelmonte.com\\\/tienda\\\/\",\"logo\":{\"@type\":\"ImageObject\",\"inLanguage\":\"es\",\"@id\":\"https:\\\/\\\/franciscobelmonte.com\\\/tienda\\\/#\\\/schema\\\/logo\\\/image\\\/\",\"url\":\"https:\\\/\\\/franciscobelmonte.com\\\/tienda\\\/wp-content\\\/uploads\\\/2021\\\/12\\\/Francisco-Belmonte-logo.png\",\"contentUrl\":\"https:\\\/\\\/franciscobelmonte.com\\\/tienda\\\/wp-content\\\/uploads\\\/2021\\\/12\\\/Francisco-Belmonte-logo.png\",\"width\":2153,\"height\":536,\"caption\":\"Boutique Francisco Belmonte\"},\"image\":{\"@id\":\"https:\\\/\\\/franciscobelmonte.com\\\/tienda\\\/#\\\/schema\\\/logo\\\/image\\\/\"},\"sameAs\":[\"https:\\\/\\\/www.facebook.com\\\/motosfranciscobelmonte\",\"https:\\\/\\\/www.instagram.com\\\/fco.belmonte\\\/\"]}]}<\/script>\n<!-- \/ Yoast SEO plugin. -->","yoast_head_json":{"title":"CASCO MT FF106PRO TARGO PRO SOUND A2 GRIS BRILLO - Boutique Francisco Belmonte","description":"Casco MT FF106PRO Targo Pro Sound A2 Gris Brillo. Puedes descubrirlo y prob\u00e1rtelo en nuestra Boutique Francisco Belmonte en Murcia.","robots":{"index":"index","follow":"follow","max-snippet":"max-snippet:-1","max-image-preview":"max-image-preview:large","max-video-preview":"max-video-preview:-1"},"canonical":"https:\/\/franciscobelmonte.com\/tienda\/casco-mt-ff106pro-targo-pro-sound-a2-gris-brillo\/","og_locale":"es_ES","og_type":"article","og_title":"CASCO MT FF106PRO TARGO PRO SOUND A2 GRIS BRILLO - Boutique Francisco Belmonte","og_description":"Casco MT FF106PRO Targo Pro Sound A2 Gris Brillo. Puedes descubrirlo y prob\u00e1rtelo en nuestra Boutique Francisco Belmonte en Murcia.","og_url":"https:\/\/franciscobelmonte.com\/tienda\/casco-mt-ff106pro-targo-pro-sound-a2-gris-brillo\/","og_site_name":"Boutique Francisco Belmonte","article_publisher":"https:\/\/www.facebook.com\/motosfranciscobelmonte","article_modified_time":"2025-12-15T11:33:39+00:00","og_image":[{"width":800,"height":800,"url":"https:\/\/franciscobelmonte.com\/tienda\/wp-content\/uploads\/2023\/07\/Casco-Mt-Targo-Pro-Sound-A2-Gris-Brillo.jpg","type":"image\/jpeg"}],"twitter_card":"summary_large_image","twitter_misc":{"Tiempo de lectura":"1 minuto"},"schema":{"@context":"https:\/\/schema.org","@graph":[{"@type":"WebPage","@id":"https:\/\/franciscobelmonte.com\/tienda\/casco-mt-ff106pro-targo-pro-sound-a2-gris-brillo\/","url":"https:\/\/franciscobelmonte.com\/tienda\/casco-mt-ff106pro-targo-pro-sound-a2-gris-brillo\/","name":"CASCO MT FF106PRO TARGO PRO SOUND A2 GRIS BRILLO - Boutique Francisco Belmonte","isPartOf":{"@id":"https:\/\/franciscobelmonte.com\/tienda\/#website"},"primaryImageOfPage":{"@id":"https:\/\/franciscobelmonte.com\/tienda\/casco-mt-ff106pro-targo-pro-sound-a2-gris-brillo\/#primaryimage"},"image":{"@id":"https:\/\/franciscobelmonte.com\/tienda\/casco-mt-ff106pro-targo-pro-sound-a2-gris-brillo\/#primaryimage"},"thumbnailUrl":"https:\/\/franciscobelmonte.com\/tienda\/wp-content\/uploads\/2023\/07\/Casco-Mt-Targo-Pro-Sound-A2-Gris-Brillo.jpg","datePublished":"2023-07-13T15:10:54+00:00","dateModified":"2025-12-15T11:33:39+00:00","description":"Casco MT FF106PRO Targo Pro Sound A2 Gris Brillo. Puedes descubrirlo y prob\u00e1rtelo en nuestra Boutique Francisco Belmonte en Murcia.","breadcrumb":{"@id":"https:\/\/franciscobelmonte.com\/tienda\/casco-mt-ff106pro-targo-pro-sound-a2-gris-brillo\/#breadcrumb"},"inLanguage":"es","potentialAction":[{"@type":"ReadAction","target":["https:\/\/franciscobelmonte.com\/tienda\/casco-mt-ff106pro-targo-pro-sound-a2-gris-brillo\/"]}]},{"@type":"ImageObject","inLanguage":"es","@id":"https:\/\/franciscobelmonte.com\/tienda\/casco-mt-ff106pro-targo-pro-sound-a2-gris-brillo\/#primaryimage","url":"https:\/\/franciscobelmonte.com\/tienda\/wp-content\/uploads\/2023\/07\/Casco-Mt-Targo-Pro-Sound-A2-Gris-Brillo.jpg","contentUrl":"https:\/\/franciscobelmonte.com\/tienda\/wp-content\/uploads\/2023\/07\/Casco-Mt-Targo-Pro-Sound-A2-Gris-Brillo.jpg","width":800,"height":800,"caption":"casco mt targo pro sound a2 gris brillo en murcia francisco belmonte"},{"@type":"BreadcrumbList","@id":"https:\/\/franciscobelmonte.com\/tienda\/casco-mt-ff106pro-targo-pro-sound-a2-gris-brillo\/#breadcrumb","itemListElement":[{"@type":"ListItem","position":1,"name":"Portada","item":"https:\/\/franciscobelmonte.com\/tienda\/"},{"@type":"ListItem","position":2,"name":"Tienda","item":"https:\/\/franciscobelmonte.com\/tienda\/boutique-equipamiento-motero\/"},{"@type":"ListItem","position":3,"name":"CASCO MT FF106PRO TARGO PRO SOUND A2 GRIS BRILLO"}]},{"@type":"WebSite","@id":"https:\/\/franciscobelmonte.com\/tienda\/#website","url":"https:\/\/franciscobelmonte.com\/tienda\/","name":"Boutique Francisco Belmonte","description":"Todo en complementos para motoristas","publisher":{"@id":"https:\/\/franciscobelmonte.com\/tienda\/#organization"},"potentialAction":[{"@type":"SearchAction","target":{"@type":"EntryPoint","urlTemplate":"https:\/\/franciscobelmonte.com\/tienda\/?s={search_term_string}"},"query-input":{"@type":"PropertyValueSpecification","valueRequired":true,"valueName":"search_term_string"}}],"inLanguage":"es"},{"@type":"Organization","@id":"https:\/\/franciscobelmonte.com\/tienda\/#organization","name":"Boutique Francisco Belmonte","url":"https:\/\/franciscobelmonte.com\/tienda\/","logo":{"@type":"ImageObject","inLanguage":"es","@id":"https:\/\/franciscobelmonte.com\/tienda\/#\/schema\/logo\/image\/","url":"https:\/\/franciscobelmonte.com\/tienda\/wp-content\/uploads\/2021\/12\/Francisco-Belmonte-logo.png","contentUrl":"https:\/\/franciscobelmonte.com\/tienda\/wp-content\/uploads\/2021\/12\/Francisco-Belmonte-logo.png","width":2153,"height":536,"caption":"Boutique Francisco Belmonte"},"image":{"@id":"https:\/\/franciscobelmonte.com\/tienda\/#\/schema\/logo\/image\/"},"sameAs":["https:\/\/www.facebook.com\/motosfranciscobelmonte","https:\/\/www.instagram.com\/fco.belmonte\/"]}]}},"jetpack_sharing_enabled":true,"brands":[{"id":224,"name":"MT Helmets","slug":"mt-helmets"}],"_links":{"self":[{"href":"https:\/\/franciscobelmonte.com\/tienda\/wp-json\/wp\/v2\/product\/10143","targetHints":{"allow":["GET"]}}],"collection":[{"href":"https:\/\/franciscobelmonte.com\/tienda\/wp-json\/wp\/v2\/product"}],"about":[{"href":"https:\/\/franciscobelmonte.com\/tienda\/wp-json\/wp\/v2\/types\/product"}],"replies":[{"embeddable":true,"href":"https:\/\/franciscobelmonte.com\/tienda\/wp-json\/wp\/v2\/comments?post=10143"}],"wp:featuredmedia":[{"embeddable":true,"href":"https:\/\/franciscobelmonte.com\/tienda\/wp-json\/wp\/v2\/media\/10149"}],"wp:attachment":[{"href":"https:\/\/franciscobelmonte.com\/tienda\/wp-json\/wp\/v2\/media?parent=10143"}],"wp:term":[{"taxonomy":"pwb-brand","embeddable":true,"href":"https:\/\/franciscobelmonte.com\/tienda\/wp-json\/wp\/v2\/pwb-brand?post=10143"},{"taxonomy":"product_brand","embeddable":true,"href":"https:\/\/franciscobelmonte.com\/tienda\/wp-json\/wp\/v2\/product_brand?post=10143"},{"taxonomy":"product_cat","embeddable":true,"href":"https:\/\/franciscobelmonte.com\/tienda\/wp-json\/wp\/v2\/product_cat?post=10143"},{"taxonomy":"product_tag","embeddable":true,"href":"https:\/\/franciscobelmonte.com\/tienda\/wp-json\/wp\/v2\/product_tag?post=10143"}],"curies":[{"name":"wp","href":"https:\/\/api.w.org\/{rel}","templated":true}]}}