{"id":11130,"date":"2023-11-13T10:25:51","date_gmt":"2023-11-13T08:25:51","guid":{"rendered":"https:\/\/franciscobelmonte.com\/tienda\/?post_type=product&#038;p=11130"},"modified":"2026-01-26T13:26:22","modified_gmt":"2026-01-26T11:26:22","slug":"chaqueta-dainese-tempest-3-d-dry-lady-negro-negro-ebano","status":"publish","type":"product","link":"https:\/\/franciscobelmonte.com\/tienda\/chaqueta-dainese-tempest-3-d-dry-lady-negro-negro-ebano\/","title":{"rendered":"CHAQUETA DAINESE TEMPEST 3 D-DRY LADY NEGRO \/ NEGRO \/ EBANO"},"content":{"rendered":"<h1>Chaqueta Dainese Tempest 3 D-Dry Lady Negro \/ Negro \/ Ebano<\/h1>\n<p>Gracias a la membrana impermeable D-Dry todos los d\u00edas pueden ser perfectos para viajar, ya que la lluvia y el clima nunca ser\u00e1n un problema. Su interior t\u00e9rmico extra\u00edble te ayuda a enfrentarte a los d\u00edas m\u00e1s fr\u00edos, sean cuales sean las condiciones. Para hacer frente a los climas m\u00e1s c\u00e1lidos y conseguir siempre el confort t\u00e9rmico ideal, cuenta con 2 entradas en el t\u00f3rax y 2 cremalleras de ventilaci\u00f3n en la espalda que permiten ajustar el flujo de aire sobre el cuerpo con gran variedad y precisi\u00f3n. Los m\u00e1s altos est\u00e1ndares de seguridad de Dainese est\u00e1n garantizados por los protectores Pro-Armor de Nivel 2 Tipo A en los codos y en los hombros. El m\u00e1s alto nivel de certificaci\u00f3n para la protecci\u00f3n de las extremidades, con la m\u00e1xima libertad de movimientos. La tecnolog\u00eda Dainese Pro-Armor, inspirada en la geometr\u00eda de los fractales naturales, proporciona el m\u00e1ximo nivel de protecci\u00f3n, con la movilidad de un protector blando y una ventilaci\u00f3n ideal gracias a una superficie aireada que cubre el 40% del \u00e1rea del protector.<\/p>\n<p><strong>Caracter\u00edsticas<\/strong><\/p>\n<ul>\n<li>Membrana D-Dry impermeable y transpirable.<\/li>\n<li>2 aberturas de ventilaci\u00f3n con cremalleras en el pecho.<\/li>\n<li>2 aberturas de salida de aire en la espalda.<\/li>\n<li>Chaqueta t\u00e9rmica extra\u00edble de 130g, se puede utilizar por separado.<\/li>\n<li>Sistema de cierre de chaqueta-pantal\u00f3n.<\/li>\n<li>Ajuste en las mangas.<\/li>\n<li>Cintura ajustable.<\/li>\n<li>Gancho en el cuello.<\/li>\n<li>Cuello ajustable con correa.<\/li>\n<li>Ajustes para las correas de la mu\u00f1eca.<\/li>\n<li>2 bolsillos exteriores.<\/li>\n<li>Inserciones reflectantes.<\/li>\n<li>1 bolsillo cargo en la espalda.<\/li>\n<li>1 bolsillo interior impermeable.<\/li>\n<li>Cierre delantero Idraflap.<\/li>\n<li>Chaqueta de protecci\u00f3n de moto certificada prEN 17092.<\/li>\n<li>2 en 1 &#8211; Chaqueta interior t\u00e9rmica extra\u00edble.<\/li>\n<li>Botones envejecidos.<\/li>\n<li>Tejido D-Stone en puntos de alto impacto.<\/li>\n<li>Bolsillo para protector de espalda G1 y G2.<\/li>\n<li>Pro-Armor extra\u00edble en los hombros certificado seg\u00fan la norma EN 1621.1 nivel 2.<\/li>\n<li>Pro-Armor extra\u00edble en los codos certificado seg\u00fan la norma EN 1621.1 nivel 2.<\/li>\n<\/ul>\n<p>&nbsp;<\/p>\n","protected":false},"excerpt":{"rendered":"<p>Gracias a la membrana impermeable D-Dry todos los d\u00edas pueden ser perfectos para viajar, ya que la lluvia y el clima nunca ser\u00e1n un problema. Su interior t\u00e9rmico extra\u00edble te ayuda a enfrentarte a los d\u00edas m\u00e1s fr\u00edos, sean cuales sean las condiciones.<\/p>\n","protected":false},"featured_media":11136,"comment_status":"open","ping_status":"closed","template":"","meta":{"_themeisle_gutenberg_block_has_review":false},"pwb-brand":[189],"product_brand":[],"product_cat":[46,137],"product_tag":[873,416,893],"class_list":{"0":"post-11130","1":"product","2":"type-product","3":"status-publish","4":"has-post-thumbnail","6":"pwb-brand-dainese","7":"product_cat-chaquetas-de-moto","8":"product_cat-chaquetas-de-moto-invierno","9":"product_tag-daines-invierno-20","10":"product_tag-liquidacion","11":"product_tag-liquidacion-50","13":"first","14":"instock","15":"sale","16":"taxable","17":"shipping-taxable","18":"purchasable","19":"product-type-variable","20":"has-default-attributes"},"yoast_head":"<!-- This site is optimized with the Yoast SEO plugin v27.5 - https:\/\/yoast.com\/product\/yoast-seo-wordpress\/ -->\n<title>CHAQUETA DAINESE TEMPEST 3 D-DRY LADY NEGRO \/ NEGRO \/ EBANO - Boutique Francisco Belmonte<\/title>\n<meta name=\"description\" content=\"Chaqueta Dainese Tempest 3 D-Dry NEgro-Negro-Ebano. Chaquetas de moto Dainese en Murcia, Boutique Francisco Belmonte al mejor precio.\" \/>\n<meta name=\"robots\" content=\"index, follow, max-snippet:-1, max-image-preview:large, max-video-preview:-1\" \/>\n<link rel=\"canonical\" href=\"https:\/\/franciscobelmonte.com\/tienda\/chaqueta-dainese-tempest-3-d-dry-lady-negro-negro-ebano\/\" \/>\n<meta property=\"og:locale\" content=\"es_ES\" \/>\n<meta property=\"og:type\" content=\"article\" \/>\n<meta property=\"og:title\" content=\"CHAQUETA DAINESE TEMPEST 3 D-DRY LADY NEGRO \/ NEGRO \/ EBANO - Boutique Francisco Belmonte\" \/>\n<meta property=\"og:description\" content=\"Chaqueta Dainese Tempest 3 D-Dry NEgro-Negro-Ebano. Chaquetas de moto Dainese en Murcia, Boutique Francisco Belmonte al mejor precio.\" \/>\n<meta property=\"og:url\" content=\"https:\/\/franciscobelmonte.com\/tienda\/chaqueta-dainese-tempest-3-d-dry-lady-negro-negro-ebano\/\" \/>\n<meta property=\"og:site_name\" content=\"Boutique Francisco Belmonte\" \/>\n<meta property=\"article:publisher\" content=\"https:\/\/www.facebook.com\/motosfranciscobelmonte\" \/>\n<meta property=\"article:modified_time\" content=\"2026-01-26T11:26:22+00:00\" \/>\n<meta property=\"og:image\" content=\"https:\/\/franciscobelmonte.com\/tienda\/wp-content\/uploads\/2023\/11\/chaqueta-dainese-tempest-3-d-dry-lady-negro-negro-ebano.jpg\" \/>\n\t<meta property=\"og:image:width\" content=\"800\" \/>\n\t<meta property=\"og:image:height\" content=\"800\" \/>\n\t<meta property=\"og:image:type\" content=\"image\/jpeg\" \/>\n<meta name=\"twitter:card\" content=\"summary_large_image\" \/>\n<meta name=\"twitter:label1\" content=\"Tiempo de lectura\" \/>\n\t<meta name=\"twitter:data1\" content=\"1 minuto\" \/>\n<script type=\"application\/ld+json\" class=\"yoast-schema-graph\">{\"@context\":\"https:\\\/\\\/schema.org\",\"@graph\":[{\"@type\":\"WebPage\",\"@id\":\"https:\\\/\\\/franciscobelmonte.com\\\/tienda\\\/chaqueta-dainese-tempest-3-d-dry-lady-negro-negro-ebano\\\/\",\"url\":\"https:\\\/\\\/franciscobelmonte.com\\\/tienda\\\/chaqueta-dainese-tempest-3-d-dry-lady-negro-negro-ebano\\\/\",\"name\":\"CHAQUETA DAINESE TEMPEST 3 D-DRY LADY NEGRO \\\/ NEGRO \\\/ EBANO - Boutique Francisco Belmonte\",\"isPartOf\":{\"@id\":\"https:\\\/\\\/franciscobelmonte.com\\\/tienda\\\/#website\"},\"primaryImageOfPage\":{\"@id\":\"https:\\\/\\\/franciscobelmonte.com\\\/tienda\\\/chaqueta-dainese-tempest-3-d-dry-lady-negro-negro-ebano\\\/#primaryimage\"},\"image\":{\"@id\":\"https:\\\/\\\/franciscobelmonte.com\\\/tienda\\\/chaqueta-dainese-tempest-3-d-dry-lady-negro-negro-ebano\\\/#primaryimage\"},\"thumbnailUrl\":\"https:\\\/\\\/franciscobelmonte.com\\\/tienda\\\/wp-content\\\/uploads\\\/2023\\\/11\\\/chaqueta-dainese-tempest-3-d-dry-lady-negro-negro-ebano.jpg\",\"datePublished\":\"2023-11-13T08:25:51+00:00\",\"dateModified\":\"2026-01-26T11:26:22+00:00\",\"description\":\"Chaqueta Dainese Tempest 3 D-Dry NEgro-Negro-Ebano. Chaquetas de moto Dainese en Murcia, Boutique Francisco Belmonte al mejor precio.\",\"breadcrumb\":{\"@id\":\"https:\\\/\\\/franciscobelmonte.com\\\/tienda\\\/chaqueta-dainese-tempest-3-d-dry-lady-negro-negro-ebano\\\/#breadcrumb\"},\"inLanguage\":\"es\",\"potentialAction\":[{\"@type\":\"ReadAction\",\"target\":[\"https:\\\/\\\/franciscobelmonte.com\\\/tienda\\\/chaqueta-dainese-tempest-3-d-dry-lady-negro-negro-ebano\\\/\"]}]},{\"@type\":\"ImageObject\",\"inLanguage\":\"es\",\"@id\":\"https:\\\/\\\/franciscobelmonte.com\\\/tienda\\\/chaqueta-dainese-tempest-3-d-dry-lady-negro-negro-ebano\\\/#primaryimage\",\"url\":\"https:\\\/\\\/franciscobelmonte.com\\\/tienda\\\/wp-content\\\/uploads\\\/2023\\\/11\\\/chaqueta-dainese-tempest-3-d-dry-lady-negro-negro-ebano.jpg\",\"contentUrl\":\"https:\\\/\\\/franciscobelmonte.com\\\/tienda\\\/wp-content\\\/uploads\\\/2023\\\/11\\\/chaqueta-dainese-tempest-3-d-dry-lady-negro-negro-ebano.jpg\",\"width\":800,\"height\":800,\"caption\":\"chaqueta dainese tempest 3 d dry lady negro negro ebano en murcia francisco belmonte\"},{\"@type\":\"BreadcrumbList\",\"@id\":\"https:\\\/\\\/franciscobelmonte.com\\\/tienda\\\/chaqueta-dainese-tempest-3-d-dry-lady-negro-negro-ebano\\\/#breadcrumb\",\"itemListElement\":[{\"@type\":\"ListItem\",\"position\":1,\"name\":\"Portada\",\"item\":\"https:\\\/\\\/franciscobelmonte.com\\\/tienda\\\/\"},{\"@type\":\"ListItem\",\"position\":2,\"name\":\"Tienda\",\"item\":\"https:\\\/\\\/franciscobelmonte.com\\\/tienda\\\/boutique-equipamiento-motero\\\/\"},{\"@type\":\"ListItem\",\"position\":3,\"name\":\"CHAQUETA DAINESE TEMPEST 3 D-DRY LADY NEGRO \\\/ NEGRO \\\/ EBANO\"}]},{\"@type\":\"WebSite\",\"@id\":\"https:\\\/\\\/franciscobelmonte.com\\\/tienda\\\/#website\",\"url\":\"https:\\\/\\\/franciscobelmonte.com\\\/tienda\\\/\",\"name\":\"Boutique Francisco Belmonte\",\"description\":\"Todo en complementos para motoristas\",\"publisher\":{\"@id\":\"https:\\\/\\\/franciscobelmonte.com\\\/tienda\\\/#organization\"},\"potentialAction\":[{\"@type\":\"SearchAction\",\"target\":{\"@type\":\"EntryPoint\",\"urlTemplate\":\"https:\\\/\\\/franciscobelmonte.com\\\/tienda\\\/?s={search_term_string}\"},\"query-input\":{\"@type\":\"PropertyValueSpecification\",\"valueRequired\":true,\"valueName\":\"search_term_string\"}}],\"inLanguage\":\"es\"},{\"@type\":\"Organization\",\"@id\":\"https:\\\/\\\/franciscobelmonte.com\\\/tienda\\\/#organization\",\"name\":\"Boutique Francisco Belmonte\",\"url\":\"https:\\\/\\\/franciscobelmonte.com\\\/tienda\\\/\",\"logo\":{\"@type\":\"ImageObject\",\"inLanguage\":\"es\",\"@id\":\"https:\\\/\\\/franciscobelmonte.com\\\/tienda\\\/#\\\/schema\\\/logo\\\/image\\\/\",\"url\":\"https:\\\/\\\/franciscobelmonte.com\\\/tienda\\\/wp-content\\\/uploads\\\/2021\\\/12\\\/Francisco-Belmonte-logo.png\",\"contentUrl\":\"https:\\\/\\\/franciscobelmonte.com\\\/tienda\\\/wp-content\\\/uploads\\\/2021\\\/12\\\/Francisco-Belmonte-logo.png\",\"width\":2153,\"height\":536,\"caption\":\"Boutique Francisco Belmonte\"},\"image\":{\"@id\":\"https:\\\/\\\/franciscobelmonte.com\\\/tienda\\\/#\\\/schema\\\/logo\\\/image\\\/\"},\"sameAs\":[\"https:\\\/\\\/www.facebook.com\\\/motosfranciscobelmonte\",\"https:\\\/\\\/www.instagram.com\\\/fco.belmonte\\\/\"]}]}<\/script>\n<!-- \/ Yoast SEO plugin. -->","yoast_head_json":{"title":"CHAQUETA DAINESE TEMPEST 3 D-DRY LADY NEGRO \/ NEGRO \/ EBANO - Boutique Francisco Belmonte","description":"Chaqueta Dainese Tempest 3 D-Dry NEgro-Negro-Ebano. Chaquetas de moto Dainese en Murcia, Boutique Francisco Belmonte al mejor precio.","robots":{"index":"index","follow":"follow","max-snippet":"max-snippet:-1","max-image-preview":"max-image-preview:large","max-video-preview":"max-video-preview:-1"},"canonical":"https:\/\/franciscobelmonte.com\/tienda\/chaqueta-dainese-tempest-3-d-dry-lady-negro-negro-ebano\/","og_locale":"es_ES","og_type":"article","og_title":"CHAQUETA DAINESE TEMPEST 3 D-DRY LADY NEGRO \/ NEGRO \/ EBANO - Boutique Francisco Belmonte","og_description":"Chaqueta Dainese Tempest 3 D-Dry NEgro-Negro-Ebano. Chaquetas de moto Dainese en Murcia, Boutique Francisco Belmonte al mejor precio.","og_url":"https:\/\/franciscobelmonte.com\/tienda\/chaqueta-dainese-tempest-3-d-dry-lady-negro-negro-ebano\/","og_site_name":"Boutique Francisco Belmonte","article_publisher":"https:\/\/www.facebook.com\/motosfranciscobelmonte","article_modified_time":"2026-01-26T11:26:22+00:00","og_image":[{"width":800,"height":800,"url":"https:\/\/franciscobelmonte.com\/tienda\/wp-content\/uploads\/2023\/11\/chaqueta-dainese-tempest-3-d-dry-lady-negro-negro-ebano.jpg","type":"image\/jpeg"}],"twitter_card":"summary_large_image","twitter_misc":{"Tiempo de lectura":"1 minuto"},"schema":{"@context":"https:\/\/schema.org","@graph":[{"@type":"WebPage","@id":"https:\/\/franciscobelmonte.com\/tienda\/chaqueta-dainese-tempest-3-d-dry-lady-negro-negro-ebano\/","url":"https:\/\/franciscobelmonte.com\/tienda\/chaqueta-dainese-tempest-3-d-dry-lady-negro-negro-ebano\/","name":"CHAQUETA DAINESE TEMPEST 3 D-DRY LADY NEGRO \/ NEGRO \/ EBANO - Boutique Francisco Belmonte","isPartOf":{"@id":"https:\/\/franciscobelmonte.com\/tienda\/#website"},"primaryImageOfPage":{"@id":"https:\/\/franciscobelmonte.com\/tienda\/chaqueta-dainese-tempest-3-d-dry-lady-negro-negro-ebano\/#primaryimage"},"image":{"@id":"https:\/\/franciscobelmonte.com\/tienda\/chaqueta-dainese-tempest-3-d-dry-lady-negro-negro-ebano\/#primaryimage"},"thumbnailUrl":"https:\/\/franciscobelmonte.com\/tienda\/wp-content\/uploads\/2023\/11\/chaqueta-dainese-tempest-3-d-dry-lady-negro-negro-ebano.jpg","datePublished":"2023-11-13T08:25:51+00:00","dateModified":"2026-01-26T11:26:22+00:00","description":"Chaqueta Dainese Tempest 3 D-Dry NEgro-Negro-Ebano. Chaquetas de moto Dainese en Murcia, Boutique Francisco Belmonte al mejor precio.","breadcrumb":{"@id":"https:\/\/franciscobelmonte.com\/tienda\/chaqueta-dainese-tempest-3-d-dry-lady-negro-negro-ebano\/#breadcrumb"},"inLanguage":"es","potentialAction":[{"@type":"ReadAction","target":["https:\/\/franciscobelmonte.com\/tienda\/chaqueta-dainese-tempest-3-d-dry-lady-negro-negro-ebano\/"]}]},{"@type":"ImageObject","inLanguage":"es","@id":"https:\/\/franciscobelmonte.com\/tienda\/chaqueta-dainese-tempest-3-d-dry-lady-negro-negro-ebano\/#primaryimage","url":"https:\/\/franciscobelmonte.com\/tienda\/wp-content\/uploads\/2023\/11\/chaqueta-dainese-tempest-3-d-dry-lady-negro-negro-ebano.jpg","contentUrl":"https:\/\/franciscobelmonte.com\/tienda\/wp-content\/uploads\/2023\/11\/chaqueta-dainese-tempest-3-d-dry-lady-negro-negro-ebano.jpg","width":800,"height":800,"caption":"chaqueta dainese tempest 3 d dry lady negro negro ebano en murcia francisco belmonte"},{"@type":"BreadcrumbList","@id":"https:\/\/franciscobelmonte.com\/tienda\/chaqueta-dainese-tempest-3-d-dry-lady-negro-negro-ebano\/#breadcrumb","itemListElement":[{"@type":"ListItem","position":1,"name":"Portada","item":"https:\/\/franciscobelmonte.com\/tienda\/"},{"@type":"ListItem","position":2,"name":"Tienda","item":"https:\/\/franciscobelmonte.com\/tienda\/boutique-equipamiento-motero\/"},{"@type":"ListItem","position":3,"name":"CHAQUETA DAINESE TEMPEST 3 D-DRY LADY NEGRO \/ NEGRO \/ EBANO"}]},{"@type":"WebSite","@id":"https:\/\/franciscobelmonte.com\/tienda\/#website","url":"https:\/\/franciscobelmonte.com\/tienda\/","name":"Boutique Francisco Belmonte","description":"Todo en complementos para motoristas","publisher":{"@id":"https:\/\/franciscobelmonte.com\/tienda\/#organization"},"potentialAction":[{"@type":"SearchAction","target":{"@type":"EntryPoint","urlTemplate":"https:\/\/franciscobelmonte.com\/tienda\/?s={search_term_string}"},"query-input":{"@type":"PropertyValueSpecification","valueRequired":true,"valueName":"search_term_string"}}],"inLanguage":"es"},{"@type":"Organization","@id":"https:\/\/franciscobelmonte.com\/tienda\/#organization","name":"Boutique Francisco Belmonte","url":"https:\/\/franciscobelmonte.com\/tienda\/","logo":{"@type":"ImageObject","inLanguage":"es","@id":"https:\/\/franciscobelmonte.com\/tienda\/#\/schema\/logo\/image\/","url":"https:\/\/franciscobelmonte.com\/tienda\/wp-content\/uploads\/2021\/12\/Francisco-Belmonte-logo.png","contentUrl":"https:\/\/franciscobelmonte.com\/tienda\/wp-content\/uploads\/2021\/12\/Francisco-Belmonte-logo.png","width":2153,"height":536,"caption":"Boutique Francisco Belmonte"},"image":{"@id":"https:\/\/franciscobelmonte.com\/tienda\/#\/schema\/logo\/image\/"},"sameAs":["https:\/\/www.facebook.com\/motosfranciscobelmonte","https:\/\/www.instagram.com\/fco.belmonte\/"]}]}},"jetpack_sharing_enabled":true,"brands":[{"id":189,"name":"Dainese","slug":"dainese"}],"_links":{"self":[{"href":"https:\/\/franciscobelmonte.com\/tienda\/wp-json\/wp\/v2\/product\/11130","targetHints":{"allow":["GET"]}}],"collection":[{"href":"https:\/\/franciscobelmonte.com\/tienda\/wp-json\/wp\/v2\/product"}],"about":[{"href":"https:\/\/franciscobelmonte.com\/tienda\/wp-json\/wp\/v2\/types\/product"}],"replies":[{"embeddable":true,"href":"https:\/\/franciscobelmonte.com\/tienda\/wp-json\/wp\/v2\/comments?post=11130"}],"wp:featuredmedia":[{"embeddable":true,"href":"https:\/\/franciscobelmonte.com\/tienda\/wp-json\/wp\/v2\/media\/11136"}],"wp:attachment":[{"href":"https:\/\/franciscobelmonte.com\/tienda\/wp-json\/wp\/v2\/media?parent=11130"}],"wp:term":[{"taxonomy":"pwb-brand","embeddable":true,"href":"https:\/\/franciscobelmonte.com\/tienda\/wp-json\/wp\/v2\/pwb-brand?post=11130"},{"taxonomy":"product_brand","embeddable":true,"href":"https:\/\/franciscobelmonte.com\/tienda\/wp-json\/wp\/v2\/product_brand?post=11130"},{"taxonomy":"product_cat","embeddable":true,"href":"https:\/\/franciscobelmonte.com\/tienda\/wp-json\/wp\/v2\/product_cat?post=11130"},{"taxonomy":"product_tag","embeddable":true,"href":"https:\/\/franciscobelmonte.com\/tienda\/wp-json\/wp\/v2\/product_tag?post=11130"}],"curies":[{"name":"wp","href":"https:\/\/api.w.org\/{rel}","templated":true}]}}