{"id":11834,"date":"2024-02-28T13:37:53","date_gmt":"2024-02-28T11:37:53","guid":{"rendered":"https:\/\/franciscobelmonte.com\/tienda\/?post_type=product&#038;p=11834"},"modified":"2025-06-30T09:33:46","modified_gmt":"2025-06-30T07:33:46","slug":"casco-givi-x27-dimension-blanco-azul-rojo","status":"publish","type":"product","link":"https:\/\/franciscobelmonte.com\/tienda\/casco-givi-x27-dimension-blanco-azul-rojo\/","title":{"rendered":"CASCO GIVI X27 DIMENSION BLANCO \/ AZUL \/ ROJO"},"content":{"rendered":"<h1 class=\"name\">Casco Givi X27 Dimensi\u00f3n Blanco \/ Azul \/ Rojo<\/h1>\n<p>Con dos calotas, este casco est\u00e1 construido con un material termopl\u00e1stico resistente y duradero que ofrece protecci\u00f3n en cada viaje. Su visera interior ahumada proporciona un alivio instant\u00e1neo contra la luz solar intensa y deslumbrante.<\/p>\n<p><strong>Caracter\u00edsticas<\/strong><\/p>\n<ul>\n<li>Visera preparada para lente Pinlock Max Vision (inclu\u00eddo)<\/li>\n<li>Visera interior ahumada<\/li>\n<li>Toma de aire superior y una en la mentonera<\/li>\n<li>Extractor posterior<\/li>\n<li>Correa microm\u00e9trica<\/li>\n<li>Mentonera alzable<\/li>\n<li>Paraviento<\/li>\n<li>Para-nariz extra\u00edble<\/li>\n<li>Interior desmontable y lavable<\/li>\n<li>Ajuste optimizado para uso con gafas<\/li>\n<li>Doble calota<\/li>\n<li>Material termopl\u00e1stico<\/li>\n<li>Homologaci\u00f3n doble P\/J ECE 22R06<\/li>\n<\/ul>\n<p>&nbsp;<\/p>\n<p>&nbsp;<\/p>\n<p>&nbsp;<\/p>\n<div class=\"rte\">\n<p>&nbsp;<\/p>\n<p>&nbsp;<\/p>\n<\/div>\n","protected":false},"excerpt":{"rendered":"<p>Con dos calotas, este casco est\u00e1 construido con un material termopl\u00e1stico resistente y duradero que ofrece protecci\u00f3n en cada viaje. Su visera interior ahumada proporciona un alivio instant\u00e1neo contra la luz solar intensa y deslumbrante.<\/p>\n","protected":false},"featured_media":11841,"comment_status":"open","ping_status":"closed","template":"","meta":{"_themeisle_gutenberg_block_has_review":false},"pwb-brand":[188],"product_brand":[],"product_cat":[15,144],"product_tag":[787,818],"class_list":{"0":"post-11834","1":"product","2":"type-product","3":"status-publish","4":"has-post-thumbnail","6":"pwb-brand-givi","7":"product_cat-casco-de-moto","8":"product_cat-cascos-de-moto-modulares","9":"product_tag-givi-sin-rebajas-20","10":"product_tag-rebajas-20","12":"first","13":"outofstock","14":"taxable","15":"shipping-taxable","16":"product-type-variable","17":"has-default-attributes"},"yoast_head":"<!-- This site is optimized with the Yoast SEO plugin v27.3 - https:\/\/yoast.com\/product\/yoast-seo-wordpress\/ -->\n<title>CASCO GIVI X27 DIMENSION BLANCO \/ AZUL \/ ROJO - Boutique Francisco Belmonte<\/title>\n<meta name=\"description\" content=\"Casco Givi X27 Dimensi\u00f3n Blanco-Azul-Rojo . Cascos de moto Givi en nuestra Boutique Francisco Belmonte en Murcia, al mejor precio.\" \/>\n<meta name=\"robots\" content=\"index, follow, max-snippet:-1, max-image-preview:large, max-video-preview:-1\" \/>\n<link rel=\"canonical\" href=\"https:\/\/franciscobelmonte.com\/tienda\/casco-givi-x27-dimension-blanco-azul-rojo\/\" \/>\n<meta property=\"og:locale\" content=\"es_ES\" \/>\n<meta property=\"og:type\" content=\"article\" \/>\n<meta property=\"og:title\" content=\"CASCO GIVI X27 DIMENSION BLANCO \/ AZUL \/ ROJO - Boutique Francisco Belmonte\" \/>\n<meta property=\"og:description\" content=\"Casco Givi X27 Dimensi\u00f3n Blanco-Azul-Rojo . Cascos de moto Givi en nuestra Boutique Francisco Belmonte en Murcia, al mejor precio.\" \/>\n<meta property=\"og:url\" content=\"https:\/\/franciscobelmonte.com\/tienda\/casco-givi-x27-dimension-blanco-azul-rojo\/\" \/>\n<meta property=\"og:site_name\" content=\"Boutique Francisco Belmonte\" \/>\n<meta property=\"article:publisher\" content=\"https:\/\/www.facebook.com\/motosfranciscobelmonte\" \/>\n<meta property=\"article:modified_time\" content=\"2025-06-30T07:33:46+00:00\" \/>\n<meta property=\"og:image\" content=\"https:\/\/franciscobelmonte.com\/tienda\/wp-content\/uploads\/2024\/02\/casco-modular-x27-dimension-blanco-azul-rojo.jpg\" \/>\n\t<meta property=\"og:image:width\" content=\"800\" \/>\n\t<meta property=\"og:image:height\" content=\"800\" \/>\n\t<meta property=\"og:image:type\" content=\"image\/jpeg\" \/>\n<meta name=\"twitter:card\" content=\"summary_large_image\" \/>\n<meta name=\"twitter:label1\" content=\"Tiempo de lectura\" \/>\n\t<meta name=\"twitter:data1\" content=\"1 minuto\" \/>\n<script type=\"application\/ld+json\" class=\"yoast-schema-graph\">{\"@context\":\"https:\\\/\\\/schema.org\",\"@graph\":[{\"@type\":\"WebPage\",\"@id\":\"https:\\\/\\\/franciscobelmonte.com\\\/tienda\\\/casco-givi-x27-dimension-blanco-azul-rojo\\\/\",\"url\":\"https:\\\/\\\/franciscobelmonte.com\\\/tienda\\\/casco-givi-x27-dimension-blanco-azul-rojo\\\/\",\"name\":\"CASCO GIVI X27 DIMENSION BLANCO \\\/ AZUL \\\/ ROJO - Boutique Francisco Belmonte\",\"isPartOf\":{\"@id\":\"https:\\\/\\\/franciscobelmonte.com\\\/tienda\\\/#website\"},\"primaryImageOfPage\":{\"@id\":\"https:\\\/\\\/franciscobelmonte.com\\\/tienda\\\/casco-givi-x27-dimension-blanco-azul-rojo\\\/#primaryimage\"},\"image\":{\"@id\":\"https:\\\/\\\/franciscobelmonte.com\\\/tienda\\\/casco-givi-x27-dimension-blanco-azul-rojo\\\/#primaryimage\"},\"thumbnailUrl\":\"https:\\\/\\\/franciscobelmonte.com\\\/tienda\\\/wp-content\\\/uploads\\\/2024\\\/02\\\/casco-modular-x27-dimension-blanco-azul-rojo.jpg\",\"datePublished\":\"2024-02-28T11:37:53+00:00\",\"dateModified\":\"2025-06-30T07:33:46+00:00\",\"description\":\"Casco Givi X27 Dimensi\u00f3n Blanco-Azul-Rojo . Cascos de moto Givi en nuestra Boutique Francisco Belmonte en Murcia, al mejor precio.\",\"breadcrumb\":{\"@id\":\"https:\\\/\\\/franciscobelmonte.com\\\/tienda\\\/casco-givi-x27-dimension-blanco-azul-rojo\\\/#breadcrumb\"},\"inLanguage\":\"es\",\"potentialAction\":[{\"@type\":\"ReadAction\",\"target\":[\"https:\\\/\\\/franciscobelmonte.com\\\/tienda\\\/casco-givi-x27-dimension-blanco-azul-rojo\\\/\"]}]},{\"@type\":\"ImageObject\",\"inLanguage\":\"es\",\"@id\":\"https:\\\/\\\/franciscobelmonte.com\\\/tienda\\\/casco-givi-x27-dimension-blanco-azul-rojo\\\/#primaryimage\",\"url\":\"https:\\\/\\\/franciscobelmonte.com\\\/tienda\\\/wp-content\\\/uploads\\\/2024\\\/02\\\/casco-modular-x27-dimension-blanco-azul-rojo.jpg\",\"contentUrl\":\"https:\\\/\\\/franciscobelmonte.com\\\/tienda\\\/wp-content\\\/uploads\\\/2024\\\/02\\\/casco-modular-x27-dimension-blanco-azul-rojo.jpg\",\"width\":800,\"height\":800,\"caption\":\"casco givi x27 dimension blanco azul rojo en murcia francisco belmonte\"},{\"@type\":\"BreadcrumbList\",\"@id\":\"https:\\\/\\\/franciscobelmonte.com\\\/tienda\\\/casco-givi-x27-dimension-blanco-azul-rojo\\\/#breadcrumb\",\"itemListElement\":[{\"@type\":\"ListItem\",\"position\":1,\"name\":\"Portada\",\"item\":\"https:\\\/\\\/franciscobelmonte.com\\\/tienda\\\/\"},{\"@type\":\"ListItem\",\"position\":2,\"name\":\"Tienda\",\"item\":\"https:\\\/\\\/franciscobelmonte.com\\\/tienda\\\/boutique-equipamiento-motero\\\/\"},{\"@type\":\"ListItem\",\"position\":3,\"name\":\"CASCO GIVI X27 DIMENSION BLANCO \\\/ AZUL \\\/ ROJO\"}]},{\"@type\":\"WebSite\",\"@id\":\"https:\\\/\\\/franciscobelmonte.com\\\/tienda\\\/#website\",\"url\":\"https:\\\/\\\/franciscobelmonte.com\\\/tienda\\\/\",\"name\":\"Boutique Francisco Belmonte\",\"description\":\"Todo en complementos para motoristas\",\"publisher\":{\"@id\":\"https:\\\/\\\/franciscobelmonte.com\\\/tienda\\\/#organization\"},\"potentialAction\":[{\"@type\":\"SearchAction\",\"target\":{\"@type\":\"EntryPoint\",\"urlTemplate\":\"https:\\\/\\\/franciscobelmonte.com\\\/tienda\\\/?s={search_term_string}\"},\"query-input\":{\"@type\":\"PropertyValueSpecification\",\"valueRequired\":true,\"valueName\":\"search_term_string\"}}],\"inLanguage\":\"es\"},{\"@type\":\"Organization\",\"@id\":\"https:\\\/\\\/franciscobelmonte.com\\\/tienda\\\/#organization\",\"name\":\"Boutique Francisco Belmonte\",\"url\":\"https:\\\/\\\/franciscobelmonte.com\\\/tienda\\\/\",\"logo\":{\"@type\":\"ImageObject\",\"inLanguage\":\"es\",\"@id\":\"https:\\\/\\\/franciscobelmonte.com\\\/tienda\\\/#\\\/schema\\\/logo\\\/image\\\/\",\"url\":\"https:\\\/\\\/franciscobelmonte.com\\\/tienda\\\/wp-content\\\/uploads\\\/2021\\\/12\\\/Francisco-Belmonte-logo.png\",\"contentUrl\":\"https:\\\/\\\/franciscobelmonte.com\\\/tienda\\\/wp-content\\\/uploads\\\/2021\\\/12\\\/Francisco-Belmonte-logo.png\",\"width\":2153,\"height\":536,\"caption\":\"Boutique Francisco Belmonte\"},\"image\":{\"@id\":\"https:\\\/\\\/franciscobelmonte.com\\\/tienda\\\/#\\\/schema\\\/logo\\\/image\\\/\"},\"sameAs\":[\"https:\\\/\\\/www.facebook.com\\\/motosfranciscobelmonte\",\"https:\\\/\\\/www.instagram.com\\\/fco.belmonte\\\/\"]}]}<\/script>\n<!-- \/ Yoast SEO plugin. -->","yoast_head_json":{"title":"CASCO GIVI X27 DIMENSION BLANCO \/ AZUL \/ ROJO - Boutique Francisco Belmonte","description":"Casco Givi X27 Dimensi\u00f3n Blanco-Azul-Rojo . Cascos de moto Givi en nuestra Boutique Francisco Belmonte en Murcia, al mejor precio.","robots":{"index":"index","follow":"follow","max-snippet":"max-snippet:-1","max-image-preview":"max-image-preview:large","max-video-preview":"max-video-preview:-1"},"canonical":"https:\/\/franciscobelmonte.com\/tienda\/casco-givi-x27-dimension-blanco-azul-rojo\/","og_locale":"es_ES","og_type":"article","og_title":"CASCO GIVI X27 DIMENSION BLANCO \/ AZUL \/ ROJO - Boutique Francisco Belmonte","og_description":"Casco Givi X27 Dimensi\u00f3n Blanco-Azul-Rojo . Cascos de moto Givi en nuestra Boutique Francisco Belmonte en Murcia, al mejor precio.","og_url":"https:\/\/franciscobelmonte.com\/tienda\/casco-givi-x27-dimension-blanco-azul-rojo\/","og_site_name":"Boutique Francisco Belmonte","article_publisher":"https:\/\/www.facebook.com\/motosfranciscobelmonte","article_modified_time":"2025-06-30T07:33:46+00:00","og_image":[{"width":800,"height":800,"url":"https:\/\/franciscobelmonte.com\/tienda\/wp-content\/uploads\/2024\/02\/casco-modular-x27-dimension-blanco-azul-rojo.jpg","type":"image\/jpeg"}],"twitter_card":"summary_large_image","twitter_misc":{"Tiempo de lectura":"1 minuto"},"schema":{"@context":"https:\/\/schema.org","@graph":[{"@type":"WebPage","@id":"https:\/\/franciscobelmonte.com\/tienda\/casco-givi-x27-dimension-blanco-azul-rojo\/","url":"https:\/\/franciscobelmonte.com\/tienda\/casco-givi-x27-dimension-blanco-azul-rojo\/","name":"CASCO GIVI X27 DIMENSION BLANCO \/ AZUL \/ ROJO - Boutique Francisco Belmonte","isPartOf":{"@id":"https:\/\/franciscobelmonte.com\/tienda\/#website"},"primaryImageOfPage":{"@id":"https:\/\/franciscobelmonte.com\/tienda\/casco-givi-x27-dimension-blanco-azul-rojo\/#primaryimage"},"image":{"@id":"https:\/\/franciscobelmonte.com\/tienda\/casco-givi-x27-dimension-blanco-azul-rojo\/#primaryimage"},"thumbnailUrl":"https:\/\/franciscobelmonte.com\/tienda\/wp-content\/uploads\/2024\/02\/casco-modular-x27-dimension-blanco-azul-rojo.jpg","datePublished":"2024-02-28T11:37:53+00:00","dateModified":"2025-06-30T07:33:46+00:00","description":"Casco Givi X27 Dimensi\u00f3n Blanco-Azul-Rojo . Cascos de moto Givi en nuestra Boutique Francisco Belmonte en Murcia, al mejor precio.","breadcrumb":{"@id":"https:\/\/franciscobelmonte.com\/tienda\/casco-givi-x27-dimension-blanco-azul-rojo\/#breadcrumb"},"inLanguage":"es","potentialAction":[{"@type":"ReadAction","target":["https:\/\/franciscobelmonte.com\/tienda\/casco-givi-x27-dimension-blanco-azul-rojo\/"]}]},{"@type":"ImageObject","inLanguage":"es","@id":"https:\/\/franciscobelmonte.com\/tienda\/casco-givi-x27-dimension-blanco-azul-rojo\/#primaryimage","url":"https:\/\/franciscobelmonte.com\/tienda\/wp-content\/uploads\/2024\/02\/casco-modular-x27-dimension-blanco-azul-rojo.jpg","contentUrl":"https:\/\/franciscobelmonte.com\/tienda\/wp-content\/uploads\/2024\/02\/casco-modular-x27-dimension-blanco-azul-rojo.jpg","width":800,"height":800,"caption":"casco givi x27 dimension blanco azul rojo en murcia francisco belmonte"},{"@type":"BreadcrumbList","@id":"https:\/\/franciscobelmonte.com\/tienda\/casco-givi-x27-dimension-blanco-azul-rojo\/#breadcrumb","itemListElement":[{"@type":"ListItem","position":1,"name":"Portada","item":"https:\/\/franciscobelmonte.com\/tienda\/"},{"@type":"ListItem","position":2,"name":"Tienda","item":"https:\/\/franciscobelmonte.com\/tienda\/boutique-equipamiento-motero\/"},{"@type":"ListItem","position":3,"name":"CASCO GIVI X27 DIMENSION BLANCO \/ AZUL \/ ROJO"}]},{"@type":"WebSite","@id":"https:\/\/franciscobelmonte.com\/tienda\/#website","url":"https:\/\/franciscobelmonte.com\/tienda\/","name":"Boutique Francisco Belmonte","description":"Todo en complementos para motoristas","publisher":{"@id":"https:\/\/franciscobelmonte.com\/tienda\/#organization"},"potentialAction":[{"@type":"SearchAction","target":{"@type":"EntryPoint","urlTemplate":"https:\/\/franciscobelmonte.com\/tienda\/?s={search_term_string}"},"query-input":{"@type":"PropertyValueSpecification","valueRequired":true,"valueName":"search_term_string"}}],"inLanguage":"es"},{"@type":"Organization","@id":"https:\/\/franciscobelmonte.com\/tienda\/#organization","name":"Boutique Francisco Belmonte","url":"https:\/\/franciscobelmonte.com\/tienda\/","logo":{"@type":"ImageObject","inLanguage":"es","@id":"https:\/\/franciscobelmonte.com\/tienda\/#\/schema\/logo\/image\/","url":"https:\/\/franciscobelmonte.com\/tienda\/wp-content\/uploads\/2021\/12\/Francisco-Belmonte-logo.png","contentUrl":"https:\/\/franciscobelmonte.com\/tienda\/wp-content\/uploads\/2021\/12\/Francisco-Belmonte-logo.png","width":2153,"height":536,"caption":"Boutique Francisco Belmonte"},"image":{"@id":"https:\/\/franciscobelmonte.com\/tienda\/#\/schema\/logo\/image\/"},"sameAs":["https:\/\/www.facebook.com\/motosfranciscobelmonte","https:\/\/www.instagram.com\/fco.belmonte\/"]}]}},"jetpack_sharing_enabled":true,"brands":[{"id":188,"name":"Givi","slug":"givi"}],"_links":{"self":[{"href":"https:\/\/franciscobelmonte.com\/tienda\/wp-json\/wp\/v2\/product\/11834","targetHints":{"allow":["GET"]}}],"collection":[{"href":"https:\/\/franciscobelmonte.com\/tienda\/wp-json\/wp\/v2\/product"}],"about":[{"href":"https:\/\/franciscobelmonte.com\/tienda\/wp-json\/wp\/v2\/types\/product"}],"replies":[{"embeddable":true,"href":"https:\/\/franciscobelmonte.com\/tienda\/wp-json\/wp\/v2\/comments?post=11834"}],"wp:featuredmedia":[{"embeddable":true,"href":"https:\/\/franciscobelmonte.com\/tienda\/wp-json\/wp\/v2\/media\/11841"}],"wp:attachment":[{"href":"https:\/\/franciscobelmonte.com\/tienda\/wp-json\/wp\/v2\/media?parent=11834"}],"wp:term":[{"taxonomy":"pwb-brand","embeddable":true,"href":"https:\/\/franciscobelmonte.com\/tienda\/wp-json\/wp\/v2\/pwb-brand?post=11834"},{"taxonomy":"product_brand","embeddable":true,"href":"https:\/\/franciscobelmonte.com\/tienda\/wp-json\/wp\/v2\/product_brand?post=11834"},{"taxonomy":"product_cat","embeddable":true,"href":"https:\/\/franciscobelmonte.com\/tienda\/wp-json\/wp\/v2\/product_cat?post=11834"},{"taxonomy":"product_tag","embeddable":true,"href":"https:\/\/franciscobelmonte.com\/tienda\/wp-json\/wp\/v2\/product_tag?post=11834"}],"curies":[{"name":"wp","href":"https:\/\/api.w.org\/{rel}","templated":true}]}}