{"id":1192,"date":"2022-02-25T10:36:34","date_gmt":"2022-02-25T10:36:34","guid":{"rendered":"https:\/\/franciscobelmonte.com\/?post_type=product&#038;p=1192"},"modified":"2026-01-06T20:49:38","modified_gmt":"2026-01-06T18:49:38","slug":"dainese-laguna-seca-3-d-dry-negro-rojo-lava-blanco","status":"publish","type":"product","link":"https:\/\/franciscobelmonte.com\/tienda\/dainese-laguna-seca-3-d-dry-negro-rojo-lava-blanco\/","title":{"rendered":"CHAQUETA DAINESE LAGUNA SECA 3 D-DRY NEGRO\/ROJO LAVA\/BLANCO"},"content":{"rendered":"<h1>Chaqueta Dainese Laguna Seca 3 D-Dry Negro\/Rojo Lava\/Blanco<\/h1>\n<p><strong>Materiales<\/strong><\/p>\n<ul style=\"list-style-type: square;\">\n<li>Confeccionada en Cordura<\/li>\n<\/ul>\n<p><strong>Protecci\u00f3n<\/strong><\/p>\n<ul style=\"list-style-type: square;\">\n<li>Protectores compuestos desmontables en codos y hombros certificados seg\u00fan normativa EN 1621.1<\/li>\n<li>Predisposici\u00f3n para montar un protector dorsal tipo G (no incluido)<\/li>\n<\/ul>\n<p><strong>Confort<\/strong><\/p>\n<ul style=\"list-style-type: square;\">\n<li>Cadera, cuello y mu\u00f1ecas ajustables<\/li>\n<li>Cremallera de conexi\u00f3n chaqueta-pantal\u00f3n<\/li>\n<\/ul>\n<p><strong>Temperatura<\/strong><\/p>\n<ul style=\"list-style-type: square;\">\n<li>Forro t\u00e9rmico extra\u00edble<\/li>\n<li>Membrana D-Dry impermeable y transpirable (nivel HH: 20.000 mm)<\/li>\n<li>Entradas de aire con cremallera en los brazos y en la espalda<\/li>\n<\/ul>\n<p><strong>Otras Caracter\u00edsticas<\/strong><\/p>\n<ul style=\"list-style-type: square;\">\n<li>Elementos reflectantes para ser m\u00e1s visible en conducci\u00f3n nocturna o con poca luz<\/li>\n<li>2 bolsillos exteriores<\/li>\n<li>1 bolsillo interior<\/li>\n<li>1 bolsillo en el forro t\u00e9rmico<\/li>\n<\/ul>\n","protected":false},"excerpt":{"rendered":"<p>Chaqueta de look deportivo, muy vers\u00e1til y funcional.<br \/>\nLa \u00faltima generaci\u00f3n de la Laguna Seca D-Dry est\u00e1 fabricada en cordura y se adapta perfectamente a toda clase de condiciones clim\u00e1ticas gracias a la membrana D-Dry impermeable y transpirable, al forro t\u00e9rmico desmontable y a las entradas de aire.<\/p>\n<p>&nbsp;<\/p>\n","protected":false},"featured_media":1198,"comment_status":"open","ping_status":"closed","template":"","meta":{"_themeisle_gutenberg_block_has_review":false},"pwb-brand":[189],"product_brand":[],"product_cat":[46,137,658],"product_tag":[865,774,842,888],"class_list":{"0":"post-1192","1":"product","2":"type-product","3":"status-publish","4":"has-post-thumbnail","6":"pwb-brand-dainese","7":"product_cat-chaquetas-de-moto","8":"product_cat-chaquetas-de-moto-invierno","9":"product_cat-protegete-del-frio","10":"product_tag-865","11":"product_tag-dainese-sin-rebajas-20","12":"product_tag-invierno-20","13":"product_tag-rebajas-40","15":"first","16":"instock","17":"sale","18":"taxable","19":"shipping-taxable","20":"purchasable","21":"product-type-variable","22":"has-default-attributes"},"yoast_head":"<!-- This site is optimized with the Yoast SEO plugin v27.5 - https:\/\/yoast.com\/product\/yoast-seo-wordpress\/ -->\n<title>CHAQUETA DAINESE LAGUNA SECA 3 D-DRY NEGRO\/ROJO LAVA\/BLANCO - Boutique Francisco Belmonte<\/title>\n<meta name=\"description\" content=\"Chaqueta Dainese Laguna Seca 3 D-Dry Negro-Rojo Lava-Blanco. Puedes encontrarla en nuestra Boutique Francisco Belmonte en Murcia.\" \/>\n<meta name=\"robots\" content=\"index, follow, max-snippet:-1, max-image-preview:large, max-video-preview:-1\" \/>\n<link rel=\"canonical\" href=\"https:\/\/franciscobelmonte.com\/tienda\/dainese-laguna-seca-3-d-dry-negro-rojo-lava-blanco\/\" \/>\n<meta property=\"og:locale\" content=\"es_ES\" \/>\n<meta property=\"og:type\" content=\"article\" \/>\n<meta property=\"og:title\" content=\"CHAQUETA DAINESE LAGUNA SECA 3 D-DRY NEGRO\/ROJO LAVA\/BLANCO - Boutique Francisco Belmonte\" \/>\n<meta property=\"og:description\" content=\"Chaqueta Dainese Laguna Seca 3 D-Dry Negro-Rojo Lava-Blanco. Puedes encontrarla en nuestra Boutique Francisco Belmonte en Murcia.\" \/>\n<meta property=\"og:url\" content=\"https:\/\/franciscobelmonte.com\/tienda\/dainese-laguna-seca-3-d-dry-negro-rojo-lava-blanco\/\" \/>\n<meta property=\"og:site_name\" content=\"Boutique Francisco Belmonte\" \/>\n<meta property=\"article:publisher\" content=\"https:\/\/www.facebook.com\/motosfranciscobelmonte\" \/>\n<meta property=\"article:modified_time\" content=\"2026-01-06T18:49:38+00:00\" \/>\n<meta property=\"og:image\" content=\"https:\/\/franciscobelmonte.com\/tienda\/wp-content\/uploads\/2022\/02\/chaqueta-dainese-laguna-seca-3-D-Dry-negro-rojo-lava-blanco.jpg\" \/>\n\t<meta property=\"og:image:width\" content=\"800\" \/>\n\t<meta property=\"og:image:height\" content=\"800\" \/>\n\t<meta property=\"og:image:type\" content=\"image\/jpeg\" \/>\n<meta name=\"twitter:card\" content=\"summary_large_image\" \/>\n<meta name=\"twitter:label1\" content=\"Tiempo de lectura\" \/>\n\t<meta name=\"twitter:data1\" content=\"1 minuto\" \/>\n<script type=\"application\/ld+json\" class=\"yoast-schema-graph\">{\"@context\":\"https:\\\/\\\/schema.org\",\"@graph\":[{\"@type\":\"WebPage\",\"@id\":\"https:\\\/\\\/franciscobelmonte.com\\\/tienda\\\/dainese-laguna-seca-3-d-dry-negro-rojo-lava-blanco\\\/\",\"url\":\"https:\\\/\\\/franciscobelmonte.com\\\/tienda\\\/dainese-laguna-seca-3-d-dry-negro-rojo-lava-blanco\\\/\",\"name\":\"CHAQUETA DAINESE LAGUNA SECA 3 D-DRY NEGRO\\\/ROJO LAVA\\\/BLANCO - Boutique Francisco Belmonte\",\"isPartOf\":{\"@id\":\"https:\\\/\\\/franciscobelmonte.com\\\/tienda\\\/#website\"},\"primaryImageOfPage\":{\"@id\":\"https:\\\/\\\/franciscobelmonte.com\\\/tienda\\\/dainese-laguna-seca-3-d-dry-negro-rojo-lava-blanco\\\/#primaryimage\"},\"image\":{\"@id\":\"https:\\\/\\\/franciscobelmonte.com\\\/tienda\\\/dainese-laguna-seca-3-d-dry-negro-rojo-lava-blanco\\\/#primaryimage\"},\"thumbnailUrl\":\"https:\\\/\\\/franciscobelmonte.com\\\/tienda\\\/wp-content\\\/uploads\\\/2022\\\/02\\\/chaqueta-dainese-laguna-seca-3-D-Dry-negro-rojo-lava-blanco.jpg\",\"datePublished\":\"2022-02-25T10:36:34+00:00\",\"dateModified\":\"2026-01-06T18:49:38+00:00\",\"description\":\"Chaqueta Dainese Laguna Seca 3 D-Dry Negro-Rojo Lava-Blanco. Puedes encontrarla en nuestra Boutique Francisco Belmonte en Murcia.\",\"breadcrumb\":{\"@id\":\"https:\\\/\\\/franciscobelmonte.com\\\/tienda\\\/dainese-laguna-seca-3-d-dry-negro-rojo-lava-blanco\\\/#breadcrumb\"},\"inLanguage\":\"es\",\"potentialAction\":[{\"@type\":\"ReadAction\",\"target\":[\"https:\\\/\\\/franciscobelmonte.com\\\/tienda\\\/dainese-laguna-seca-3-d-dry-negro-rojo-lava-blanco\\\/\"]}]},{\"@type\":\"ImageObject\",\"inLanguage\":\"es\",\"@id\":\"https:\\\/\\\/franciscobelmonte.com\\\/tienda\\\/dainese-laguna-seca-3-d-dry-negro-rojo-lava-blanco\\\/#primaryimage\",\"url\":\"https:\\\/\\\/franciscobelmonte.com\\\/tienda\\\/wp-content\\\/uploads\\\/2022\\\/02\\\/chaqueta-dainese-laguna-seca-3-D-Dry-negro-rojo-lava-blanco.jpg\",\"contentUrl\":\"https:\\\/\\\/franciscobelmonte.com\\\/tienda\\\/wp-content\\\/uploads\\\/2022\\\/02\\\/chaqueta-dainese-laguna-seca-3-D-Dry-negro-rojo-lava-blanco.jpg\",\"width\":800,\"height\":800,\"caption\":\"chaqueta dainese laguna 3 D-Dry negro-rojo lava-blanco en murcia francisco belmonte\"},{\"@type\":\"BreadcrumbList\",\"@id\":\"https:\\\/\\\/franciscobelmonte.com\\\/tienda\\\/dainese-laguna-seca-3-d-dry-negro-rojo-lava-blanco\\\/#breadcrumb\",\"itemListElement\":[{\"@type\":\"ListItem\",\"position\":1,\"name\":\"Portada\",\"item\":\"https:\\\/\\\/franciscobelmonte.com\\\/tienda\\\/\"},{\"@type\":\"ListItem\",\"position\":2,\"name\":\"Tienda\",\"item\":\"https:\\\/\\\/franciscobelmonte.com\\\/tienda\\\/boutique-equipamiento-motero\\\/\"},{\"@type\":\"ListItem\",\"position\":3,\"name\":\"CHAQUETA DAINESE LAGUNA SECA 3 D-DRY NEGRO\\\/ROJO LAVA\\\/BLANCO\"}]},{\"@type\":\"WebSite\",\"@id\":\"https:\\\/\\\/franciscobelmonte.com\\\/tienda\\\/#website\",\"url\":\"https:\\\/\\\/franciscobelmonte.com\\\/tienda\\\/\",\"name\":\"Boutique Francisco Belmonte\",\"description\":\"Todo en complementos para motoristas\",\"publisher\":{\"@id\":\"https:\\\/\\\/franciscobelmonte.com\\\/tienda\\\/#organization\"},\"potentialAction\":[{\"@type\":\"SearchAction\",\"target\":{\"@type\":\"EntryPoint\",\"urlTemplate\":\"https:\\\/\\\/franciscobelmonte.com\\\/tienda\\\/?s={search_term_string}\"},\"query-input\":{\"@type\":\"PropertyValueSpecification\",\"valueRequired\":true,\"valueName\":\"search_term_string\"}}],\"inLanguage\":\"es\"},{\"@type\":\"Organization\",\"@id\":\"https:\\\/\\\/franciscobelmonte.com\\\/tienda\\\/#organization\",\"name\":\"Boutique Francisco Belmonte\",\"url\":\"https:\\\/\\\/franciscobelmonte.com\\\/tienda\\\/\",\"logo\":{\"@type\":\"ImageObject\",\"inLanguage\":\"es\",\"@id\":\"https:\\\/\\\/franciscobelmonte.com\\\/tienda\\\/#\\\/schema\\\/logo\\\/image\\\/\",\"url\":\"https:\\\/\\\/franciscobelmonte.com\\\/tienda\\\/wp-content\\\/uploads\\\/2021\\\/12\\\/Francisco-Belmonte-logo.png\",\"contentUrl\":\"https:\\\/\\\/franciscobelmonte.com\\\/tienda\\\/wp-content\\\/uploads\\\/2021\\\/12\\\/Francisco-Belmonte-logo.png\",\"width\":2153,\"height\":536,\"caption\":\"Boutique Francisco Belmonte\"},\"image\":{\"@id\":\"https:\\\/\\\/franciscobelmonte.com\\\/tienda\\\/#\\\/schema\\\/logo\\\/image\\\/\"},\"sameAs\":[\"https:\\\/\\\/www.facebook.com\\\/motosfranciscobelmonte\",\"https:\\\/\\\/www.instagram.com\\\/fco.belmonte\\\/\"]}]}<\/script>\n<!-- \/ Yoast SEO plugin. -->","yoast_head_json":{"title":"CHAQUETA DAINESE LAGUNA SECA 3 D-DRY NEGRO\/ROJO LAVA\/BLANCO - Boutique Francisco Belmonte","description":"Chaqueta Dainese Laguna Seca 3 D-Dry Negro-Rojo Lava-Blanco. Puedes encontrarla en nuestra Boutique Francisco Belmonte en Murcia.","robots":{"index":"index","follow":"follow","max-snippet":"max-snippet:-1","max-image-preview":"max-image-preview:large","max-video-preview":"max-video-preview:-1"},"canonical":"https:\/\/franciscobelmonte.com\/tienda\/dainese-laguna-seca-3-d-dry-negro-rojo-lava-blanco\/","og_locale":"es_ES","og_type":"article","og_title":"CHAQUETA DAINESE LAGUNA SECA 3 D-DRY NEGRO\/ROJO LAVA\/BLANCO - Boutique Francisco Belmonte","og_description":"Chaqueta Dainese Laguna Seca 3 D-Dry Negro-Rojo Lava-Blanco. Puedes encontrarla en nuestra Boutique Francisco Belmonte en Murcia.","og_url":"https:\/\/franciscobelmonte.com\/tienda\/dainese-laguna-seca-3-d-dry-negro-rojo-lava-blanco\/","og_site_name":"Boutique Francisco Belmonte","article_publisher":"https:\/\/www.facebook.com\/motosfranciscobelmonte","article_modified_time":"2026-01-06T18:49:38+00:00","og_image":[{"width":800,"height":800,"url":"https:\/\/franciscobelmonte.com\/tienda\/wp-content\/uploads\/2022\/02\/chaqueta-dainese-laguna-seca-3-D-Dry-negro-rojo-lava-blanco.jpg","type":"image\/jpeg"}],"twitter_card":"summary_large_image","twitter_misc":{"Tiempo de lectura":"1 minuto"},"schema":{"@context":"https:\/\/schema.org","@graph":[{"@type":"WebPage","@id":"https:\/\/franciscobelmonte.com\/tienda\/dainese-laguna-seca-3-d-dry-negro-rojo-lava-blanco\/","url":"https:\/\/franciscobelmonte.com\/tienda\/dainese-laguna-seca-3-d-dry-negro-rojo-lava-blanco\/","name":"CHAQUETA DAINESE LAGUNA SECA 3 D-DRY NEGRO\/ROJO LAVA\/BLANCO - Boutique Francisco Belmonte","isPartOf":{"@id":"https:\/\/franciscobelmonte.com\/tienda\/#website"},"primaryImageOfPage":{"@id":"https:\/\/franciscobelmonte.com\/tienda\/dainese-laguna-seca-3-d-dry-negro-rojo-lava-blanco\/#primaryimage"},"image":{"@id":"https:\/\/franciscobelmonte.com\/tienda\/dainese-laguna-seca-3-d-dry-negro-rojo-lava-blanco\/#primaryimage"},"thumbnailUrl":"https:\/\/franciscobelmonte.com\/tienda\/wp-content\/uploads\/2022\/02\/chaqueta-dainese-laguna-seca-3-D-Dry-negro-rojo-lava-blanco.jpg","datePublished":"2022-02-25T10:36:34+00:00","dateModified":"2026-01-06T18:49:38+00:00","description":"Chaqueta Dainese Laguna Seca 3 D-Dry Negro-Rojo Lava-Blanco. Puedes encontrarla en nuestra Boutique Francisco Belmonte en Murcia.","breadcrumb":{"@id":"https:\/\/franciscobelmonte.com\/tienda\/dainese-laguna-seca-3-d-dry-negro-rojo-lava-blanco\/#breadcrumb"},"inLanguage":"es","potentialAction":[{"@type":"ReadAction","target":["https:\/\/franciscobelmonte.com\/tienda\/dainese-laguna-seca-3-d-dry-negro-rojo-lava-blanco\/"]}]},{"@type":"ImageObject","inLanguage":"es","@id":"https:\/\/franciscobelmonte.com\/tienda\/dainese-laguna-seca-3-d-dry-negro-rojo-lava-blanco\/#primaryimage","url":"https:\/\/franciscobelmonte.com\/tienda\/wp-content\/uploads\/2022\/02\/chaqueta-dainese-laguna-seca-3-D-Dry-negro-rojo-lava-blanco.jpg","contentUrl":"https:\/\/franciscobelmonte.com\/tienda\/wp-content\/uploads\/2022\/02\/chaqueta-dainese-laguna-seca-3-D-Dry-negro-rojo-lava-blanco.jpg","width":800,"height":800,"caption":"chaqueta dainese laguna 3 D-Dry negro-rojo lava-blanco en murcia francisco belmonte"},{"@type":"BreadcrumbList","@id":"https:\/\/franciscobelmonte.com\/tienda\/dainese-laguna-seca-3-d-dry-negro-rojo-lava-blanco\/#breadcrumb","itemListElement":[{"@type":"ListItem","position":1,"name":"Portada","item":"https:\/\/franciscobelmonte.com\/tienda\/"},{"@type":"ListItem","position":2,"name":"Tienda","item":"https:\/\/franciscobelmonte.com\/tienda\/boutique-equipamiento-motero\/"},{"@type":"ListItem","position":3,"name":"CHAQUETA DAINESE LAGUNA SECA 3 D-DRY NEGRO\/ROJO LAVA\/BLANCO"}]},{"@type":"WebSite","@id":"https:\/\/franciscobelmonte.com\/tienda\/#website","url":"https:\/\/franciscobelmonte.com\/tienda\/","name":"Boutique Francisco Belmonte","description":"Todo en complementos para motoristas","publisher":{"@id":"https:\/\/franciscobelmonte.com\/tienda\/#organization"},"potentialAction":[{"@type":"SearchAction","target":{"@type":"EntryPoint","urlTemplate":"https:\/\/franciscobelmonte.com\/tienda\/?s={search_term_string}"},"query-input":{"@type":"PropertyValueSpecification","valueRequired":true,"valueName":"search_term_string"}}],"inLanguage":"es"},{"@type":"Organization","@id":"https:\/\/franciscobelmonte.com\/tienda\/#organization","name":"Boutique Francisco Belmonte","url":"https:\/\/franciscobelmonte.com\/tienda\/","logo":{"@type":"ImageObject","inLanguage":"es","@id":"https:\/\/franciscobelmonte.com\/tienda\/#\/schema\/logo\/image\/","url":"https:\/\/franciscobelmonte.com\/tienda\/wp-content\/uploads\/2021\/12\/Francisco-Belmonte-logo.png","contentUrl":"https:\/\/franciscobelmonte.com\/tienda\/wp-content\/uploads\/2021\/12\/Francisco-Belmonte-logo.png","width":2153,"height":536,"caption":"Boutique Francisco Belmonte"},"image":{"@id":"https:\/\/franciscobelmonte.com\/tienda\/#\/schema\/logo\/image\/"},"sameAs":["https:\/\/www.facebook.com\/motosfranciscobelmonte","https:\/\/www.instagram.com\/fco.belmonte\/"]}]}},"jetpack_sharing_enabled":true,"brands":[{"id":189,"name":"Dainese","slug":"dainese"}],"_links":{"self":[{"href":"https:\/\/franciscobelmonte.com\/tienda\/wp-json\/wp\/v2\/product\/1192","targetHints":{"allow":["GET"]}}],"collection":[{"href":"https:\/\/franciscobelmonte.com\/tienda\/wp-json\/wp\/v2\/product"}],"about":[{"href":"https:\/\/franciscobelmonte.com\/tienda\/wp-json\/wp\/v2\/types\/product"}],"replies":[{"embeddable":true,"href":"https:\/\/franciscobelmonte.com\/tienda\/wp-json\/wp\/v2\/comments?post=1192"}],"wp:featuredmedia":[{"embeddable":true,"href":"https:\/\/franciscobelmonte.com\/tienda\/wp-json\/wp\/v2\/media\/1198"}],"wp:attachment":[{"href":"https:\/\/franciscobelmonte.com\/tienda\/wp-json\/wp\/v2\/media?parent=1192"}],"wp:term":[{"taxonomy":"pwb-brand","embeddable":true,"href":"https:\/\/franciscobelmonte.com\/tienda\/wp-json\/wp\/v2\/pwb-brand?post=1192"},{"taxonomy":"product_brand","embeddable":true,"href":"https:\/\/franciscobelmonte.com\/tienda\/wp-json\/wp\/v2\/product_brand?post=1192"},{"taxonomy":"product_cat","embeddable":true,"href":"https:\/\/franciscobelmonte.com\/tienda\/wp-json\/wp\/v2\/product_cat?post=1192"},{"taxonomy":"product_tag","embeddable":true,"href":"https:\/\/franciscobelmonte.com\/tienda\/wp-json\/wp\/v2\/product_tag?post=1192"}],"curies":[{"name":"wp","href":"https:\/\/api.w.org\/{rel}","templated":true}]}}