{"id":1231,"date":"2022-02-28T16:32:17","date_gmt":"2022-02-28T16:32:17","guid":{"rendered":"https:\/\/franciscobelmonte.com\/?post_type=product&#038;p=1231"},"modified":"2026-01-06T20:33:43","modified_gmt":"2026-01-06T18:33:43","slug":"alpinestars-andes-v3-drystar-gris-oscuro-negro-rojo-brillante","status":"publish","type":"product","link":"https:\/\/franciscobelmonte.com\/tienda\/alpinestars-andes-v3-drystar-gris-oscuro-negro-rojo-brillante\/","title":{"rendered":"CHAQUETA ALPINESTARS ANDES V3 DRYSTAR GRIS OSCURO \/ NEGRO \/ ROJO BRILLANTE"},"content":{"rendered":"<h1>Chaqueta Alpinestars Andes V3 Drystar Gris oscuro \/ Negro \/ Rojo brillante<\/h1>\n<p style=\"font-family: system, '-apple-system', BlinkMacSystemFont, 'Segoe UI', Roboto, Helvetica, Arial, sans-serif, 'Apple Color Emoji', 'Segoe UI Emoji', 'Segoe UI Symbol', 'Helvetica Neue'; font-size: 16px; word-spacing: 1px; background-color: #ffffff;\">Chaqueta <strong>Alpinestars Andes V3 Drystar<\/strong> touring que incorpora la exclusiva membrana Drystar 100% impermeable y transpirable de Alpinestars. Dispone de forro t\u00e9rmico interior desmontable y de el nuevo sistema de ventilaci\u00f3n directa DVS. Incorpora protecciones desmontables Nucleon Flex Plus en hombros y codos, compartimentos para montar la protecci\u00f3n de espalda y de pecho y numerosos ajustes y bolsillos para un perfecto almacenaje.<\/p>\n<p><span style=\"font-weight: bolder;\">Confecci\u00f3n<\/span><\/p>\n<ul>\n<li><span style=\"background-color: #ffffff; font-family: system, '-apple-system', BlinkMacSystemFont, 'Segoe UI', Roboto, Helvetica, Arial, sans-serif, 'Apple Color Emoji', 'Segoe UI Emoji', 'Segoe UI Symbol', 'Helvetica Neue'; font-size: 16px; word-spacing: 1px;\">Confeccionada en avanzado tejido de poli\u00e9ster reforzado para mayor durabilidad.<\/span><\/li>\n<li><span style=\"background-color: #ffffff; font-family: system, '-apple-system', BlinkMacSystemFont, 'Segoe UI', Roboto, Helvetica, Arial, sans-serif, 'Apple Color Emoji', 'Segoe UI Emoji', 'Segoe UI Symbol', 'Helvetica Neue'; font-size: 16px; word-spacing: 1px;\">Texturas reforzadas de pol\u00edmero en zonas cr\u00edticas del codo y parte inferior del brazo para una mayor resistencia a la abrasi\u00f3n.<\/span><\/li>\n<li><span style=\"background-color: #ffffff; font-family: system, '-apple-system', BlinkMacSystemFont, 'Segoe UI', Roboto, Helvetica, Arial, sans-serif, 'Apple Color Emoji', 'Segoe UI Emoji', 'Segoe UI Symbol', 'Helvetica Neue'; font-size: 16px; word-spacing: 1px;\">Incorpora la exclusiva membrana Drystar\u00ae de Alpinestars (100% impermeable y transpirable), ofreciendo un excelente rendimiento en cualquier condici\u00f3n clim\u00e1tica.\u00a0\u00a0<\/span><\/li>\n<li><span style=\"background-color: #ffffff; font-family: system, '-apple-system', BlinkMacSystemFont, 'Segoe UI', Roboto, Helvetica, Arial, sans-serif, 'Apple Color Emoji', 'Segoe UI Emoji', 'Segoe UI Symbol', 'Helvetica Neue'; font-size: 16px; word-spacing: 1px;\">Forro t\u00e9rmico desmontable de manga larga (100g. En el cuerpo y 80g. en las mangas).<\/span><\/li>\n<li><span style=\"background-color: #ffffff; font-family: system, '-apple-system', BlinkMacSystemFont, 'Segoe UI', Roboto, Helvetica, Arial, sans-serif, 'Apple Color Emoji', 'Segoe UI Emoji', 'Segoe UI Symbol', 'Helvetica Neue'; font-size: 16px; word-spacing: 1px;\">Nuevo sistema de ventilaci\u00f3n directa (DVS) con entradas de aire en la zona pectoral y salida de aire en la espalda para una \u00f3ptima circulaci\u00f3n del flujo de aire.<\/span><\/li>\n<\/ul>\n<p style=\"font-family: system, '-apple-system', BlinkMacSystemFont, 'Segoe UI', Roboto, Helvetica, Arial, sans-serif, 'Apple Color Emoji', 'Segoe UI Emoji', 'Segoe UI Symbol', 'Helvetica Neue'; font-size: 16px; word-spacing: 1px; background-color: #ffffff;\"><span style=\"font-weight: bolder;\">Seguridad<\/span><\/p>\n<ul>\n<li><span style=\"background-color: #ffffff; font-family: system, '-apple-system', BlinkMacSystemFont, 'Segoe UI', Roboto, Helvetica, Arial, sans-serif, 'Apple Color Emoji', 'Segoe UI Emoji', 'Segoe UI Symbol', 'Helvetica Neue'; font-size: 16px; word-spacing: 1px;\">Protecciones desmontables Nucleon Flex Plus en hombros y codos con certificaci\u00f3n CE EN1621-1:2012 Nivel 1.<\/span><\/li>\n<li><span style=\"background-color: #ffffff; font-family: system, '-apple-system', BlinkMacSystemFont, 'Segoe UI', Roboto, Helvetica, Arial, sans-serif, 'Apple Color Emoji', 'Segoe UI Emoji', 'Segoe UI Symbol', 'Helvetica Neue'; font-size: 16px; word-spacing: 1px;\">Compartimentos en el pecho y en la espalda en los que podemos montar los protectores Alpinestars Nucleon (no incluidos).<\/span><\/li>\n<li><span style=\"background-color: #ffffff; font-family: system, '-apple-system', BlinkMacSystemFont, 'Segoe UI', Roboto, Helvetica, Arial, sans-serif, 'Apple Color Emoji', 'Segoe UI Emoji', 'Segoe UI Symbol', 'Helvetica Neue'; font-size: 16px; word-spacing: 1px;\">Elementos reflectantes para una mejor visibilidad en conducci\u00f3n nocturna o con poca luz.\u00a0\u00a0<\/span><\/li>\n<li><span style=\"background-color: #ffffff; font-family: system, '-apple-system', BlinkMacSystemFont, 'Segoe UI', Roboto, Helvetica, Arial, sans-serif, 'Apple Color Emoji', 'Segoe UI Emoji', 'Segoe UI Symbol', 'Helvetica Neue'; font-size: 16px; word-spacing: 1px;\">Optimizada para el uso del airbag Tech-Air 5 (no incluido)<\/span><\/li>\n<\/ul>\n<p style=\"font-family: system, '-apple-system', BlinkMacSystemFont, 'Segoe UI', Roboto, Helvetica, Arial, sans-serif, 'Apple Color Emoji', 'Segoe UI Emoji', 'Segoe UI Symbol', 'Helvetica Neue'; font-size: 16px; word-spacing: 1px; background-color: #ffffff;\"><span style=\"font-weight: bolder;\">Confort<\/span><\/p>\n<ul>\n<li><span style=\"background-color: #ffffff; font-family: system, '-apple-system', BlinkMacSystemFont, 'Segoe UI', Roboto, Helvetica, Arial, sans-serif, 'Apple Color Emoji', 'Segoe UI Emoji', 'Segoe UI Symbol', 'Helvetica Neue'; font-size: 16px; word-spacing: 1px;\">Mangas pre-curvadas para una mayor comodidad en la posici\u00f3n de conducci\u00f3n.<\/span><\/li>\n<li><span style=\"background-color: #ffffff; font-family: system, '-apple-system', BlinkMacSystemFont, 'Segoe UI', Roboto, Helvetica, Arial, sans-serif, 'Apple Color Emoji', 'Segoe UI Emoji', 'Segoe UI Symbol', 'Helvetica Neue'; font-size: 16px; word-spacing: 1px;\">Paneles el\u00e1sticos en los codos.<\/span><\/li>\n<li><span style=\"background-color: #ffffff; font-family: system, '-apple-system', BlinkMacSystemFont, 'Segoe UI', Roboto, Helvetica, Arial, sans-serif, 'Apple Color Emoji', 'Segoe UI Emoji', 'Segoe UI Symbol', 'Helvetica Neue'; font-size: 16px; word-spacing: 1px;\">Cuello con acabado suave en el borde y construcci\u00f3n de malla 3D para mayor confort en largas distancias.<\/span><\/li>\n<li><span style=\"background-color: #ffffff; font-family: system, '-apple-system', BlinkMacSystemFont, 'Segoe UI', Roboto, Helvetica, Arial, sans-serif, 'Apple Color Emoji', 'Segoe UI Emoji', 'Segoe UI Symbol', 'Helvetica Neue'; font-size: 16px; word-spacing: 1px;\">Cremallera frontal YKK de alta calidad.<\/span><\/li>\n<li><span style=\"background-color: #ffffff; font-family: system, '-apple-system', BlinkMacSystemFont, 'Segoe UI', Roboto, Helvetica, Arial, sans-serif, 'Apple Color Emoji', 'Segoe UI Emoji', 'Segoe UI Symbol', 'Helvetica Neue'; font-size: 16px; word-spacing: 1px;\">Cuello, cintura, parte baja de la chaqueta, pu\u00f1os y volumen de las mangas ajustables.<\/span><\/li>\n<li><span style=\"background-color: #ffffff; font-family: system, '-apple-system', BlinkMacSystemFont, 'Segoe UI', Roboto, Helvetica, Arial, sans-serif, 'Apple Color Emoji', 'Segoe UI Emoji', 'Segoe UI Symbol', 'Helvetica Neue'; font-size: 16px; word-spacing: 1px;\">Bolsillos delanteros impermeables.<\/span><\/li>\n<li><span style=\"background-color: #ffffff; font-family: system, '-apple-system', BlinkMacSystemFont, 'Segoe UI', Roboto, Helvetica, Arial, sans-serif, 'Apple Color Emoji', 'Segoe UI Emoji', 'Segoe UI Symbol', 'Helvetica Neue'; font-size: 16px; word-spacing: 1px;\">1 gran bolsillo en la parte baja de la espalda.<\/span><\/li>\n<li><span style=\"background-color: #ffffff; font-family: system, '-apple-system', BlinkMacSystemFont, 'Segoe UI', Roboto, Helvetica, Arial, sans-serif, 'Apple Color Emoji', 'Segoe UI Emoji', 'Segoe UI Symbol', 'Helvetica Neue'; font-size: 16px; word-spacing: 1px;\">Varios bolsillos interiores (uno de ellos impermeable para la cartera).\u00a0\u00a0<\/span><\/li>\n<li><span style=\"background-color: #ffffff; font-family: system, '-apple-system', BlinkMacSystemFont, 'Segoe UI', Roboto, Helvetica, Arial, sans-serif, 'Apple Color Emoji', 'Segoe UI Emoji', 'Segoe UI Symbol', 'Helvetica Neue'; font-size: 16px; word-spacing: 1px;\">Los bolsillos de mano con cremallera en la parte superior del pecho funcionan en conjunto con las aberturas de ventilaci\u00f3n directa para asegurar niveles personalizados de flujo de aire de refrigeraci\u00f3n<\/span><\/li>\n<li><span style=\"background-color: #ffffff; font-family: system, '-apple-system', BlinkMacSystemFont, 'Segoe UI', Roboto, Helvetica, Arial, sans-serif, 'Apple Color Emoji', 'Segoe UI Emoji', 'Segoe UI Symbol', 'Helvetica Neue'; font-size: 16px; word-spacing: 1px;\">Cremallera de conexi\u00f3n chaqueta-pantal\u00f3n Alpinestars.<\/span><\/li>\n<\/ul>\n<p style=\"font-family: system, '-apple-system', BlinkMacSystemFont, 'Segoe UI', Roboto, Helvetica, Arial, sans-serif, 'Apple Color Emoji', 'Segoe UI Emoji', 'Segoe UI Symbol', 'Helvetica Neue'; font-size: 16px; word-spacing: 1px; background-color: #ffffff;\"><span style=\"font-weight: bolder;\">Homologaci\u00f3n<\/span><\/p>\n<ul>\n<li><span style=\"background-color: #ffffff; font-family: system, '-apple-system', BlinkMacSystemFont, 'Segoe UI', Roboto, Helvetica, Arial, sans-serif, 'Apple Color Emoji', 'Segoe UI Emoji', 'Segoe UI Symbol', 'Helvetica Neue'; font-size: 16px; word-spacing: 1px;\">Chaqueta certificada seg\u00fan la normativa CE PrEn 17092 Cat. II Clase A.<\/span><\/li>\n<\/ul>\n","protected":false},"excerpt":{"rendered":"<p>Chaqueta <strong>Alpinestars Andes V3 Drystar<\/strong> touring que incorpora la exclusiva membrana Drystar 100% impermeable y transpirable de Alpinestars. Dispone de forro t\u00e9rmico interior desmontable y de el nuevo sistema de ventilaci\u00f3n directa DVS.<\/p>\n<p><a style=\"color: #0000ff;\" href=\"https:\/\/franciscobelmonte.com\/tienda\/wp-content\/uploads\/2022\/09\/Tallas-pantalones-y-chaquetas-alpinestars-hombre.png\" target=\"_blank\" rel=\"noopener\"><span style=\"font-size: xx-small;\"> Ver gu\u00eda de tallas<\/span><\/a><\/p>\n","protected":false},"featured_media":1239,"comment_status":"open","ping_status":"closed","template":"","meta":{"_themeisle_gutenberg_block_has_review":false},"pwb-brand":[186],"product_brand":[],"product_cat":[46,137],"product_tag":[865,771,888],"class_list":{"0":"post-1231","1":"product","2":"type-product","3":"status-publish","4":"has-post-thumbnail","6":"pwb-brand-alpinestars","7":"product_cat-chaquetas-de-moto","8":"product_cat-chaquetas-de-moto-invierno","9":"product_tag-865","10":"product_tag-alpinestars-sin-rebajas-25","11":"product_tag-rebajas-40","13":"first","14":"instock","15":"sale","16":"taxable","17":"shipping-taxable","18":"purchasable","19":"product-type-variable","20":"has-default-attributes"},"yoast_head":"<!-- This site is optimized with the Yoast SEO plugin v27.4 - https:\/\/yoast.com\/product\/yoast-seo-wordpress\/ -->\n<title>CHAQUETA ALPINESTARS ANDES V3 DRYSTAR GRIS OSCURO \/ NEGRO \/ ROJO BRILLANTE - Boutique Francisco Belmonte<\/title>\n<meta name=\"description\" content=\"Chaqueta Alpinestars Andes V3 Drystar gris oscuro-negro-rojo brillante. Desc\u00fabrela en nuestra Boutique Francisco Belmonte en Murcia.\" \/>\n<meta name=\"robots\" content=\"index, follow, max-snippet:-1, max-image-preview:large, max-video-preview:-1\" \/>\n<link rel=\"canonical\" href=\"https:\/\/franciscobelmonte.com\/tienda\/alpinestars-andes-v3-drystar-gris-oscuro-negro-rojo-brillante\/\" \/>\n<meta property=\"og:locale\" content=\"es_ES\" \/>\n<meta property=\"og:type\" content=\"article\" \/>\n<meta property=\"og:title\" content=\"CHAQUETA ALPINESTARS ANDES V3 DRYSTAR GRIS OSCURO \/ NEGRO \/ ROJO BRILLANTE - Boutique Francisco Belmonte\" \/>\n<meta property=\"og:description\" content=\"Chaqueta Alpinestars Andes V3 Drystar gris oscuro-negro-rojo brillante. Desc\u00fabrela en nuestra Boutique Francisco Belmonte en Murcia.\" \/>\n<meta property=\"og:url\" content=\"https:\/\/franciscobelmonte.com\/tienda\/alpinestars-andes-v3-drystar-gris-oscuro-negro-rojo-brillante\/\" \/>\n<meta property=\"og:site_name\" content=\"Boutique Francisco Belmonte\" \/>\n<meta property=\"article:publisher\" content=\"https:\/\/www.facebook.com\/motosfranciscobelmonte\" \/>\n<meta property=\"article:modified_time\" content=\"2026-01-06T18:33:43+00:00\" \/>\n<meta property=\"og:image\" content=\"https:\/\/franciscobelmonte.com\/tienda\/wp-content\/uploads\/2022\/02\/Chaqueta-alpinestars-andes-v3-drystar-gris-oscuro-negro-rojo-brillante.jpg\" \/>\n\t<meta property=\"og:image:width\" content=\"800\" \/>\n\t<meta property=\"og:image:height\" content=\"800\" \/>\n\t<meta property=\"og:image:type\" content=\"image\/jpeg\" \/>\n<meta name=\"twitter:card\" content=\"summary_large_image\" \/>\n<meta name=\"twitter:label1\" content=\"Tiempo de lectura\" \/>\n\t<meta name=\"twitter:data1\" content=\"2 minutos\" \/>\n<script type=\"application\/ld+json\" class=\"yoast-schema-graph\">{\"@context\":\"https:\\\/\\\/schema.org\",\"@graph\":[{\"@type\":\"WebPage\",\"@id\":\"https:\\\/\\\/franciscobelmonte.com\\\/tienda\\\/alpinestars-andes-v3-drystar-gris-oscuro-negro-rojo-brillante\\\/\",\"url\":\"https:\\\/\\\/franciscobelmonte.com\\\/tienda\\\/alpinestars-andes-v3-drystar-gris-oscuro-negro-rojo-brillante\\\/\",\"name\":\"CHAQUETA ALPINESTARS ANDES V3 DRYSTAR GRIS OSCURO \\\/ NEGRO \\\/ ROJO BRILLANTE - Boutique Francisco Belmonte\",\"isPartOf\":{\"@id\":\"https:\\\/\\\/franciscobelmonte.com\\\/tienda\\\/#website\"},\"primaryImageOfPage\":{\"@id\":\"https:\\\/\\\/franciscobelmonte.com\\\/tienda\\\/alpinestars-andes-v3-drystar-gris-oscuro-negro-rojo-brillante\\\/#primaryimage\"},\"image\":{\"@id\":\"https:\\\/\\\/franciscobelmonte.com\\\/tienda\\\/alpinestars-andes-v3-drystar-gris-oscuro-negro-rojo-brillante\\\/#primaryimage\"},\"thumbnailUrl\":\"https:\\\/\\\/franciscobelmonte.com\\\/tienda\\\/wp-content\\\/uploads\\\/2022\\\/02\\\/Chaqueta-alpinestars-andes-v3-drystar-gris-oscuro-negro-rojo-brillante.jpg\",\"datePublished\":\"2022-02-28T16:32:17+00:00\",\"dateModified\":\"2026-01-06T18:33:43+00:00\",\"description\":\"Chaqueta Alpinestars Andes V3 Drystar gris oscuro-negro-rojo brillante. Desc\u00fabrela en nuestra Boutique Francisco Belmonte en Murcia.\",\"breadcrumb\":{\"@id\":\"https:\\\/\\\/franciscobelmonte.com\\\/tienda\\\/alpinestars-andes-v3-drystar-gris-oscuro-negro-rojo-brillante\\\/#breadcrumb\"},\"inLanguage\":\"es\",\"potentialAction\":[{\"@type\":\"ReadAction\",\"target\":[\"https:\\\/\\\/franciscobelmonte.com\\\/tienda\\\/alpinestars-andes-v3-drystar-gris-oscuro-negro-rojo-brillante\\\/\"]}]},{\"@type\":\"ImageObject\",\"inLanguage\":\"es\",\"@id\":\"https:\\\/\\\/franciscobelmonte.com\\\/tienda\\\/alpinestars-andes-v3-drystar-gris-oscuro-negro-rojo-brillante\\\/#primaryimage\",\"url\":\"https:\\\/\\\/franciscobelmonte.com\\\/tienda\\\/wp-content\\\/uploads\\\/2022\\\/02\\\/Chaqueta-alpinestars-andes-v3-drystar-gris-oscuro-negro-rojo-brillante.jpg\",\"contentUrl\":\"https:\\\/\\\/franciscobelmonte.com\\\/tienda\\\/wp-content\\\/uploads\\\/2022\\\/02\\\/Chaqueta-alpinestars-andes-v3-drystar-gris-oscuro-negro-rojo-brillante.jpg\",\"width\":800,\"height\":800,\"caption\":\"chaqueta alpinestars andes v3 drystar gris oscuro negro rojo brillante\"},{\"@type\":\"BreadcrumbList\",\"@id\":\"https:\\\/\\\/franciscobelmonte.com\\\/tienda\\\/alpinestars-andes-v3-drystar-gris-oscuro-negro-rojo-brillante\\\/#breadcrumb\",\"itemListElement\":[{\"@type\":\"ListItem\",\"position\":1,\"name\":\"Portada\",\"item\":\"https:\\\/\\\/franciscobelmonte.com\\\/tienda\\\/\"},{\"@type\":\"ListItem\",\"position\":2,\"name\":\"Tienda\",\"item\":\"https:\\\/\\\/franciscobelmonte.com\\\/tienda\\\/boutique-equipamiento-motero\\\/\"},{\"@type\":\"ListItem\",\"position\":3,\"name\":\"CHAQUETA ALPINESTARS ANDES V3 DRYSTAR GRIS OSCURO \\\/ NEGRO \\\/ ROJO BRILLANTE\"}]},{\"@type\":\"WebSite\",\"@id\":\"https:\\\/\\\/franciscobelmonte.com\\\/tienda\\\/#website\",\"url\":\"https:\\\/\\\/franciscobelmonte.com\\\/tienda\\\/\",\"name\":\"Boutique Francisco Belmonte\",\"description\":\"Todo en complementos para motoristas\",\"publisher\":{\"@id\":\"https:\\\/\\\/franciscobelmonte.com\\\/tienda\\\/#organization\"},\"potentialAction\":[{\"@type\":\"SearchAction\",\"target\":{\"@type\":\"EntryPoint\",\"urlTemplate\":\"https:\\\/\\\/franciscobelmonte.com\\\/tienda\\\/?s={search_term_string}\"},\"query-input\":{\"@type\":\"PropertyValueSpecification\",\"valueRequired\":true,\"valueName\":\"search_term_string\"}}],\"inLanguage\":\"es\"},{\"@type\":\"Organization\",\"@id\":\"https:\\\/\\\/franciscobelmonte.com\\\/tienda\\\/#organization\",\"name\":\"Boutique Francisco Belmonte\",\"url\":\"https:\\\/\\\/franciscobelmonte.com\\\/tienda\\\/\",\"logo\":{\"@type\":\"ImageObject\",\"inLanguage\":\"es\",\"@id\":\"https:\\\/\\\/franciscobelmonte.com\\\/tienda\\\/#\\\/schema\\\/logo\\\/image\\\/\",\"url\":\"https:\\\/\\\/franciscobelmonte.com\\\/tienda\\\/wp-content\\\/uploads\\\/2021\\\/12\\\/Francisco-Belmonte-logo.png\",\"contentUrl\":\"https:\\\/\\\/franciscobelmonte.com\\\/tienda\\\/wp-content\\\/uploads\\\/2021\\\/12\\\/Francisco-Belmonte-logo.png\",\"width\":2153,\"height\":536,\"caption\":\"Boutique Francisco Belmonte\"},\"image\":{\"@id\":\"https:\\\/\\\/franciscobelmonte.com\\\/tienda\\\/#\\\/schema\\\/logo\\\/image\\\/\"},\"sameAs\":[\"https:\\\/\\\/www.facebook.com\\\/motosfranciscobelmonte\",\"https:\\\/\\\/www.instagram.com\\\/fco.belmonte\\\/\"]}]}<\/script>\n<!-- \/ Yoast SEO plugin. -->","yoast_head_json":{"title":"CHAQUETA ALPINESTARS ANDES V3 DRYSTAR GRIS OSCURO \/ NEGRO \/ ROJO BRILLANTE - Boutique Francisco Belmonte","description":"Chaqueta Alpinestars Andes V3 Drystar gris oscuro-negro-rojo brillante. Desc\u00fabrela en nuestra Boutique Francisco Belmonte en Murcia.","robots":{"index":"index","follow":"follow","max-snippet":"max-snippet:-1","max-image-preview":"max-image-preview:large","max-video-preview":"max-video-preview:-1"},"canonical":"https:\/\/franciscobelmonte.com\/tienda\/alpinestars-andes-v3-drystar-gris-oscuro-negro-rojo-brillante\/","og_locale":"es_ES","og_type":"article","og_title":"CHAQUETA ALPINESTARS ANDES V3 DRYSTAR GRIS OSCURO \/ NEGRO \/ ROJO BRILLANTE - Boutique Francisco Belmonte","og_description":"Chaqueta Alpinestars Andes V3 Drystar gris oscuro-negro-rojo brillante. Desc\u00fabrela en nuestra Boutique Francisco Belmonte en Murcia.","og_url":"https:\/\/franciscobelmonte.com\/tienda\/alpinestars-andes-v3-drystar-gris-oscuro-negro-rojo-brillante\/","og_site_name":"Boutique Francisco Belmonte","article_publisher":"https:\/\/www.facebook.com\/motosfranciscobelmonte","article_modified_time":"2026-01-06T18:33:43+00:00","og_image":[{"width":800,"height":800,"url":"https:\/\/franciscobelmonte.com\/tienda\/wp-content\/uploads\/2022\/02\/Chaqueta-alpinestars-andes-v3-drystar-gris-oscuro-negro-rojo-brillante.jpg","type":"image\/jpeg"}],"twitter_card":"summary_large_image","twitter_misc":{"Tiempo de lectura":"2 minutos"},"schema":{"@context":"https:\/\/schema.org","@graph":[{"@type":"WebPage","@id":"https:\/\/franciscobelmonte.com\/tienda\/alpinestars-andes-v3-drystar-gris-oscuro-negro-rojo-brillante\/","url":"https:\/\/franciscobelmonte.com\/tienda\/alpinestars-andes-v3-drystar-gris-oscuro-negro-rojo-brillante\/","name":"CHAQUETA ALPINESTARS ANDES V3 DRYSTAR GRIS OSCURO \/ NEGRO \/ ROJO BRILLANTE - Boutique Francisco Belmonte","isPartOf":{"@id":"https:\/\/franciscobelmonte.com\/tienda\/#website"},"primaryImageOfPage":{"@id":"https:\/\/franciscobelmonte.com\/tienda\/alpinestars-andes-v3-drystar-gris-oscuro-negro-rojo-brillante\/#primaryimage"},"image":{"@id":"https:\/\/franciscobelmonte.com\/tienda\/alpinestars-andes-v3-drystar-gris-oscuro-negro-rojo-brillante\/#primaryimage"},"thumbnailUrl":"https:\/\/franciscobelmonte.com\/tienda\/wp-content\/uploads\/2022\/02\/Chaqueta-alpinestars-andes-v3-drystar-gris-oscuro-negro-rojo-brillante.jpg","datePublished":"2022-02-28T16:32:17+00:00","dateModified":"2026-01-06T18:33:43+00:00","description":"Chaqueta Alpinestars Andes V3 Drystar gris oscuro-negro-rojo brillante. Desc\u00fabrela en nuestra Boutique Francisco Belmonte en Murcia.","breadcrumb":{"@id":"https:\/\/franciscobelmonte.com\/tienda\/alpinestars-andes-v3-drystar-gris-oscuro-negro-rojo-brillante\/#breadcrumb"},"inLanguage":"es","potentialAction":[{"@type":"ReadAction","target":["https:\/\/franciscobelmonte.com\/tienda\/alpinestars-andes-v3-drystar-gris-oscuro-negro-rojo-brillante\/"]}]},{"@type":"ImageObject","inLanguage":"es","@id":"https:\/\/franciscobelmonte.com\/tienda\/alpinestars-andes-v3-drystar-gris-oscuro-negro-rojo-brillante\/#primaryimage","url":"https:\/\/franciscobelmonte.com\/tienda\/wp-content\/uploads\/2022\/02\/Chaqueta-alpinestars-andes-v3-drystar-gris-oscuro-negro-rojo-brillante.jpg","contentUrl":"https:\/\/franciscobelmonte.com\/tienda\/wp-content\/uploads\/2022\/02\/Chaqueta-alpinestars-andes-v3-drystar-gris-oscuro-negro-rojo-brillante.jpg","width":800,"height":800,"caption":"chaqueta alpinestars andes v3 drystar gris oscuro negro rojo brillante"},{"@type":"BreadcrumbList","@id":"https:\/\/franciscobelmonte.com\/tienda\/alpinestars-andes-v3-drystar-gris-oscuro-negro-rojo-brillante\/#breadcrumb","itemListElement":[{"@type":"ListItem","position":1,"name":"Portada","item":"https:\/\/franciscobelmonte.com\/tienda\/"},{"@type":"ListItem","position":2,"name":"Tienda","item":"https:\/\/franciscobelmonte.com\/tienda\/boutique-equipamiento-motero\/"},{"@type":"ListItem","position":3,"name":"CHAQUETA ALPINESTARS ANDES V3 DRYSTAR GRIS OSCURO \/ NEGRO \/ ROJO BRILLANTE"}]},{"@type":"WebSite","@id":"https:\/\/franciscobelmonte.com\/tienda\/#website","url":"https:\/\/franciscobelmonte.com\/tienda\/","name":"Boutique Francisco Belmonte","description":"Todo en complementos para motoristas","publisher":{"@id":"https:\/\/franciscobelmonte.com\/tienda\/#organization"},"potentialAction":[{"@type":"SearchAction","target":{"@type":"EntryPoint","urlTemplate":"https:\/\/franciscobelmonte.com\/tienda\/?s={search_term_string}"},"query-input":{"@type":"PropertyValueSpecification","valueRequired":true,"valueName":"search_term_string"}}],"inLanguage":"es"},{"@type":"Organization","@id":"https:\/\/franciscobelmonte.com\/tienda\/#organization","name":"Boutique Francisco Belmonte","url":"https:\/\/franciscobelmonte.com\/tienda\/","logo":{"@type":"ImageObject","inLanguage":"es","@id":"https:\/\/franciscobelmonte.com\/tienda\/#\/schema\/logo\/image\/","url":"https:\/\/franciscobelmonte.com\/tienda\/wp-content\/uploads\/2021\/12\/Francisco-Belmonte-logo.png","contentUrl":"https:\/\/franciscobelmonte.com\/tienda\/wp-content\/uploads\/2021\/12\/Francisco-Belmonte-logo.png","width":2153,"height":536,"caption":"Boutique Francisco Belmonte"},"image":{"@id":"https:\/\/franciscobelmonte.com\/tienda\/#\/schema\/logo\/image\/"},"sameAs":["https:\/\/www.facebook.com\/motosfranciscobelmonte","https:\/\/www.instagram.com\/fco.belmonte\/"]}]}},"jetpack_sharing_enabled":true,"brands":[{"id":186,"name":"Alpinestars","slug":"alpinestars"}],"_links":{"self":[{"href":"https:\/\/franciscobelmonte.com\/tienda\/wp-json\/wp\/v2\/product\/1231","targetHints":{"allow":["GET"]}}],"collection":[{"href":"https:\/\/franciscobelmonte.com\/tienda\/wp-json\/wp\/v2\/product"}],"about":[{"href":"https:\/\/franciscobelmonte.com\/tienda\/wp-json\/wp\/v2\/types\/product"}],"replies":[{"embeddable":true,"href":"https:\/\/franciscobelmonte.com\/tienda\/wp-json\/wp\/v2\/comments?post=1231"}],"wp:featuredmedia":[{"embeddable":true,"href":"https:\/\/franciscobelmonte.com\/tienda\/wp-json\/wp\/v2\/media\/1239"}],"wp:attachment":[{"href":"https:\/\/franciscobelmonte.com\/tienda\/wp-json\/wp\/v2\/media?parent=1231"}],"wp:term":[{"taxonomy":"pwb-brand","embeddable":true,"href":"https:\/\/franciscobelmonte.com\/tienda\/wp-json\/wp\/v2\/pwb-brand?post=1231"},{"taxonomy":"product_brand","embeddable":true,"href":"https:\/\/franciscobelmonte.com\/tienda\/wp-json\/wp\/v2\/product_brand?post=1231"},{"taxonomy":"product_cat","embeddable":true,"href":"https:\/\/franciscobelmonte.com\/tienda\/wp-json\/wp\/v2\/product_cat?post=1231"},{"taxonomy":"product_tag","embeddable":true,"href":"https:\/\/franciscobelmonte.com\/tienda\/wp-json\/wp\/v2\/product_tag?post=1231"}],"curies":[{"name":"wp","href":"https:\/\/api.w.org\/{rel}","templated":true}]}}