{"id":1247,"date":"2022-02-28T17:24:11","date_gmt":"2022-02-28T17:24:11","guid":{"rendered":"https:\/\/franciscobelmonte.com\/?post_type=product&#038;p=1247"},"modified":"2026-02-18T16:48:02","modified_gmt":"2026-02-18T14:48:02","slug":"alpinestars-stella-andes-v3-drystar-lady-negro-gris-oscuro","status":"publish","type":"product","link":"https:\/\/franciscobelmonte.com\/tienda\/alpinestars-stella-andes-v3-drystar-lady-negro-gris-oscuro\/","title":{"rendered":"CHAQUETA ALPINESTARS STELLA ANDES V3 DRYSTAR LADY NEGRO\/GRIS OSCURO"},"content":{"rendered":"<h1><strong>Chaqueta Alpinestars Stella Andes V3 Drystar Lady Negro\/Gris oscuro<\/strong><\/h1>\n<p>Chaqueta touring con ajuste espec\u00edfico para mujer que incorpora la exclusiva membrana Drystar 100% impermeable y transpirable de Alpinestars.<\/p>\n<p><strong>Confecci\u00f3n<\/strong><\/p>\n<ul class=\"squareUl\">\n<li>Confeccionada en avanzado tejido de poli\u00e9ster reforzado para mayor durabilidad<\/li>\n<li>Texturas reforzadas de pol\u00edmero en zonas cr\u00edticas del codo y parte inferior del brazo para una mayor resistencia a la abrasi\u00f3n<\/li>\n<li>Incorpora la exclusiva membrana Drystar de Alpinestars (100% impermeable y transpirable), ofreciendo un excelente rendimiento en cualquier condici\u00f3n clim\u00e1tica<\/li>\n<li>Forro t\u00e9rmico desmontable de manga larga (100g. en el cuerpo y 80g. en las mangas)<\/li>\n<li>Nuevo sistema de ventilaci\u00f3n directa (DVS). Sus entradas y salidas de aire en zona pectoral y espalda respectivamente producen una \u00f3ptima circulaci\u00f3n del flujo de aire.<\/li>\n<\/ul>\n<p><strong>Seguridad<\/strong><\/p>\n<ul class=\"squareUl\">\n<li>Elementos reflectantes para mejorar visibilidad en conducci\u00f3n nocturna o poca visibilidad<\/li>\n<li>Compartimentos en pecho y espalda en los que se pueden montar sus correspondientes protectores Alpinestars (no inclu\u00eddos)<\/li>\n<li>Protecciones desmontables Nucleon flex Plus en hombros y codos con certificaci\u00f3n CE EN1621-1201 Nivel 1<\/li>\n<li>Se puedo usar con Airbag Tech-Air 5 (no inclu\u00eddo)<\/li>\n<\/ul>\n<p><strong>Confort<\/strong><\/p>\n<ul class=\"squareUl\">\n<li>Paneles el\u00e1sticos en zona de codos<\/li>\n<li>Cuello con acabado suave en borde y construcci\u00f3n de malla \u00b7d que genera un mayor confort en largas distancias<\/li>\n<li>Mangas pre-curvadas para una mayor comodidad en la posici\u00f3n de conducci\u00f3n<\/li>\n<li>Bolsillos delanteros impermeables<\/li>\n<li>Cremallera en frontal YKK de alta calidad<\/li>\n<li>1 Gran bolsillo en la parte baja de la espalda<\/li>\n<li>En el interior lleva varios bolsillos, de los cuales uno es impermeable para la cartera<\/li>\n<li>Los bolsillos de mano con cremallera en su parte superior del pecho funcionan en conjunto con las aberturas de ventilaci\u00f3n directa, lo cual aseguran niveles personalizados de flujo de aire de refrigeraci\u00f3n<\/li>\n<\/ul>\n<p><strong>Homologaci\u00f3n<\/strong><\/p>\n<ul style=\"list-style-type: square;\">\n<li>Chaqueta certificada seg\u00fan la normativa CE PrEn 17092 Cat. II Clase A<\/li>\n<\/ul>\n","protected":false},"excerpt":{"rendered":"<p>Chaqueta touring con ajuste espec\u00edfico para mujer que incorpora la exclusiva membrana Drystar 100% impermeable y transpirable de Alpinestars.<\/p>\n<p><a style=\"color: #0000ff;\" href=\"https:\/\/franciscobelmonte.com\/tienda\/wp-content\/uploads\/2022\/09\/Tallas-pantalones-y-chaquetas-alpinestars-mujer.png\" target=\"_blank\" rel=\"noopener\"><span style=\"font-size: xx-small;\"> Ver gu\u00eda de tallas<\/span><\/a><\/p>\n","protected":false},"featured_media":11270,"comment_status":"open","ping_status":"closed","template":"","meta":{"_themeisle_gutenberg_block_has_review":false},"pwb-brand":[186],"product_brand":[],"product_cat":[46,137],"product_tag":[865,771,842,888],"class_list":{"0":"post-1247","1":"product","2":"type-product","3":"status-publish","4":"has-post-thumbnail","6":"pwb-brand-alpinestars","7":"product_cat-chaquetas-de-moto","8":"product_cat-chaquetas-de-moto-invierno","9":"product_tag-865","10":"product_tag-alpinestars-sin-rebajas-25","11":"product_tag-invierno-20","12":"product_tag-rebajas-40","14":"first","15":"instock","16":"sale","17":"taxable","18":"shipping-taxable","19":"purchasable","20":"product-type-variable","21":"has-default-attributes"},"yoast_head":"<!-- This site is optimized with the Yoast SEO plugin v27.5 - https:\/\/yoast.com\/product\/yoast-seo-wordpress\/ -->\n<title>CHAQUETA ALPINESTARS STELLA ANDES V3 DRYSTAR LADY NEGRO\/GRIS OSCURO - Boutique Francisco Belmonte<\/title>\n<meta name=\"description\" content=\"Chaqueta Alpinestars Stella Andes V3 Drystar Lady negro-gris-oscuro. Desc\u00fabrela en nuestra Boutique Francisco Belmonte en Murcia.\" \/>\n<meta name=\"robots\" content=\"index, follow, max-snippet:-1, max-image-preview:large, max-video-preview:-1\" \/>\n<link rel=\"canonical\" href=\"https:\/\/franciscobelmonte.com\/tienda\/alpinestars-stella-andes-v3-drystar-lady-negro-gris-oscuro\/\" \/>\n<meta property=\"og:locale\" content=\"es_ES\" \/>\n<meta property=\"og:type\" content=\"article\" \/>\n<meta property=\"og:title\" content=\"CHAQUETA ALPINESTARS STELLA ANDES V3 DRYSTAR LADY NEGRO\/GRIS OSCURO - Boutique Francisco Belmonte\" \/>\n<meta property=\"og:description\" content=\"Chaqueta Alpinestars Stella Andes V3 Drystar Lady negro-gris-oscuro. Desc\u00fabrela en nuestra Boutique Francisco Belmonte en Murcia.\" \/>\n<meta property=\"og:url\" content=\"https:\/\/franciscobelmonte.com\/tienda\/alpinestars-stella-andes-v3-drystar-lady-negro-gris-oscuro\/\" \/>\n<meta property=\"og:site_name\" content=\"Boutique Francisco Belmonte\" \/>\n<meta property=\"article:publisher\" content=\"https:\/\/www.facebook.com\/motosfranciscobelmonte\" \/>\n<meta property=\"article:modified_time\" content=\"2026-02-18T14:48:02+00:00\" \/>\n<meta property=\"og:image\" content=\"https:\/\/franciscobelmonte.com\/tienda\/wp-content\/uploads\/2022\/02\/chaqueta-alpinestars-stella-andes-v3-drystar-lady-negro-gris-oscuro.jpg\" \/>\n\t<meta property=\"og:image:width\" content=\"800\" \/>\n\t<meta property=\"og:image:height\" content=\"800\" \/>\n\t<meta property=\"og:image:type\" content=\"image\/jpeg\" \/>\n<meta name=\"twitter:card\" content=\"summary_large_image\" \/>\n<meta name=\"twitter:label1\" content=\"Tiempo de lectura\" \/>\n\t<meta name=\"twitter:data1\" content=\"2 minutos\" \/>\n<script type=\"application\/ld+json\" class=\"yoast-schema-graph\">{\"@context\":\"https:\\\/\\\/schema.org\",\"@graph\":[{\"@type\":\"WebPage\",\"@id\":\"https:\\\/\\\/franciscobelmonte.com\\\/tienda\\\/alpinestars-stella-andes-v3-drystar-lady-negro-gris-oscuro\\\/\",\"url\":\"https:\\\/\\\/franciscobelmonte.com\\\/tienda\\\/alpinestars-stella-andes-v3-drystar-lady-negro-gris-oscuro\\\/\",\"name\":\"CHAQUETA ALPINESTARS STELLA ANDES V3 DRYSTAR LADY NEGRO\\\/GRIS OSCURO - Boutique Francisco Belmonte\",\"isPartOf\":{\"@id\":\"https:\\\/\\\/franciscobelmonte.com\\\/tienda\\\/#website\"},\"primaryImageOfPage\":{\"@id\":\"https:\\\/\\\/franciscobelmonte.com\\\/tienda\\\/alpinestars-stella-andes-v3-drystar-lady-negro-gris-oscuro\\\/#primaryimage\"},\"image\":{\"@id\":\"https:\\\/\\\/franciscobelmonte.com\\\/tienda\\\/alpinestars-stella-andes-v3-drystar-lady-negro-gris-oscuro\\\/#primaryimage\"},\"thumbnailUrl\":\"https:\\\/\\\/franciscobelmonte.com\\\/tienda\\\/wp-content\\\/uploads\\\/2022\\\/02\\\/chaqueta-alpinestars-stella-andes-v3-drystar-lady-negro-gris-oscuro.jpg\",\"datePublished\":\"2022-02-28T17:24:11+00:00\",\"dateModified\":\"2026-02-18T14:48:02+00:00\",\"description\":\"Chaqueta Alpinestars Stella Andes V3 Drystar Lady negro-gris-oscuro. Desc\u00fabrela en nuestra Boutique Francisco Belmonte en Murcia.\",\"breadcrumb\":{\"@id\":\"https:\\\/\\\/franciscobelmonte.com\\\/tienda\\\/alpinestars-stella-andes-v3-drystar-lady-negro-gris-oscuro\\\/#breadcrumb\"},\"inLanguage\":\"es\",\"potentialAction\":[{\"@type\":\"ReadAction\",\"target\":[\"https:\\\/\\\/franciscobelmonte.com\\\/tienda\\\/alpinestars-stella-andes-v3-drystar-lady-negro-gris-oscuro\\\/\"]}]},{\"@type\":\"ImageObject\",\"inLanguage\":\"es\",\"@id\":\"https:\\\/\\\/franciscobelmonte.com\\\/tienda\\\/alpinestars-stella-andes-v3-drystar-lady-negro-gris-oscuro\\\/#primaryimage\",\"url\":\"https:\\\/\\\/franciscobelmonte.com\\\/tienda\\\/wp-content\\\/uploads\\\/2022\\\/02\\\/chaqueta-alpinestars-stella-andes-v3-drystar-lady-negro-gris-oscuro.jpg\",\"contentUrl\":\"https:\\\/\\\/franciscobelmonte.com\\\/tienda\\\/wp-content\\\/uploads\\\/2022\\\/02\\\/chaqueta-alpinestars-stella-andes-v3-drystar-lady-negro-gris-oscuro.jpg\",\"width\":800,\"height\":800,\"caption\":\"chaqueta alpinestars stella andes v3 drystar lady negro-gris oscuro en murcia francisco belmonte\"},{\"@type\":\"BreadcrumbList\",\"@id\":\"https:\\\/\\\/franciscobelmonte.com\\\/tienda\\\/alpinestars-stella-andes-v3-drystar-lady-negro-gris-oscuro\\\/#breadcrumb\",\"itemListElement\":[{\"@type\":\"ListItem\",\"position\":1,\"name\":\"Portada\",\"item\":\"https:\\\/\\\/franciscobelmonte.com\\\/tienda\\\/\"},{\"@type\":\"ListItem\",\"position\":2,\"name\":\"Tienda\",\"item\":\"https:\\\/\\\/franciscobelmonte.com\\\/tienda\\\/boutique-equipamiento-motero\\\/\"},{\"@type\":\"ListItem\",\"position\":3,\"name\":\"CHAQUETA ALPINESTARS STELLA ANDES V3 DRYSTAR LADY NEGRO\\\/GRIS OSCURO\"}]},{\"@type\":\"WebSite\",\"@id\":\"https:\\\/\\\/franciscobelmonte.com\\\/tienda\\\/#website\",\"url\":\"https:\\\/\\\/franciscobelmonte.com\\\/tienda\\\/\",\"name\":\"Boutique Francisco Belmonte\",\"description\":\"Todo en complementos para motoristas\",\"publisher\":{\"@id\":\"https:\\\/\\\/franciscobelmonte.com\\\/tienda\\\/#organization\"},\"potentialAction\":[{\"@type\":\"SearchAction\",\"target\":{\"@type\":\"EntryPoint\",\"urlTemplate\":\"https:\\\/\\\/franciscobelmonte.com\\\/tienda\\\/?s={search_term_string}\"},\"query-input\":{\"@type\":\"PropertyValueSpecification\",\"valueRequired\":true,\"valueName\":\"search_term_string\"}}],\"inLanguage\":\"es\"},{\"@type\":\"Organization\",\"@id\":\"https:\\\/\\\/franciscobelmonte.com\\\/tienda\\\/#organization\",\"name\":\"Boutique Francisco Belmonte\",\"url\":\"https:\\\/\\\/franciscobelmonte.com\\\/tienda\\\/\",\"logo\":{\"@type\":\"ImageObject\",\"inLanguage\":\"es\",\"@id\":\"https:\\\/\\\/franciscobelmonte.com\\\/tienda\\\/#\\\/schema\\\/logo\\\/image\\\/\",\"url\":\"https:\\\/\\\/franciscobelmonte.com\\\/tienda\\\/wp-content\\\/uploads\\\/2021\\\/12\\\/Francisco-Belmonte-logo.png\",\"contentUrl\":\"https:\\\/\\\/franciscobelmonte.com\\\/tienda\\\/wp-content\\\/uploads\\\/2021\\\/12\\\/Francisco-Belmonte-logo.png\",\"width\":2153,\"height\":536,\"caption\":\"Boutique Francisco Belmonte\"},\"image\":{\"@id\":\"https:\\\/\\\/franciscobelmonte.com\\\/tienda\\\/#\\\/schema\\\/logo\\\/image\\\/\"},\"sameAs\":[\"https:\\\/\\\/www.facebook.com\\\/motosfranciscobelmonte\",\"https:\\\/\\\/www.instagram.com\\\/fco.belmonte\\\/\"]}]}<\/script>\n<!-- \/ Yoast SEO plugin. -->","yoast_head_json":{"title":"CHAQUETA ALPINESTARS STELLA ANDES V3 DRYSTAR LADY NEGRO\/GRIS OSCURO - Boutique Francisco Belmonte","description":"Chaqueta Alpinestars Stella Andes V3 Drystar Lady negro-gris-oscuro. Desc\u00fabrela en nuestra Boutique Francisco Belmonte en Murcia.","robots":{"index":"index","follow":"follow","max-snippet":"max-snippet:-1","max-image-preview":"max-image-preview:large","max-video-preview":"max-video-preview:-1"},"canonical":"https:\/\/franciscobelmonte.com\/tienda\/alpinestars-stella-andes-v3-drystar-lady-negro-gris-oscuro\/","og_locale":"es_ES","og_type":"article","og_title":"CHAQUETA ALPINESTARS STELLA ANDES V3 DRYSTAR LADY NEGRO\/GRIS OSCURO - Boutique Francisco Belmonte","og_description":"Chaqueta Alpinestars Stella Andes V3 Drystar Lady negro-gris-oscuro. Desc\u00fabrela en nuestra Boutique Francisco Belmonte en Murcia.","og_url":"https:\/\/franciscobelmonte.com\/tienda\/alpinestars-stella-andes-v3-drystar-lady-negro-gris-oscuro\/","og_site_name":"Boutique Francisco Belmonte","article_publisher":"https:\/\/www.facebook.com\/motosfranciscobelmonte","article_modified_time":"2026-02-18T14:48:02+00:00","og_image":[{"width":800,"height":800,"url":"https:\/\/franciscobelmonte.com\/tienda\/wp-content\/uploads\/2022\/02\/chaqueta-alpinestars-stella-andes-v3-drystar-lady-negro-gris-oscuro.jpg","type":"image\/jpeg"}],"twitter_card":"summary_large_image","twitter_misc":{"Tiempo de lectura":"2 minutos"},"schema":{"@context":"https:\/\/schema.org","@graph":[{"@type":"WebPage","@id":"https:\/\/franciscobelmonte.com\/tienda\/alpinestars-stella-andes-v3-drystar-lady-negro-gris-oscuro\/","url":"https:\/\/franciscobelmonte.com\/tienda\/alpinestars-stella-andes-v3-drystar-lady-negro-gris-oscuro\/","name":"CHAQUETA ALPINESTARS STELLA ANDES V3 DRYSTAR LADY NEGRO\/GRIS OSCURO - Boutique Francisco Belmonte","isPartOf":{"@id":"https:\/\/franciscobelmonte.com\/tienda\/#website"},"primaryImageOfPage":{"@id":"https:\/\/franciscobelmonte.com\/tienda\/alpinestars-stella-andes-v3-drystar-lady-negro-gris-oscuro\/#primaryimage"},"image":{"@id":"https:\/\/franciscobelmonte.com\/tienda\/alpinestars-stella-andes-v3-drystar-lady-negro-gris-oscuro\/#primaryimage"},"thumbnailUrl":"https:\/\/franciscobelmonte.com\/tienda\/wp-content\/uploads\/2022\/02\/chaqueta-alpinestars-stella-andes-v3-drystar-lady-negro-gris-oscuro.jpg","datePublished":"2022-02-28T17:24:11+00:00","dateModified":"2026-02-18T14:48:02+00:00","description":"Chaqueta Alpinestars Stella Andes V3 Drystar Lady negro-gris-oscuro. Desc\u00fabrela en nuestra Boutique Francisco Belmonte en Murcia.","breadcrumb":{"@id":"https:\/\/franciscobelmonte.com\/tienda\/alpinestars-stella-andes-v3-drystar-lady-negro-gris-oscuro\/#breadcrumb"},"inLanguage":"es","potentialAction":[{"@type":"ReadAction","target":["https:\/\/franciscobelmonte.com\/tienda\/alpinestars-stella-andes-v3-drystar-lady-negro-gris-oscuro\/"]}]},{"@type":"ImageObject","inLanguage":"es","@id":"https:\/\/franciscobelmonte.com\/tienda\/alpinestars-stella-andes-v3-drystar-lady-negro-gris-oscuro\/#primaryimage","url":"https:\/\/franciscobelmonte.com\/tienda\/wp-content\/uploads\/2022\/02\/chaqueta-alpinestars-stella-andes-v3-drystar-lady-negro-gris-oscuro.jpg","contentUrl":"https:\/\/franciscobelmonte.com\/tienda\/wp-content\/uploads\/2022\/02\/chaqueta-alpinestars-stella-andes-v3-drystar-lady-negro-gris-oscuro.jpg","width":800,"height":800,"caption":"chaqueta alpinestars stella andes v3 drystar lady negro-gris oscuro en murcia francisco belmonte"},{"@type":"BreadcrumbList","@id":"https:\/\/franciscobelmonte.com\/tienda\/alpinestars-stella-andes-v3-drystar-lady-negro-gris-oscuro\/#breadcrumb","itemListElement":[{"@type":"ListItem","position":1,"name":"Portada","item":"https:\/\/franciscobelmonte.com\/tienda\/"},{"@type":"ListItem","position":2,"name":"Tienda","item":"https:\/\/franciscobelmonte.com\/tienda\/boutique-equipamiento-motero\/"},{"@type":"ListItem","position":3,"name":"CHAQUETA ALPINESTARS STELLA ANDES V3 DRYSTAR LADY NEGRO\/GRIS OSCURO"}]},{"@type":"WebSite","@id":"https:\/\/franciscobelmonte.com\/tienda\/#website","url":"https:\/\/franciscobelmonte.com\/tienda\/","name":"Boutique Francisco Belmonte","description":"Todo en complementos para motoristas","publisher":{"@id":"https:\/\/franciscobelmonte.com\/tienda\/#organization"},"potentialAction":[{"@type":"SearchAction","target":{"@type":"EntryPoint","urlTemplate":"https:\/\/franciscobelmonte.com\/tienda\/?s={search_term_string}"},"query-input":{"@type":"PropertyValueSpecification","valueRequired":true,"valueName":"search_term_string"}}],"inLanguage":"es"},{"@type":"Organization","@id":"https:\/\/franciscobelmonte.com\/tienda\/#organization","name":"Boutique Francisco Belmonte","url":"https:\/\/franciscobelmonte.com\/tienda\/","logo":{"@type":"ImageObject","inLanguage":"es","@id":"https:\/\/franciscobelmonte.com\/tienda\/#\/schema\/logo\/image\/","url":"https:\/\/franciscobelmonte.com\/tienda\/wp-content\/uploads\/2021\/12\/Francisco-Belmonte-logo.png","contentUrl":"https:\/\/franciscobelmonte.com\/tienda\/wp-content\/uploads\/2021\/12\/Francisco-Belmonte-logo.png","width":2153,"height":536,"caption":"Boutique Francisco Belmonte"},"image":{"@id":"https:\/\/franciscobelmonte.com\/tienda\/#\/schema\/logo\/image\/"},"sameAs":["https:\/\/www.facebook.com\/motosfranciscobelmonte","https:\/\/www.instagram.com\/fco.belmonte\/"]}]}},"jetpack_sharing_enabled":true,"brands":[{"id":186,"name":"Alpinestars","slug":"alpinestars"}],"_links":{"self":[{"href":"https:\/\/franciscobelmonte.com\/tienda\/wp-json\/wp\/v2\/product\/1247","targetHints":{"allow":["GET"]}}],"collection":[{"href":"https:\/\/franciscobelmonte.com\/tienda\/wp-json\/wp\/v2\/product"}],"about":[{"href":"https:\/\/franciscobelmonte.com\/tienda\/wp-json\/wp\/v2\/types\/product"}],"replies":[{"embeddable":true,"href":"https:\/\/franciscobelmonte.com\/tienda\/wp-json\/wp\/v2\/comments?post=1247"}],"wp:featuredmedia":[{"embeddable":true,"href":"https:\/\/franciscobelmonte.com\/tienda\/wp-json\/wp\/v2\/media\/11270"}],"wp:attachment":[{"href":"https:\/\/franciscobelmonte.com\/tienda\/wp-json\/wp\/v2\/media?parent=1247"}],"wp:term":[{"taxonomy":"pwb-brand","embeddable":true,"href":"https:\/\/franciscobelmonte.com\/tienda\/wp-json\/wp\/v2\/pwb-brand?post=1247"},{"taxonomy":"product_brand","embeddable":true,"href":"https:\/\/franciscobelmonte.com\/tienda\/wp-json\/wp\/v2\/product_brand?post=1247"},{"taxonomy":"product_cat","embeddable":true,"href":"https:\/\/franciscobelmonte.com\/tienda\/wp-json\/wp\/v2\/product_cat?post=1247"},{"taxonomy":"product_tag","embeddable":true,"href":"https:\/\/franciscobelmonte.com\/tienda\/wp-json\/wp\/v2\/product_tag?post=1247"}],"curies":[{"name":"wp","href":"https:\/\/api.w.org\/{rel}","templated":true}]}}