{"id":12523,"date":"2024-07-22T12:19:08","date_gmt":"2024-07-22T10:19:08","guid":{"rendered":"https:\/\/franciscobelmonte.com\/tienda\/?post_type=product&#038;p=12523"},"modified":"2025-11-25T13:28:56","modified_gmt":"2025-11-25T11:28:56","slug":"chaqueta-quarter-mile-tracer-verde","status":"publish","type":"product","link":"https:\/\/franciscobelmonte.com\/tienda\/chaqueta-quarter-mile-tracer-verde\/","title":{"rendered":"CHAQUETA QUARTER MILE TRACER VERDE"},"content":{"rendered":"<h2>Chaqueta Quarter Mile Tracer Verde<\/h2>\n<p>Chaqueta perforada polivalente dise\u00f1ada para los meses m\u00e1s calurosos del a\u00f1o. Perfecta para cualquier tipo de moto.<\/p>\n<p><strong>M\u00c1XIMA VENTILACI\u00d3N Y SEGURIDAD<\/strong><\/p>\n<p>La chaqueta Tracer ofrece la\u00a0<strong>m\u00e1xima ventilaci\u00f3n sin renunciar a la seguridad<\/strong>\u00a0necesaria en tus trayectos en moto.<\/p>\n<p>Su composici\u00f3n de Mesh (poli\u00e9ster 600) ofrece una<strong>\u00a0gran resistencia a la abrasi\u00f3n<\/strong>. Gracias a su punto abierto, el aire refrigera el torso, generando una sensaci\u00f3n muy agradable en los meses m\u00e1s c\u00e1lidos del a\u00f1o.<\/p>\n<p>Dispone de\u00a0<strong>ajustes en brazo y cintura<\/strong>, garantizado el perfecto ajuste de la chaqueta. El\u00a0<strong>cuello incorpora un pin regulable<\/strong>\u00a0que permite aumentar y disminuir hasta 3 cent\u00edmetros.<\/p>\n<p>Incluye\u00a0un<strong>\u00a0forro interior desmontable<\/strong>\u00a0fabricado en Qdry Tex, una membrana impermeable y\u00a0traspirable que en caso de lluvia o viento, te dar\u00e1 un plus de seguridad para finalizar tu ruta.<\/p>\n<p>Gracias a su set de completo de\u00a0<strong>protecciones CE homologadas<\/strong>\u00a0(codo y hombro), viaja con la tranquilidad de ir seguro. Su\u00a0<strong>protector de espalda articulado<\/strong>\u00a0te facilitar\u00e1 la postura en la moto.<\/p>\n<p class=\"page-product-heading\"><strong>Exterior de la\u00a0chaqueta<\/strong><\/p>\n<div class=\"rte\">\n<ul>\n<li>Confeccionado en AIR MESH Polyester.<\/li>\n<li>Tecnolog\u00eda AAS y Perfect Fit.<\/li>\n<li>2 bolsillos exteriores frontales.<\/li>\n<li>Ajustes en cuello, brazos y en cintura.<\/li>\n<li>Reflectante en brazos y cuello.<\/li>\n<\/ul>\n<p><strong>\u00a0Interior de la\u00a0chaqueta<\/strong><\/p>\n<ul>\n<li>Forro interior fijo Mesh Lining<\/li>\n<li>Forro Q-Dry Tex membrana impermeable, transpirable y desmontable.<\/li>\n<li>Protecciones CE desmontables en codos y hombros.<\/li>\n<li>Protector espalda articulado. Desmontable.<\/li>\n<\/ul>\n<\/div>\n","protected":false},"excerpt":{"rendered":"<p>Chaqueta perforada polivalente dise\u00f1ada para los meses m\u00e1s calurosos del a\u00f1o. Perfecta para cualquier tipo de moto.<\/p>\n<p><a style=\"color: #0000ff;\" href=\"https:\/\/franciscobelmonte.com\/tienda\/wp-content\/uploads\/2022\/09\/Tallas-chaquetas-y-pantalones-quarter-mile-hombre.png\" target=\"_blank\" rel=\"noopener\"><span style=\"font-size: xx-small;\"> Ver gu\u00eda de tallas<\/span><\/a><\/p>\n","protected":false},"featured_media":12530,"comment_status":"open","ping_status":"closed","template":"","meta":{"_themeisle_gutenberg_block_has_review":false},"pwb-brand":[194],"product_brand":[],"product_cat":[46,136],"product_tag":[865,850,772],"class_list":{"0":"post-12523","1":"product","2":"type-product","3":"status-publish","4":"has-post-thumbnail","6":"pwb-brand-quarter-mile","7":"product_cat-chaquetas-de-moto","8":"product_cat-chaqueta-de-moto-verano","9":"product_tag-865","10":"product_tag-rebajas-ropa-verano-20","11":"product_tag-todas-marcas-verano-25","13":"first","14":"outofstock","15":"taxable","16":"shipping-taxable","17":"product-type-variable","18":"has-default-attributes"},"yoast_head":"<!-- This site is optimized with the Yoast SEO plugin v27.3 - https:\/\/yoast.com\/product\/yoast-seo-wordpress\/ -->\n<title>CHAQUETA QUARTER MILE TRACER VERDE - Boutique Francisco Belmonte<\/title>\n<meta name=\"description\" content=\"Chaqueta Quarter Mile Tracer Verde. Chaquetas de moto Quarter Mile en nuestra Boutique Francisco Belmonte en Murcia, al mejor precio.\" \/>\n<meta name=\"robots\" content=\"index, follow, max-snippet:-1, max-image-preview:large, max-video-preview:-1\" \/>\n<link rel=\"canonical\" href=\"https:\/\/franciscobelmonte.com\/tienda\/chaqueta-quarter-mile-tracer-verde\/\" \/>\n<meta property=\"og:locale\" content=\"es_ES\" \/>\n<meta property=\"og:type\" content=\"article\" \/>\n<meta property=\"og:title\" content=\"CHAQUETA QUARTER MILE TRACER VERDE - Boutique Francisco Belmonte\" \/>\n<meta property=\"og:description\" content=\"Chaqueta Quarter Mile Tracer Verde. Chaquetas de moto Quarter Mile en nuestra Boutique Francisco Belmonte en Murcia, al mejor precio.\" \/>\n<meta property=\"og:url\" content=\"https:\/\/franciscobelmonte.com\/tienda\/chaqueta-quarter-mile-tracer-verde\/\" \/>\n<meta property=\"og:site_name\" content=\"Boutique Francisco Belmonte\" \/>\n<meta property=\"article:publisher\" content=\"https:\/\/www.facebook.com\/motosfranciscobelmonte\" \/>\n<meta property=\"article:modified_time\" content=\"2025-11-25T11:28:56+00:00\" \/>\n<meta property=\"og:image\" content=\"https:\/\/franciscobelmonte.com\/tienda\/wp-content\/uploads\/2024\/07\/chaqueta-quarter-mile-tracer-verde.jpg\" \/>\n\t<meta property=\"og:image:width\" content=\"800\" \/>\n\t<meta property=\"og:image:height\" content=\"800\" \/>\n\t<meta property=\"og:image:type\" content=\"image\/jpeg\" \/>\n<meta name=\"twitter:card\" content=\"summary_large_image\" \/>\n<meta name=\"twitter:label1\" content=\"Tiempo de lectura\" \/>\n\t<meta name=\"twitter:data1\" content=\"1 minuto\" \/>\n<script type=\"application\/ld+json\" class=\"yoast-schema-graph\">{\"@context\":\"https:\\\/\\\/schema.org\",\"@graph\":[{\"@type\":\"WebPage\",\"@id\":\"https:\\\/\\\/franciscobelmonte.com\\\/tienda\\\/chaqueta-quarter-mile-tracer-verde\\\/\",\"url\":\"https:\\\/\\\/franciscobelmonte.com\\\/tienda\\\/chaqueta-quarter-mile-tracer-verde\\\/\",\"name\":\"CHAQUETA QUARTER MILE TRACER VERDE - Boutique Francisco Belmonte\",\"isPartOf\":{\"@id\":\"https:\\\/\\\/franciscobelmonte.com\\\/tienda\\\/#website\"},\"primaryImageOfPage\":{\"@id\":\"https:\\\/\\\/franciscobelmonte.com\\\/tienda\\\/chaqueta-quarter-mile-tracer-verde\\\/#primaryimage\"},\"image\":{\"@id\":\"https:\\\/\\\/franciscobelmonte.com\\\/tienda\\\/chaqueta-quarter-mile-tracer-verde\\\/#primaryimage\"},\"thumbnailUrl\":\"https:\\\/\\\/franciscobelmonte.com\\\/tienda\\\/wp-content\\\/uploads\\\/2024\\\/07\\\/chaqueta-quarter-mile-tracer-verde.jpg\",\"datePublished\":\"2024-07-22T10:19:08+00:00\",\"dateModified\":\"2025-11-25T11:28:56+00:00\",\"description\":\"Chaqueta Quarter Mile Tracer Verde. Chaquetas de moto Quarter Mile en nuestra Boutique Francisco Belmonte en Murcia, al mejor precio.\",\"breadcrumb\":{\"@id\":\"https:\\\/\\\/franciscobelmonte.com\\\/tienda\\\/chaqueta-quarter-mile-tracer-verde\\\/#breadcrumb\"},\"inLanguage\":\"es\",\"potentialAction\":[{\"@type\":\"ReadAction\",\"target\":[\"https:\\\/\\\/franciscobelmonte.com\\\/tienda\\\/chaqueta-quarter-mile-tracer-verde\\\/\"]}]},{\"@type\":\"ImageObject\",\"inLanguage\":\"es\",\"@id\":\"https:\\\/\\\/franciscobelmonte.com\\\/tienda\\\/chaqueta-quarter-mile-tracer-verde\\\/#primaryimage\",\"url\":\"https:\\\/\\\/franciscobelmonte.com\\\/tienda\\\/wp-content\\\/uploads\\\/2024\\\/07\\\/chaqueta-quarter-mile-tracer-verde.jpg\",\"contentUrl\":\"https:\\\/\\\/franciscobelmonte.com\\\/tienda\\\/wp-content\\\/uploads\\\/2024\\\/07\\\/chaqueta-quarter-mile-tracer-verde.jpg\",\"width\":800,\"height\":800,\"caption\":\"Chaqueta de moto quarter mile tracer verde\"},{\"@type\":\"BreadcrumbList\",\"@id\":\"https:\\\/\\\/franciscobelmonte.com\\\/tienda\\\/chaqueta-quarter-mile-tracer-verde\\\/#breadcrumb\",\"itemListElement\":[{\"@type\":\"ListItem\",\"position\":1,\"name\":\"Portada\",\"item\":\"https:\\\/\\\/franciscobelmonte.com\\\/tienda\\\/\"},{\"@type\":\"ListItem\",\"position\":2,\"name\":\"Tienda\",\"item\":\"https:\\\/\\\/franciscobelmonte.com\\\/tienda\\\/boutique-equipamiento-motero\\\/\"},{\"@type\":\"ListItem\",\"position\":3,\"name\":\"CHAQUETA QUARTER MILE TRACER VERDE\"}]},{\"@type\":\"WebSite\",\"@id\":\"https:\\\/\\\/franciscobelmonte.com\\\/tienda\\\/#website\",\"url\":\"https:\\\/\\\/franciscobelmonte.com\\\/tienda\\\/\",\"name\":\"Boutique Francisco Belmonte\",\"description\":\"Todo en complementos para motoristas\",\"publisher\":{\"@id\":\"https:\\\/\\\/franciscobelmonte.com\\\/tienda\\\/#organization\"},\"potentialAction\":[{\"@type\":\"SearchAction\",\"target\":{\"@type\":\"EntryPoint\",\"urlTemplate\":\"https:\\\/\\\/franciscobelmonte.com\\\/tienda\\\/?s={search_term_string}\"},\"query-input\":{\"@type\":\"PropertyValueSpecification\",\"valueRequired\":true,\"valueName\":\"search_term_string\"}}],\"inLanguage\":\"es\"},{\"@type\":\"Organization\",\"@id\":\"https:\\\/\\\/franciscobelmonte.com\\\/tienda\\\/#organization\",\"name\":\"Boutique Francisco Belmonte\",\"url\":\"https:\\\/\\\/franciscobelmonte.com\\\/tienda\\\/\",\"logo\":{\"@type\":\"ImageObject\",\"inLanguage\":\"es\",\"@id\":\"https:\\\/\\\/franciscobelmonte.com\\\/tienda\\\/#\\\/schema\\\/logo\\\/image\\\/\",\"url\":\"https:\\\/\\\/franciscobelmonte.com\\\/tienda\\\/wp-content\\\/uploads\\\/2021\\\/12\\\/Francisco-Belmonte-logo.png\",\"contentUrl\":\"https:\\\/\\\/franciscobelmonte.com\\\/tienda\\\/wp-content\\\/uploads\\\/2021\\\/12\\\/Francisco-Belmonte-logo.png\",\"width\":2153,\"height\":536,\"caption\":\"Boutique Francisco Belmonte\"},\"image\":{\"@id\":\"https:\\\/\\\/franciscobelmonte.com\\\/tienda\\\/#\\\/schema\\\/logo\\\/image\\\/\"},\"sameAs\":[\"https:\\\/\\\/www.facebook.com\\\/motosfranciscobelmonte\",\"https:\\\/\\\/www.instagram.com\\\/fco.belmonte\\\/\"]}]}<\/script>\n<!-- \/ Yoast SEO plugin. -->","yoast_head_json":{"title":"CHAQUETA QUARTER MILE TRACER VERDE - Boutique Francisco Belmonte","description":"Chaqueta Quarter Mile Tracer Verde. Chaquetas de moto Quarter Mile en nuestra Boutique Francisco Belmonte en Murcia, al mejor precio.","robots":{"index":"index","follow":"follow","max-snippet":"max-snippet:-1","max-image-preview":"max-image-preview:large","max-video-preview":"max-video-preview:-1"},"canonical":"https:\/\/franciscobelmonte.com\/tienda\/chaqueta-quarter-mile-tracer-verde\/","og_locale":"es_ES","og_type":"article","og_title":"CHAQUETA QUARTER MILE TRACER VERDE - Boutique Francisco Belmonte","og_description":"Chaqueta Quarter Mile Tracer Verde. Chaquetas de moto Quarter Mile en nuestra Boutique Francisco Belmonte en Murcia, al mejor precio.","og_url":"https:\/\/franciscobelmonte.com\/tienda\/chaqueta-quarter-mile-tracer-verde\/","og_site_name":"Boutique Francisco Belmonte","article_publisher":"https:\/\/www.facebook.com\/motosfranciscobelmonte","article_modified_time":"2025-11-25T11:28:56+00:00","og_image":[{"width":800,"height":800,"url":"https:\/\/franciscobelmonte.com\/tienda\/wp-content\/uploads\/2024\/07\/chaqueta-quarter-mile-tracer-verde.jpg","type":"image\/jpeg"}],"twitter_card":"summary_large_image","twitter_misc":{"Tiempo de lectura":"1 minuto"},"schema":{"@context":"https:\/\/schema.org","@graph":[{"@type":"WebPage","@id":"https:\/\/franciscobelmonte.com\/tienda\/chaqueta-quarter-mile-tracer-verde\/","url":"https:\/\/franciscobelmonte.com\/tienda\/chaqueta-quarter-mile-tracer-verde\/","name":"CHAQUETA QUARTER MILE TRACER VERDE - Boutique Francisco Belmonte","isPartOf":{"@id":"https:\/\/franciscobelmonte.com\/tienda\/#website"},"primaryImageOfPage":{"@id":"https:\/\/franciscobelmonte.com\/tienda\/chaqueta-quarter-mile-tracer-verde\/#primaryimage"},"image":{"@id":"https:\/\/franciscobelmonte.com\/tienda\/chaqueta-quarter-mile-tracer-verde\/#primaryimage"},"thumbnailUrl":"https:\/\/franciscobelmonte.com\/tienda\/wp-content\/uploads\/2024\/07\/chaqueta-quarter-mile-tracer-verde.jpg","datePublished":"2024-07-22T10:19:08+00:00","dateModified":"2025-11-25T11:28:56+00:00","description":"Chaqueta Quarter Mile Tracer Verde. Chaquetas de moto Quarter Mile en nuestra Boutique Francisco Belmonte en Murcia, al mejor precio.","breadcrumb":{"@id":"https:\/\/franciscobelmonte.com\/tienda\/chaqueta-quarter-mile-tracer-verde\/#breadcrumb"},"inLanguage":"es","potentialAction":[{"@type":"ReadAction","target":["https:\/\/franciscobelmonte.com\/tienda\/chaqueta-quarter-mile-tracer-verde\/"]}]},{"@type":"ImageObject","inLanguage":"es","@id":"https:\/\/franciscobelmonte.com\/tienda\/chaqueta-quarter-mile-tracer-verde\/#primaryimage","url":"https:\/\/franciscobelmonte.com\/tienda\/wp-content\/uploads\/2024\/07\/chaqueta-quarter-mile-tracer-verde.jpg","contentUrl":"https:\/\/franciscobelmonte.com\/tienda\/wp-content\/uploads\/2024\/07\/chaqueta-quarter-mile-tracer-verde.jpg","width":800,"height":800,"caption":"Chaqueta de moto quarter mile tracer verde"},{"@type":"BreadcrumbList","@id":"https:\/\/franciscobelmonte.com\/tienda\/chaqueta-quarter-mile-tracer-verde\/#breadcrumb","itemListElement":[{"@type":"ListItem","position":1,"name":"Portada","item":"https:\/\/franciscobelmonte.com\/tienda\/"},{"@type":"ListItem","position":2,"name":"Tienda","item":"https:\/\/franciscobelmonte.com\/tienda\/boutique-equipamiento-motero\/"},{"@type":"ListItem","position":3,"name":"CHAQUETA QUARTER MILE TRACER VERDE"}]},{"@type":"WebSite","@id":"https:\/\/franciscobelmonte.com\/tienda\/#website","url":"https:\/\/franciscobelmonte.com\/tienda\/","name":"Boutique Francisco Belmonte","description":"Todo en complementos para motoristas","publisher":{"@id":"https:\/\/franciscobelmonte.com\/tienda\/#organization"},"potentialAction":[{"@type":"SearchAction","target":{"@type":"EntryPoint","urlTemplate":"https:\/\/franciscobelmonte.com\/tienda\/?s={search_term_string}"},"query-input":{"@type":"PropertyValueSpecification","valueRequired":true,"valueName":"search_term_string"}}],"inLanguage":"es"},{"@type":"Organization","@id":"https:\/\/franciscobelmonte.com\/tienda\/#organization","name":"Boutique Francisco Belmonte","url":"https:\/\/franciscobelmonte.com\/tienda\/","logo":{"@type":"ImageObject","inLanguage":"es","@id":"https:\/\/franciscobelmonte.com\/tienda\/#\/schema\/logo\/image\/","url":"https:\/\/franciscobelmonte.com\/tienda\/wp-content\/uploads\/2021\/12\/Francisco-Belmonte-logo.png","contentUrl":"https:\/\/franciscobelmonte.com\/tienda\/wp-content\/uploads\/2021\/12\/Francisco-Belmonte-logo.png","width":2153,"height":536,"caption":"Boutique Francisco Belmonte"},"image":{"@id":"https:\/\/franciscobelmonte.com\/tienda\/#\/schema\/logo\/image\/"},"sameAs":["https:\/\/www.facebook.com\/motosfranciscobelmonte","https:\/\/www.instagram.com\/fco.belmonte\/"]}]}},"jetpack_sharing_enabled":true,"brands":[{"id":194,"name":"Quarter Mile","slug":"quarter-mile"}],"_links":{"self":[{"href":"https:\/\/franciscobelmonte.com\/tienda\/wp-json\/wp\/v2\/product\/12523","targetHints":{"allow":["GET"]}}],"collection":[{"href":"https:\/\/franciscobelmonte.com\/tienda\/wp-json\/wp\/v2\/product"}],"about":[{"href":"https:\/\/franciscobelmonte.com\/tienda\/wp-json\/wp\/v2\/types\/product"}],"replies":[{"embeddable":true,"href":"https:\/\/franciscobelmonte.com\/tienda\/wp-json\/wp\/v2\/comments?post=12523"}],"wp:featuredmedia":[{"embeddable":true,"href":"https:\/\/franciscobelmonte.com\/tienda\/wp-json\/wp\/v2\/media\/12530"}],"wp:attachment":[{"href":"https:\/\/franciscobelmonte.com\/tienda\/wp-json\/wp\/v2\/media?parent=12523"}],"wp:term":[{"taxonomy":"pwb-brand","embeddable":true,"href":"https:\/\/franciscobelmonte.com\/tienda\/wp-json\/wp\/v2\/pwb-brand?post=12523"},{"taxonomy":"product_brand","embeddable":true,"href":"https:\/\/franciscobelmonte.com\/tienda\/wp-json\/wp\/v2\/product_brand?post=12523"},{"taxonomy":"product_cat","embeddable":true,"href":"https:\/\/franciscobelmonte.com\/tienda\/wp-json\/wp\/v2\/product_cat?post=12523"},{"taxonomy":"product_tag","embeddable":true,"href":"https:\/\/franciscobelmonte.com\/tienda\/wp-json\/wp\/v2\/product_tag?post=12523"}],"curies":[{"name":"wp","href":"https:\/\/api.w.org\/{rel}","templated":true}]}}