{"id":13712,"date":"2025-04-11T10:40:34","date_gmt":"2025-04-11T08:40:34","guid":{"rendered":"https:\/\/franciscobelmonte.com\/tienda\/?post_type=product&#038;p=13712"},"modified":"2025-08-14T08:19:07","modified_gmt":"2025-08-14T06:19:07","slug":"antirrobo-komobi-city-premium","status":"publish","type":"product","link":"https:\/\/franciscobelmonte.com\/tienda\/antirrobo-komobi-city-premium\/","title":{"rendered":"ANTIRROBO KOMOBI CITY PREMIUM"},"content":{"rendered":"<h1>Antirrobo Komobi City Premium<\/h1>\n<p><b>Localizador GPS Antirrobo Komobi City Premium.\u00a0<\/b>Sistema antirrobo inteligente para moto con sistema de geolocalizaci\u00f3n GPS y sensores de impacto y movimiento. Komobi city premium ofrece funciones para proteger la moto, compartir ubicaci\u00f3n, localizar la moto en cualquier momento y ver las rutas registradas a trav\u00e9s de la APP.<\/p>\n<p>Este dispositivo no da\u00f1a la bater\u00eda de la moto dado que cuento con una bater\u00eda interna de 3000 mAH que detecta cuando la moto est\u00e1 parada o arrancada.<\/p>\n<p>Requiere plataforma de subscripci\u00f3n para que el localizador GPS\u00a0 mantenga su funcionamiento. El precio de renovaci\u00f3n de dicha subscripci\u00f3n es de 45&#8217;95\u20ac\/a\u00f1o. Sujeto a condiciones<\/p>\n<p><strong>El Kit incluye<\/strong><\/p>\n<ul>\n<li>Antirrobo inteligente<\/li>\n<li>Llavero de aproximaci\u00f3n<\/li>\n<li>Cable USB para la recarga del llavero<\/li>\n<li>Cable de carga para llavero inteligente<\/li>\n<li>Un a\u00f1o de conectividad incluido*<\/li>\n<li>Adhesivo ultra fuerte y resistente para instalaci\u00f3n<\/li>\n<li>Cableado<\/li>\n<li>Instrucciones de instalaci\u00f3n y funcionamiento<\/li>\n<li>C\u00f3digo QR para activar dispositivo desde APP<\/li>\n<\/ul>\n<p><strong>Caracter\u00edsticas<\/strong><\/p>\n<ul>\n<li>Alarma de \u00e1rea o de movimiento<\/li>\n<li>F\u00e1cil instalaci\u00f3n directamente a bater\u00eda<\/li>\n<li>SIM integrada en dispositivo sin cuota adicional durante el primer a\u00f1o*<\/li>\n<li>Funcionamiento desde APP disponible en IOS y Android<\/li>\n<li>Garant\u00eda de 2 a\u00f1os<\/li>\n<\/ul>\n<p>(*) Requiere plataforma de subscripci\u00f3n para que el localizador GPS ofrezca sus funcionalidades correctamente. Precio de renovaci\u00f3n 49&#8217;95\u20ac\/A\u00f1o.<\/p>\n<p>Si quieres m\u00e1s informaci\u00f3n accede a la p\u00e1gina oficial (https:\/\/www.komobimoto.com)<\/p>\n<p>&nbsp;<\/p>\n<p>&nbsp;<\/p>\n","protected":false},"excerpt":{"rendered":"<p><b>Localizador GPS Antirrobo Komobi City Premium.\u00a0<\/b>Sistema antirrobo inteligente para moto con sistema de geolocalizaci\u00f3n GPS y sensores de impacto y movimiento. Komobi city premium ofrece funciones para proteger la moto, compartir ubicaci\u00f3n, localizar la moto en cualquier momento y ver las rutas registradas a trav\u00e9s de la APP.<\/p>\n","protected":false},"featured_media":13713,"comment_status":"open","ping_status":"closed","template":"","meta":{"_themeisle_gutenberg_block_has_review":false},"pwb-brand":[843],"product_brand":[],"product_cat":[284],"product_tag":[],"class_list":{"0":"post-13712","1":"product","2":"type-product","3":"status-publish","4":"has-post-thumbnail","6":"pwb-brand-komobi","7":"product_cat-accesorios-motos-antirrobos","9":"first","10":"instock","11":"taxable","12":"shipping-taxable","13":"purchasable","14":"product-type-simple"},"yoast_head":"<!-- This site is optimized with the Yoast SEO plugin v27.4 - https:\/\/yoast.com\/product\/yoast-seo-wordpress\/ -->\n<title>ANTIRROBO KOMOBI CITY PREMIUM - Boutique Francisco Belmonte<\/title>\n<meta name=\"description\" content=\"Antirrobo Komobi City Premium. Antirrobo de motos Komobi en Francisco Belmonte en Murcia al mejor precio. Sepa en cualquier momento donde est\u00e1 su moto\" \/>\n<meta name=\"robots\" content=\"index, follow, max-snippet:-1, max-image-preview:large, max-video-preview:-1\" \/>\n<link rel=\"canonical\" href=\"https:\/\/franciscobelmonte.com\/tienda\/antirrobo-komobi-city-premium\/\" \/>\n<meta property=\"og:locale\" content=\"es_ES\" \/>\n<meta property=\"og:type\" content=\"article\" \/>\n<meta property=\"og:title\" content=\"ANTIRROBO KOMOBI CITY PREMIUM - Boutique Francisco Belmonte\" \/>\n<meta property=\"og:description\" content=\"Antirrobo Komobi City Premium. Antirrobo de motos Komobi en Francisco Belmonte en Murcia al mejor precio. Sepa en cualquier momento donde est\u00e1 su moto\" \/>\n<meta property=\"og:url\" content=\"https:\/\/franciscobelmonte.com\/tienda\/antirrobo-komobi-city-premium\/\" \/>\n<meta property=\"og:site_name\" content=\"Boutique Francisco Belmonte\" \/>\n<meta property=\"article:publisher\" content=\"https:\/\/www.facebook.com\/motosfranciscobelmonte\" \/>\n<meta property=\"article:modified_time\" content=\"2025-08-14T06:19:07+00:00\" \/>\n<meta property=\"og:image\" content=\"https:\/\/franciscobelmonte.com\/tienda\/wp-content\/uploads\/2025\/04\/komobi-city-premium.webp\" \/>\n\t<meta property=\"og:image:width\" content=\"800\" \/>\n\t<meta property=\"og:image:height\" content=\"800\" \/>\n\t<meta property=\"og:image:type\" content=\"image\/webp\" \/>\n<meta name=\"twitter:card\" content=\"summary_large_image\" \/>\n<meta name=\"twitter:label1\" content=\"Tiempo de lectura\" \/>\n\t<meta name=\"twitter:data1\" content=\"1 minuto\" \/>\n<script type=\"application\/ld+json\" class=\"yoast-schema-graph\">{\"@context\":\"https:\\\/\\\/schema.org\",\"@graph\":[{\"@type\":\"WebPage\",\"@id\":\"https:\\\/\\\/franciscobelmonte.com\\\/tienda\\\/antirrobo-komobi-city-premium\\\/\",\"url\":\"https:\\\/\\\/franciscobelmonte.com\\\/tienda\\\/antirrobo-komobi-city-premium\\\/\",\"name\":\"ANTIRROBO KOMOBI CITY PREMIUM - Boutique Francisco Belmonte\",\"isPartOf\":{\"@id\":\"https:\\\/\\\/franciscobelmonte.com\\\/tienda\\\/#website\"},\"primaryImageOfPage\":{\"@id\":\"https:\\\/\\\/franciscobelmonte.com\\\/tienda\\\/antirrobo-komobi-city-premium\\\/#primaryimage\"},\"image\":{\"@id\":\"https:\\\/\\\/franciscobelmonte.com\\\/tienda\\\/antirrobo-komobi-city-premium\\\/#primaryimage\"},\"thumbnailUrl\":\"https:\\\/\\\/franciscobelmonte.com\\\/tienda\\\/wp-content\\\/uploads\\\/2025\\\/04\\\/komobi-city-premium.webp\",\"datePublished\":\"2025-04-11T08:40:34+00:00\",\"dateModified\":\"2025-08-14T06:19:07+00:00\",\"description\":\"Antirrobo Komobi City Premium. Antirrobo de motos Komobi en Francisco Belmonte en Murcia al mejor precio. Sepa en cualquier momento donde est\u00e1 su moto\",\"breadcrumb\":{\"@id\":\"https:\\\/\\\/franciscobelmonte.com\\\/tienda\\\/antirrobo-komobi-city-premium\\\/#breadcrumb\"},\"inLanguage\":\"es\",\"potentialAction\":[{\"@type\":\"ReadAction\",\"target\":[\"https:\\\/\\\/franciscobelmonte.com\\\/tienda\\\/antirrobo-komobi-city-premium\\\/\"]}]},{\"@type\":\"ImageObject\",\"inLanguage\":\"es\",\"@id\":\"https:\\\/\\\/franciscobelmonte.com\\\/tienda\\\/antirrobo-komobi-city-premium\\\/#primaryimage\",\"url\":\"https:\\\/\\\/franciscobelmonte.com\\\/tienda\\\/wp-content\\\/uploads\\\/2025\\\/04\\\/komobi-city-premium.webp\",\"contentUrl\":\"https:\\\/\\\/franciscobelmonte.com\\\/tienda\\\/wp-content\\\/uploads\\\/2025\\\/04\\\/komobi-city-premium.webp\",\"width\":800,\"height\":800,\"caption\":\"komobi antirrobo en murcia francisco belmonte\"},{\"@type\":\"BreadcrumbList\",\"@id\":\"https:\\\/\\\/franciscobelmonte.com\\\/tienda\\\/antirrobo-komobi-city-premium\\\/#breadcrumb\",\"itemListElement\":[{\"@type\":\"ListItem\",\"position\":1,\"name\":\"Portada\",\"item\":\"https:\\\/\\\/franciscobelmonte.com\\\/tienda\\\/\"},{\"@type\":\"ListItem\",\"position\":2,\"name\":\"Tienda\",\"item\":\"https:\\\/\\\/franciscobelmonte.com\\\/tienda\\\/boutique-equipamiento-motero\\\/\"},{\"@type\":\"ListItem\",\"position\":3,\"name\":\"ANTIRROBO KOMOBI CITY PREMIUM\"}]},{\"@type\":\"WebSite\",\"@id\":\"https:\\\/\\\/franciscobelmonte.com\\\/tienda\\\/#website\",\"url\":\"https:\\\/\\\/franciscobelmonte.com\\\/tienda\\\/\",\"name\":\"Boutique Francisco Belmonte\",\"description\":\"Todo en complementos para motoristas\",\"publisher\":{\"@id\":\"https:\\\/\\\/franciscobelmonte.com\\\/tienda\\\/#organization\"},\"potentialAction\":[{\"@type\":\"SearchAction\",\"target\":{\"@type\":\"EntryPoint\",\"urlTemplate\":\"https:\\\/\\\/franciscobelmonte.com\\\/tienda\\\/?s={search_term_string}\"},\"query-input\":{\"@type\":\"PropertyValueSpecification\",\"valueRequired\":true,\"valueName\":\"search_term_string\"}}],\"inLanguage\":\"es\"},{\"@type\":\"Organization\",\"@id\":\"https:\\\/\\\/franciscobelmonte.com\\\/tienda\\\/#organization\",\"name\":\"Boutique Francisco Belmonte\",\"url\":\"https:\\\/\\\/franciscobelmonte.com\\\/tienda\\\/\",\"logo\":{\"@type\":\"ImageObject\",\"inLanguage\":\"es\",\"@id\":\"https:\\\/\\\/franciscobelmonte.com\\\/tienda\\\/#\\\/schema\\\/logo\\\/image\\\/\",\"url\":\"https:\\\/\\\/franciscobelmonte.com\\\/tienda\\\/wp-content\\\/uploads\\\/2021\\\/12\\\/Francisco-Belmonte-logo.png\",\"contentUrl\":\"https:\\\/\\\/franciscobelmonte.com\\\/tienda\\\/wp-content\\\/uploads\\\/2021\\\/12\\\/Francisco-Belmonte-logo.png\",\"width\":2153,\"height\":536,\"caption\":\"Boutique Francisco Belmonte\"},\"image\":{\"@id\":\"https:\\\/\\\/franciscobelmonte.com\\\/tienda\\\/#\\\/schema\\\/logo\\\/image\\\/\"},\"sameAs\":[\"https:\\\/\\\/www.facebook.com\\\/motosfranciscobelmonte\",\"https:\\\/\\\/www.instagram.com\\\/fco.belmonte\\\/\"]}]}<\/script>\n<!-- \/ Yoast SEO plugin. -->","yoast_head_json":{"title":"ANTIRROBO KOMOBI CITY PREMIUM - Boutique Francisco Belmonte","description":"Antirrobo Komobi City Premium. Antirrobo de motos Komobi en Francisco Belmonte en Murcia al mejor precio. Sepa en cualquier momento donde est\u00e1 su moto","robots":{"index":"index","follow":"follow","max-snippet":"max-snippet:-1","max-image-preview":"max-image-preview:large","max-video-preview":"max-video-preview:-1"},"canonical":"https:\/\/franciscobelmonte.com\/tienda\/antirrobo-komobi-city-premium\/","og_locale":"es_ES","og_type":"article","og_title":"ANTIRROBO KOMOBI CITY PREMIUM - Boutique Francisco Belmonte","og_description":"Antirrobo Komobi City Premium. Antirrobo de motos Komobi en Francisco Belmonte en Murcia al mejor precio. Sepa en cualquier momento donde est\u00e1 su moto","og_url":"https:\/\/franciscobelmonte.com\/tienda\/antirrobo-komobi-city-premium\/","og_site_name":"Boutique Francisco Belmonte","article_publisher":"https:\/\/www.facebook.com\/motosfranciscobelmonte","article_modified_time":"2025-08-14T06:19:07+00:00","og_image":[{"width":800,"height":800,"url":"https:\/\/franciscobelmonte.com\/tienda\/wp-content\/uploads\/2025\/04\/komobi-city-premium.webp","type":"image\/webp"}],"twitter_card":"summary_large_image","twitter_misc":{"Tiempo de lectura":"1 minuto"},"schema":{"@context":"https:\/\/schema.org","@graph":[{"@type":"WebPage","@id":"https:\/\/franciscobelmonte.com\/tienda\/antirrobo-komobi-city-premium\/","url":"https:\/\/franciscobelmonte.com\/tienda\/antirrobo-komobi-city-premium\/","name":"ANTIRROBO KOMOBI CITY PREMIUM - Boutique Francisco Belmonte","isPartOf":{"@id":"https:\/\/franciscobelmonte.com\/tienda\/#website"},"primaryImageOfPage":{"@id":"https:\/\/franciscobelmonte.com\/tienda\/antirrobo-komobi-city-premium\/#primaryimage"},"image":{"@id":"https:\/\/franciscobelmonte.com\/tienda\/antirrobo-komobi-city-premium\/#primaryimage"},"thumbnailUrl":"https:\/\/franciscobelmonte.com\/tienda\/wp-content\/uploads\/2025\/04\/komobi-city-premium.webp","datePublished":"2025-04-11T08:40:34+00:00","dateModified":"2025-08-14T06:19:07+00:00","description":"Antirrobo Komobi City Premium. Antirrobo de motos Komobi en Francisco Belmonte en Murcia al mejor precio. Sepa en cualquier momento donde est\u00e1 su moto","breadcrumb":{"@id":"https:\/\/franciscobelmonte.com\/tienda\/antirrobo-komobi-city-premium\/#breadcrumb"},"inLanguage":"es","potentialAction":[{"@type":"ReadAction","target":["https:\/\/franciscobelmonte.com\/tienda\/antirrobo-komobi-city-premium\/"]}]},{"@type":"ImageObject","inLanguage":"es","@id":"https:\/\/franciscobelmonte.com\/tienda\/antirrobo-komobi-city-premium\/#primaryimage","url":"https:\/\/franciscobelmonte.com\/tienda\/wp-content\/uploads\/2025\/04\/komobi-city-premium.webp","contentUrl":"https:\/\/franciscobelmonte.com\/tienda\/wp-content\/uploads\/2025\/04\/komobi-city-premium.webp","width":800,"height":800,"caption":"komobi antirrobo en murcia francisco belmonte"},{"@type":"BreadcrumbList","@id":"https:\/\/franciscobelmonte.com\/tienda\/antirrobo-komobi-city-premium\/#breadcrumb","itemListElement":[{"@type":"ListItem","position":1,"name":"Portada","item":"https:\/\/franciscobelmonte.com\/tienda\/"},{"@type":"ListItem","position":2,"name":"Tienda","item":"https:\/\/franciscobelmonte.com\/tienda\/boutique-equipamiento-motero\/"},{"@type":"ListItem","position":3,"name":"ANTIRROBO KOMOBI CITY PREMIUM"}]},{"@type":"WebSite","@id":"https:\/\/franciscobelmonte.com\/tienda\/#website","url":"https:\/\/franciscobelmonte.com\/tienda\/","name":"Boutique Francisco Belmonte","description":"Todo en complementos para motoristas","publisher":{"@id":"https:\/\/franciscobelmonte.com\/tienda\/#organization"},"potentialAction":[{"@type":"SearchAction","target":{"@type":"EntryPoint","urlTemplate":"https:\/\/franciscobelmonte.com\/tienda\/?s={search_term_string}"},"query-input":{"@type":"PropertyValueSpecification","valueRequired":true,"valueName":"search_term_string"}}],"inLanguage":"es"},{"@type":"Organization","@id":"https:\/\/franciscobelmonte.com\/tienda\/#organization","name":"Boutique Francisco Belmonte","url":"https:\/\/franciscobelmonte.com\/tienda\/","logo":{"@type":"ImageObject","inLanguage":"es","@id":"https:\/\/franciscobelmonte.com\/tienda\/#\/schema\/logo\/image\/","url":"https:\/\/franciscobelmonte.com\/tienda\/wp-content\/uploads\/2021\/12\/Francisco-Belmonte-logo.png","contentUrl":"https:\/\/franciscobelmonte.com\/tienda\/wp-content\/uploads\/2021\/12\/Francisco-Belmonte-logo.png","width":2153,"height":536,"caption":"Boutique Francisco Belmonte"},"image":{"@id":"https:\/\/franciscobelmonte.com\/tienda\/#\/schema\/logo\/image\/"},"sameAs":["https:\/\/www.facebook.com\/motosfranciscobelmonte","https:\/\/www.instagram.com\/fco.belmonte\/"]}]}},"jetpack_sharing_enabled":true,"brands":[{"id":843,"name":"Komobi","slug":"komobi"}],"_links":{"self":[{"href":"https:\/\/franciscobelmonte.com\/tienda\/wp-json\/wp\/v2\/product\/13712","targetHints":{"allow":["GET"]}}],"collection":[{"href":"https:\/\/franciscobelmonte.com\/tienda\/wp-json\/wp\/v2\/product"}],"about":[{"href":"https:\/\/franciscobelmonte.com\/tienda\/wp-json\/wp\/v2\/types\/product"}],"replies":[{"embeddable":true,"href":"https:\/\/franciscobelmonte.com\/tienda\/wp-json\/wp\/v2\/comments?post=13712"}],"wp:featuredmedia":[{"embeddable":true,"href":"https:\/\/franciscobelmonte.com\/tienda\/wp-json\/wp\/v2\/media\/13713"}],"wp:attachment":[{"href":"https:\/\/franciscobelmonte.com\/tienda\/wp-json\/wp\/v2\/media?parent=13712"}],"wp:term":[{"taxonomy":"pwb-brand","embeddable":true,"href":"https:\/\/franciscobelmonte.com\/tienda\/wp-json\/wp\/v2\/pwb-brand?post=13712"},{"taxonomy":"product_brand","embeddable":true,"href":"https:\/\/franciscobelmonte.com\/tienda\/wp-json\/wp\/v2\/product_brand?post=13712"},{"taxonomy":"product_cat","embeddable":true,"href":"https:\/\/franciscobelmonte.com\/tienda\/wp-json\/wp\/v2\/product_cat?post=13712"},{"taxonomy":"product_tag","embeddable":true,"href":"https:\/\/franciscobelmonte.com\/tienda\/wp-json\/wp\/v2\/product_tag?post=13712"}],"curies":[{"name":"wp","href":"https:\/\/api.w.org\/{rel}","templated":true}]}}