{"id":14043,"date":"2025-07-29T19:10:53","date_gmt":"2025-07-29T17:10:53","guid":{"rendered":"https:\/\/franciscobelmonte.com\/tienda\/?post_type=product&#038;p=14043"},"modified":"2025-11-24T16:43:36","modified_gmt":"2025-11-24T14:43:36","slug":"casco-alpinestars-supertech-r10-jorge-martin","status":"publish","type":"product","link":"https:\/\/franciscobelmonte.com\/tienda\/casco-alpinestars-supertech-r10-jorge-martin\/","title":{"rendered":"CASCO ALPINESTARS SUPERTECH R10 JORGE MARTIN"},"content":{"rendered":"<h2>Casco ALPINESTARS Supertech R10 Jorge Mart\u00edn<\/h2>\n<p>La edici\u00f3n limitada del Supertech R10 de Jorge Mart\u00edn: \u00ab<i>Martinator<\/i>,\u00bb combina tonos oscuros de negro, p\u00farpura y azul en un dise\u00f1o impactante con detalles de conductos tecnol\u00f3gicos y barras de potencia. Adem\u00e1s, debajo del spoiler trasero, lleva el distintivo \u00abMARTINATOR\u00bb y el n\u00famero 89 en la parte superior, reflejando en conjunto la determinaci\u00f3n, agresividad y el estilo \u00fanico de conducci\u00f3n del piloto.<\/p>\n<p><strong>Caracter\u00edsticas<\/strong><\/p>\n<p><strong>CALOTA<\/strong><\/p>\n<ul>\n<li>Calota exterior fabricada con tecnolog\u00eda avanzada de moldeado multicapa con fibra de carbono 3K, fibra de aramida y fibra de vidrio de alta densidad que ofrecen excelente ligereza y m\u00e1xima protecci\u00f3n contra los impactos.<\/li>\n<li>4 tama\u00f1os de calota ergon\u00f3micos para un mejor ajuste en cada talla.<\/li>\n<li>Calota interior de espuma EPS de distintas densidades dise\u00f1ada para la absorci\u00f3n de fuertes impactos y reducir la aceleraci\u00f3n rotacional gracias al sistema patentado.<\/li>\n<li>Sistema A-Head desarrollado por Alpinestars, mediante el cual se proporciona un correcto ajuste de altura y \u00e1ngulo para que el casco se ajuste a la perfecci\u00f3n a la posici\u00f3n de la cabeza en cualquier postura de conducci\u00f3n.<\/li>\n<\/ul>\n<p><strong>PANTALLA<\/strong><\/p>\n<ul>\n<li>Amplia pantalla de alta claridad con nivel \u00f3ptico de clase 1 que ofrece hasta 220\u00ba de visi\u00f3n lateral y 57\u00ba de visi\u00f3n vertical para garantizar la m\u00e1xima visi\u00f3n en cualquier posici\u00f3n de conducci\u00f3n. La pantalla con grosor de 1,6mm en los laterales y hasta 2,6mm en la zona central cuenta con tratamiento antirayas y antivaho.<\/li>\n<li>Incluye mecanismo de bloqueo met\u00e1lico en el lateral y un cierre met\u00e1lico en la zona de la barbilla para evitar el desprendimiento no deseado de la pantalla durante un impacto.<\/li>\n<li>Predisposici\u00f3n para Pinlock\u00ae 120XLT 100% Max Vision\u2122 (incluido).<\/li>\n<li>Predisposici\u00f3n para la instalar l\u00e1minas Tear-Off (incluido).<\/li>\n<li>Sistema de liberaci\u00f3n r\u00e1pida mediante el cual se puede desmontar la visera sin necesidad de herramientas.<\/li>\n<li>Incluye pantalla transparente y ahumada oscura.<\/li>\n<li>Pantallas de repuesto disponibles: ahumada, plata espejo y fotocrom\u00e1ticas (se vende por separado).<\/li>\n<\/ul>\n<p><strong>AERODIN\u00c1MICA<\/strong><\/p>\n<ul>\n<li>Calota y aler\u00f3n dise\u00f1ados bajo extensivas pruebas en el t\u00fanel de viento para ofrecer el m\u00e1ximo coeficiente aerodin\u00e1mico y estabilidad en distintos \u00e1ngulos de conducci\u00f3n y altas velocidades.<\/li>\n<li>El S-R10 permite la instalaci\u00f3n 2 alerones traseros intercambiables. Una versi\u00f3n est\u00e1ndar (incluido) y otro con un perfil m\u00e1s largo para el uso en carreras y alto rendimiento (no incluido).<\/li>\n<li>Sistema patentado de liberaci\u00f3n del aler\u00f3n trasero mediante juntas el\u00e1sticas que ayudan a desprenderse del casco en caso de ca\u00edda y reducir as\u00ed la fuerza del impacto.<\/li>\n<li>Aletas laterales que brindan un mayor soporte y estabilidad del casco adem\u00e1s de mejorar la resistencia aerodin\u00e1mica.<\/li>\n<li>Pantalla del casco cuenta con turbuladores para mejorar el rendimiento aeroac\u00fastico para reducir la resistencia del viento y el ruido.<\/li>\n<li>La configuraci\u00f3n con el aler\u00f3n de carreras y aletas aerodin\u00e1micas reducen la resistencia con hasta un 4.54%.<\/li>\n<\/ul>\n<p><strong>SISTEMA DE VENTILACI\u00d3N<\/strong><\/p>\n<ul>\n<li>Sistema de ventilaci\u00f3n muy eficaz formado por 11 puertos de ventilaci\u00f3n estrat\u00e9gicamente ubicados con 7 entradas de aire y 4 extractores para una excelente distribuci\u00f3n del aire y evacuaci\u00f3n del calor.<\/li>\n<li>Ventilaci\u00f3n superior: \u00a0entrada de ventilaci\u00f3n central que se encuentra en la parte superior de la calota y canaliza el aire para una mayor comodidad y aireaci\u00f3n.<\/li>\n<li>Ventilaci\u00f3n en la zona de la barbilla: formada por dos aberturas ubicadas en la parte delantera de casco, que se pueden regular mediante una pesta\u00f1a. El aire que entra por este puerto se canaliza hacia el interior creando un flujo de aire laminado que evita el empa\u00f1amiento.<\/li>\n<li>Ventilaciones en la mentonera: extraen el aire h\u00famedo y caliente hacia el exterior del casco.<\/li>\n<li>Extractores de aire traseros: dos extractores en la parte del aler\u00f3n trasero para una excelente evacuaci\u00f3n del aire caliente.<\/li>\n<\/ul>\n<p><strong>ACOLCHADOS INTERIORES<\/strong><\/p>\n<ul>\n<li>Acolchados interiores confeccionados con material premium y tejido antibacteriano, totalmente desmontables y lavables.<\/li>\n<li>Almohadilla superior ajustable gracias al sistema A-Head para una mayor comodidad y seguridad.<\/li>\n<li>Almohadillas de las mejillas fabricadas con espuma laminada 3D, con predisposici\u00f3n para instalar sistema de hidrataci\u00f3n (no incluido) y sistema de liberaci\u00f3n de emergencia ERS que permite una correcta y segura retirada del casco en caso de accidente.<\/li>\n<li>Almohadilla en la zona del ment\u00f3n que permite una correcta protecci\u00f3n contra la entrada de aire lateral.<\/li>\n<li>Almohadillas en la zona de las orejas para una mayor comodidad ya que reducen el ruido en el interior del casco.<\/li>\n<li>Deflector de aire para mayor reducci\u00f3n del ruido y mejorar la aerodin\u00e1mica.<\/li>\n<li>Deflector de aliento que evita el empa\u00f1amiento.<\/li>\n<\/ul>\n<p><strong>OTRAS CARACTER\u00cdSTICAS<\/strong><\/p>\n<ul>\n<li>Dise\u00f1o optimizado de la mentonera para una m\u00e1xima protecci\u00f3n de la clav\u00edcula. El perfil inferior cuenta con material de revestimiento EPP (Polipropileno Expandido) m\u00e1s suave que se extiende m\u00e1s all\u00e1 de la propia carcasa del casco y est\u00e1 cubierto por un compuesto de goma m\u00e1s flexible. Este dise\u00f1o proporciona una reducci\u00f3n en la probabilidad de cualquier tipo de lesi\u00f3n en la clav\u00edcula, una de las lesiones m\u00e1s comunes en motocicleta.<\/li>\n<li>Cierre mediante doble hebilla met\u00e1lica con correa de 25mm fabricada en nailon de alta resistencia.<\/li>\n<li>Predisposici\u00f3n para sistema de hidrataci\u00f3n (no incluido).<\/li>\n<li>Incluye spoiler est\u00e1ndar.<\/li>\n<li>Incluye bolsa de transporte.<\/li>\n<li>Peso aproximado: XS\/S: 1,490 gr. | M: 1,540 gr. | L: 1,590 gr. | XL\/XXL: 1,645 gr.<\/li>\n<li>Homologaci\u00f3n para los est\u00e1ndares ECE 22-06, DOT y FIM.<\/li>\n<\/ul>\n<p>&nbsp;<\/p>\n","protected":false},"excerpt":{"rendered":"<p>La edici\u00f3n limitada del Supertech R10 de Jorge Mart\u00edn: \u00ab<i>Martinator<\/i>,\u00bb combina tonos oscuros de negro, p\u00farpura y azul en un dise\u00f1o impactante con detalles de conductos tecnol\u00f3gicos y barras de potencia. Adem\u00e1s, debajo del spoiler trasero, lleva el distintivo \u00abMARTINATOR\u00bb y el n\u00famero 89 en la parte superior, reflejando en conjunto la determinaci\u00f3n, agresividad y el estilo \u00fanico de conducci\u00f3n del piloto.<\/p>\n","protected":false},"featured_media":14048,"comment_status":"open","ping_status":"closed","template":"","meta":{"_themeisle_gutenberg_block_has_review":false},"pwb-brand":[186],"product_brand":[],"product_cat":[15,145],"product_tag":[858],"class_list":{"0":"post-14043","1":"product","2":"type-product","3":"status-publish","4":"has-post-thumbnail","6":"pwb-brand-alpinestars","7":"product_cat-casco-de-moto","8":"product_cat-cascos-de-moto-integrales","9":"product_tag-casco-replica-10","11":"first","12":"outofstock","13":"taxable","14":"shipping-taxable","15":"product-type-variable","16":"has-default-attributes"},"yoast_head":"<!-- This site is optimized with the Yoast SEO plugin v27.5 - https:\/\/yoast.com\/product\/yoast-seo-wordpress\/ -->\n<title>CASCO ALPINESTARS SUPERTECH R10 JORGE MARTIN - Boutique Francisco Belmonte<\/title>\n<meta name=\"description\" content=\"Casco Alpinestars Supertech R10 Jorge Martin. Cascos de moto integral Alpinestars en Murcia Francisco Belmonte. Al mejor precio\" \/>\n<meta name=\"robots\" content=\"index, follow, max-snippet:-1, max-image-preview:large, max-video-preview:-1\" \/>\n<link rel=\"canonical\" href=\"https:\/\/franciscobelmonte.com\/tienda\/casco-alpinestars-supertech-r10-jorge-martin\/\" \/>\n<meta property=\"og:locale\" content=\"es_ES\" \/>\n<meta property=\"og:type\" content=\"article\" \/>\n<meta property=\"og:title\" content=\"CASCO ALPINESTARS SUPERTECH R10 JORGE MARTIN - Boutique Francisco Belmonte\" \/>\n<meta property=\"og:description\" content=\"Casco Alpinestars Supertech R10 Jorge Martin. Cascos de moto integral Alpinestars en Murcia Francisco Belmonte. Al mejor precio\" \/>\n<meta property=\"og:url\" content=\"https:\/\/franciscobelmonte.com\/tienda\/casco-alpinestars-supertech-r10-jorge-martin\/\" \/>\n<meta property=\"og:site_name\" content=\"Boutique Francisco Belmonte\" \/>\n<meta property=\"article:publisher\" content=\"https:\/\/www.facebook.com\/motosfranciscobelmonte\" \/>\n<meta property=\"article:modified_time\" content=\"2025-11-24T14:43:36+00:00\" \/>\n<meta property=\"og:image\" content=\"https:\/\/franciscobelmonte.com\/tienda\/wp-content\/uploads\/2025\/07\/casco-alpinestars-supertech_r10_joge_martin-1.webp\" \/>\n\t<meta property=\"og:image:width\" content=\"800\" \/>\n\t<meta property=\"og:image:height\" content=\"800\" \/>\n\t<meta property=\"og:image:type\" content=\"image\/webp\" \/>\n<meta name=\"twitter:card\" content=\"summary_large_image\" \/>\n<meta name=\"twitter:label1\" content=\"Tiempo de lectura\" \/>\n\t<meta name=\"twitter:data1\" content=\"1 minuto\" \/>\n<script type=\"application\/ld+json\" class=\"yoast-schema-graph\">{\"@context\":\"https:\\\/\\\/schema.org\",\"@graph\":[{\"@type\":\"WebPage\",\"@id\":\"https:\\\/\\\/franciscobelmonte.com\\\/tienda\\\/casco-alpinestars-supertech-r10-jorge-martin\\\/\",\"url\":\"https:\\\/\\\/franciscobelmonte.com\\\/tienda\\\/casco-alpinestars-supertech-r10-jorge-martin\\\/\",\"name\":\"CASCO ALPINESTARS SUPERTECH R10 JORGE MARTIN - Boutique Francisco Belmonte\",\"isPartOf\":{\"@id\":\"https:\\\/\\\/franciscobelmonte.com\\\/tienda\\\/#website\"},\"primaryImageOfPage\":{\"@id\":\"https:\\\/\\\/franciscobelmonte.com\\\/tienda\\\/casco-alpinestars-supertech-r10-jorge-martin\\\/#primaryimage\"},\"image\":{\"@id\":\"https:\\\/\\\/franciscobelmonte.com\\\/tienda\\\/casco-alpinestars-supertech-r10-jorge-martin\\\/#primaryimage\"},\"thumbnailUrl\":\"https:\\\/\\\/franciscobelmonte.com\\\/tienda\\\/wp-content\\\/uploads\\\/2025\\\/07\\\/casco-alpinestars-supertech_r10_joge_martin-1.webp\",\"datePublished\":\"2025-07-29T17:10:53+00:00\",\"dateModified\":\"2025-11-24T14:43:36+00:00\",\"description\":\"Casco Alpinestars Supertech R10 Jorge Martin. Cascos de moto integral Alpinestars en Murcia Francisco Belmonte. Al mejor precio\",\"breadcrumb\":{\"@id\":\"https:\\\/\\\/franciscobelmonte.com\\\/tienda\\\/casco-alpinestars-supertech-r10-jorge-martin\\\/#breadcrumb\"},\"inLanguage\":\"es\",\"potentialAction\":[{\"@type\":\"ReadAction\",\"target\":[\"https:\\\/\\\/franciscobelmonte.com\\\/tienda\\\/casco-alpinestars-supertech-r10-jorge-martin\\\/\"]}]},{\"@type\":\"ImageObject\",\"inLanguage\":\"es\",\"@id\":\"https:\\\/\\\/franciscobelmonte.com\\\/tienda\\\/casco-alpinestars-supertech-r10-jorge-martin\\\/#primaryimage\",\"url\":\"https:\\\/\\\/franciscobelmonte.com\\\/tienda\\\/wp-content\\\/uploads\\\/2025\\\/07\\\/casco-alpinestars-supertech_r10_joge_martin-1.webp\",\"contentUrl\":\"https:\\\/\\\/franciscobelmonte.com\\\/tienda\\\/wp-content\\\/uploads\\\/2025\\\/07\\\/casco-alpinestars-supertech_r10_joge_martin-1.webp\",\"width\":800,\"height\":800,\"caption\":\"casco alpinestars supertech r10 jorge martin en murcia francisco belmonte\"},{\"@type\":\"BreadcrumbList\",\"@id\":\"https:\\\/\\\/franciscobelmonte.com\\\/tienda\\\/casco-alpinestars-supertech-r10-jorge-martin\\\/#breadcrumb\",\"itemListElement\":[{\"@type\":\"ListItem\",\"position\":1,\"name\":\"Portada\",\"item\":\"https:\\\/\\\/franciscobelmonte.com\\\/tienda\\\/\"},{\"@type\":\"ListItem\",\"position\":2,\"name\":\"Tienda\",\"item\":\"https:\\\/\\\/franciscobelmonte.com\\\/tienda\\\/boutique-equipamiento-motero\\\/\"},{\"@type\":\"ListItem\",\"position\":3,\"name\":\"CASCO ALPINESTARS SUPERTECH R10 JORGE MARTIN\"}]},{\"@type\":\"WebSite\",\"@id\":\"https:\\\/\\\/franciscobelmonte.com\\\/tienda\\\/#website\",\"url\":\"https:\\\/\\\/franciscobelmonte.com\\\/tienda\\\/\",\"name\":\"Boutique Francisco Belmonte\",\"description\":\"Todo en complementos para motoristas\",\"publisher\":{\"@id\":\"https:\\\/\\\/franciscobelmonte.com\\\/tienda\\\/#organization\"},\"potentialAction\":[{\"@type\":\"SearchAction\",\"target\":{\"@type\":\"EntryPoint\",\"urlTemplate\":\"https:\\\/\\\/franciscobelmonte.com\\\/tienda\\\/?s={search_term_string}\"},\"query-input\":{\"@type\":\"PropertyValueSpecification\",\"valueRequired\":true,\"valueName\":\"search_term_string\"}}],\"inLanguage\":\"es\"},{\"@type\":\"Organization\",\"@id\":\"https:\\\/\\\/franciscobelmonte.com\\\/tienda\\\/#organization\",\"name\":\"Boutique Francisco Belmonte\",\"url\":\"https:\\\/\\\/franciscobelmonte.com\\\/tienda\\\/\",\"logo\":{\"@type\":\"ImageObject\",\"inLanguage\":\"es\",\"@id\":\"https:\\\/\\\/franciscobelmonte.com\\\/tienda\\\/#\\\/schema\\\/logo\\\/image\\\/\",\"url\":\"https:\\\/\\\/franciscobelmonte.com\\\/tienda\\\/wp-content\\\/uploads\\\/2021\\\/12\\\/Francisco-Belmonte-logo.png\",\"contentUrl\":\"https:\\\/\\\/franciscobelmonte.com\\\/tienda\\\/wp-content\\\/uploads\\\/2021\\\/12\\\/Francisco-Belmonte-logo.png\",\"width\":2153,\"height\":536,\"caption\":\"Boutique Francisco Belmonte\"},\"image\":{\"@id\":\"https:\\\/\\\/franciscobelmonte.com\\\/tienda\\\/#\\\/schema\\\/logo\\\/image\\\/\"},\"sameAs\":[\"https:\\\/\\\/www.facebook.com\\\/motosfranciscobelmonte\",\"https:\\\/\\\/www.instagram.com\\\/fco.belmonte\\\/\"]}]}<\/script>\n<!-- \/ Yoast SEO plugin. -->","yoast_head_json":{"title":"CASCO ALPINESTARS SUPERTECH R10 JORGE MARTIN - Boutique Francisco Belmonte","description":"Casco Alpinestars Supertech R10 Jorge Martin. Cascos de moto integral Alpinestars en Murcia Francisco Belmonte. Al mejor precio","robots":{"index":"index","follow":"follow","max-snippet":"max-snippet:-1","max-image-preview":"max-image-preview:large","max-video-preview":"max-video-preview:-1"},"canonical":"https:\/\/franciscobelmonte.com\/tienda\/casco-alpinestars-supertech-r10-jorge-martin\/","og_locale":"es_ES","og_type":"article","og_title":"CASCO ALPINESTARS SUPERTECH R10 JORGE MARTIN - Boutique Francisco Belmonte","og_description":"Casco Alpinestars Supertech R10 Jorge Martin. Cascos de moto integral Alpinestars en Murcia Francisco Belmonte. Al mejor precio","og_url":"https:\/\/franciscobelmonte.com\/tienda\/casco-alpinestars-supertech-r10-jorge-martin\/","og_site_name":"Boutique Francisco Belmonte","article_publisher":"https:\/\/www.facebook.com\/motosfranciscobelmonte","article_modified_time":"2025-11-24T14:43:36+00:00","og_image":[{"width":800,"height":800,"url":"https:\/\/franciscobelmonte.com\/tienda\/wp-content\/uploads\/2025\/07\/casco-alpinestars-supertech_r10_joge_martin-1.webp","type":"image\/webp"}],"twitter_card":"summary_large_image","twitter_misc":{"Tiempo de lectura":"1 minuto"},"schema":{"@context":"https:\/\/schema.org","@graph":[{"@type":"WebPage","@id":"https:\/\/franciscobelmonte.com\/tienda\/casco-alpinestars-supertech-r10-jorge-martin\/","url":"https:\/\/franciscobelmonte.com\/tienda\/casco-alpinestars-supertech-r10-jorge-martin\/","name":"CASCO ALPINESTARS SUPERTECH R10 JORGE MARTIN - Boutique Francisco Belmonte","isPartOf":{"@id":"https:\/\/franciscobelmonte.com\/tienda\/#website"},"primaryImageOfPage":{"@id":"https:\/\/franciscobelmonte.com\/tienda\/casco-alpinestars-supertech-r10-jorge-martin\/#primaryimage"},"image":{"@id":"https:\/\/franciscobelmonte.com\/tienda\/casco-alpinestars-supertech-r10-jorge-martin\/#primaryimage"},"thumbnailUrl":"https:\/\/franciscobelmonte.com\/tienda\/wp-content\/uploads\/2025\/07\/casco-alpinestars-supertech_r10_joge_martin-1.webp","datePublished":"2025-07-29T17:10:53+00:00","dateModified":"2025-11-24T14:43:36+00:00","description":"Casco Alpinestars Supertech R10 Jorge Martin. Cascos de moto integral Alpinestars en Murcia Francisco Belmonte. Al mejor precio","breadcrumb":{"@id":"https:\/\/franciscobelmonte.com\/tienda\/casco-alpinestars-supertech-r10-jorge-martin\/#breadcrumb"},"inLanguage":"es","potentialAction":[{"@type":"ReadAction","target":["https:\/\/franciscobelmonte.com\/tienda\/casco-alpinestars-supertech-r10-jorge-martin\/"]}]},{"@type":"ImageObject","inLanguage":"es","@id":"https:\/\/franciscobelmonte.com\/tienda\/casco-alpinestars-supertech-r10-jorge-martin\/#primaryimage","url":"https:\/\/franciscobelmonte.com\/tienda\/wp-content\/uploads\/2025\/07\/casco-alpinestars-supertech_r10_joge_martin-1.webp","contentUrl":"https:\/\/franciscobelmonte.com\/tienda\/wp-content\/uploads\/2025\/07\/casco-alpinestars-supertech_r10_joge_martin-1.webp","width":800,"height":800,"caption":"casco alpinestars supertech r10 jorge martin en murcia francisco belmonte"},{"@type":"BreadcrumbList","@id":"https:\/\/franciscobelmonte.com\/tienda\/casco-alpinestars-supertech-r10-jorge-martin\/#breadcrumb","itemListElement":[{"@type":"ListItem","position":1,"name":"Portada","item":"https:\/\/franciscobelmonte.com\/tienda\/"},{"@type":"ListItem","position":2,"name":"Tienda","item":"https:\/\/franciscobelmonte.com\/tienda\/boutique-equipamiento-motero\/"},{"@type":"ListItem","position":3,"name":"CASCO ALPINESTARS SUPERTECH R10 JORGE MARTIN"}]},{"@type":"WebSite","@id":"https:\/\/franciscobelmonte.com\/tienda\/#website","url":"https:\/\/franciscobelmonte.com\/tienda\/","name":"Boutique Francisco Belmonte","description":"Todo en complementos para motoristas","publisher":{"@id":"https:\/\/franciscobelmonte.com\/tienda\/#organization"},"potentialAction":[{"@type":"SearchAction","target":{"@type":"EntryPoint","urlTemplate":"https:\/\/franciscobelmonte.com\/tienda\/?s={search_term_string}"},"query-input":{"@type":"PropertyValueSpecification","valueRequired":true,"valueName":"search_term_string"}}],"inLanguage":"es"},{"@type":"Organization","@id":"https:\/\/franciscobelmonte.com\/tienda\/#organization","name":"Boutique Francisco Belmonte","url":"https:\/\/franciscobelmonte.com\/tienda\/","logo":{"@type":"ImageObject","inLanguage":"es","@id":"https:\/\/franciscobelmonte.com\/tienda\/#\/schema\/logo\/image\/","url":"https:\/\/franciscobelmonte.com\/tienda\/wp-content\/uploads\/2021\/12\/Francisco-Belmonte-logo.png","contentUrl":"https:\/\/franciscobelmonte.com\/tienda\/wp-content\/uploads\/2021\/12\/Francisco-Belmonte-logo.png","width":2153,"height":536,"caption":"Boutique Francisco Belmonte"},"image":{"@id":"https:\/\/franciscobelmonte.com\/tienda\/#\/schema\/logo\/image\/"},"sameAs":["https:\/\/www.facebook.com\/motosfranciscobelmonte","https:\/\/www.instagram.com\/fco.belmonte\/"]}]}},"jetpack_sharing_enabled":true,"brands":[{"id":186,"name":"Alpinestars","slug":"alpinestars"}],"_links":{"self":[{"href":"https:\/\/franciscobelmonte.com\/tienda\/wp-json\/wp\/v2\/product\/14043","targetHints":{"allow":["GET"]}}],"collection":[{"href":"https:\/\/franciscobelmonte.com\/tienda\/wp-json\/wp\/v2\/product"}],"about":[{"href":"https:\/\/franciscobelmonte.com\/tienda\/wp-json\/wp\/v2\/types\/product"}],"replies":[{"embeddable":true,"href":"https:\/\/franciscobelmonte.com\/tienda\/wp-json\/wp\/v2\/comments?post=14043"}],"wp:featuredmedia":[{"embeddable":true,"href":"https:\/\/franciscobelmonte.com\/tienda\/wp-json\/wp\/v2\/media\/14048"}],"wp:attachment":[{"href":"https:\/\/franciscobelmonte.com\/tienda\/wp-json\/wp\/v2\/media?parent=14043"}],"wp:term":[{"taxonomy":"pwb-brand","embeddable":true,"href":"https:\/\/franciscobelmonte.com\/tienda\/wp-json\/wp\/v2\/pwb-brand?post=14043"},{"taxonomy":"product_brand","embeddable":true,"href":"https:\/\/franciscobelmonte.com\/tienda\/wp-json\/wp\/v2\/product_brand?post=14043"},{"taxonomy":"product_cat","embeddable":true,"href":"https:\/\/franciscobelmonte.com\/tienda\/wp-json\/wp\/v2\/product_cat?post=14043"},{"taxonomy":"product_tag","embeddable":true,"href":"https:\/\/franciscobelmonte.com\/tienda\/wp-json\/wp\/v2\/product_tag?post=14043"}],"curies":[{"name":"wp","href":"https:\/\/api.w.org\/{rel}","templated":true}]}}