{"id":1844,"date":"2022-03-10T17:05:59","date_gmt":"2022-03-10T17:05:59","guid":{"rendered":"https:\/\/franciscobelmonte.com\/tienda\/?post_type=product&#038;p=1844"},"modified":"2024-12-16T14:56:03","modified_gmt":"2024-12-16T12:56:03","slug":"casco-caberg-levo-negro-mate","status":"publish","type":"product","link":"https:\/\/franciscobelmonte.com\/tienda\/casco-caberg-levo-negro-mate\/","title":{"rendered":"CASCO CABERG LEVO NEGRO MATE"},"content":{"rendered":"<h1>Casco CABERG Levo Negro Mate<\/h1>\n<p>Casco Caberg Levo Blanco Brillo es el nuevo casco abierto de Caberg para el motor turista m\u00e1s exigente, con soluciones t\u00e9cnicas avanzadas y dise\u00f1o innovador.<\/p>\n<p>La cubierta exterior est\u00e1 hecha de fibras compuestas o, en la versi\u00f3n LEVO CARBON, completamente en fibra de carbono.<br \/>\nLos dos tama\u00f1os de carcasa exterior permiten una proporci\u00f3n perfecta entre el volumen del casco y el tama\u00f1o del jinete.<br \/>\n<strong>LEVO<\/strong> se caracteriza por la doble homologaci\u00f3n de P\/J que ha superado las pruebas previstas por el est\u00e1ndar ECE para cascos integrales (P) y en configuraci\u00f3n de chorro (J), con un protector de barbilla abierto. El sistema de ventilaci\u00f3n, que consta de dos tomas de aire delanteras y dos extractores traseros, ofrece un confort \u00f3ptimo incluso en las condiciones m\u00e1s extremas a trav\u00e9s de los canales presentes en la carcasa interior.<br \/>\nEntre las caracter\u00edsticas exclusivas de <strong>LEVO<\/strong> se encuentra el gran visor que permite al ciclista contar con un campo de visi\u00f3n entre los m\u00e1s extensos en su categor\u00eda (definido como \u00abvisor panor\u00e1mico ultra ancho\u00bb), que garantiza una apertura frontal de 82. <strong>LEVO<\/strong> tambi\u00e9n est\u00e1 equipado de serie con la lente antivaho Pinlock Max Vision y est\u00e1 equipado con un parasol integrado, double Visor Tech, f\u00e1cil de maniobrar incluso con guantes.<br \/>\nLos interiores, completamente desmontables y lavables, est\u00e1n confeccionados con los mejores tejidos de alta transpiraci\u00f3n y se tratan con Sanitized. Las mejillas tienen un perfil que te permite usar gafas con extrema facilidad.<br \/>\nLEVO est\u00e1 dise\u00f1ado para albergar los principales sistemas de comunicaci\u00f3n en el mercado gracias a los espacios dedicados para altavoces y micr\u00f3fono.<\/p>\n<p><strong>Caracter\u00edsticas<\/strong><\/p>\n<ul>\n<li>SHELL: Fibras compuestas.<\/li>\n<li>SHELL: Carbono (Versi\u00f3n Levo Carb\u00f3n).<\/li>\n<li>Doble tama\u00f1o de la c\u00e1scara.<\/li>\n<li>Visor Doble (Transparente + Ahumado).<\/li>\n<li>Lanzamiento r\u00e1pido de la visera.<\/li>\n<li>Cuello doble anti-turbulencia.<\/li>\n<li>Visera resistente a los ara\u00f1azos con pinlock max vision est\u00e1ndar.<\/li>\n<li>Hebilla microm\u00e9trica.<\/li>\n<li>Ventilaci\u00f3n interna.<\/li>\n<li>Interior extra\u00edble y lavable.<\/li>\n<li>Perfiles impermeables.<\/li>\n<li>Aerodin\u00e1mica probada en el t\u00fanel de viento.<\/li>\n<li>Tope extra\u00edble de viento.<\/li>\n<li>Visera grande para una vista panor\u00e1mica.<\/li>\n<li>Preparado para la vivienda de intercomunicaci\u00f3n.<\/li>\n<\/ul>\n","protected":false},"excerpt":{"rendered":"<p>LEVO se caracteriza por la doble homologaci\u00f3n P\/J que ha superado las pruebas previstas por el est\u00e1ndar ECE para cascos integrales (P) y en configuraci\u00f3n de chorro (J), con un protector de barbilla abierto. El sistema de ventilaci\u00f3n, que consta de dos tomas de aire delanteras y dos extractores traseros, ofrece un confort \u00f3ptimo incluso en las condiciones m\u00e1s extremas a trav\u00e9s de los canales presentes en la carcasa interior.<\/p>\n","protected":false},"featured_media":1851,"comment_status":"open","ping_status":"closed","template":"","meta":{"_themeisle_gutenberg_block_has_review":false},"pwb-brand":[187],"product_brand":[],"product_cat":[15,144],"product_tag":[464,416,733],"class_list":{"0":"post-1844","1":"product","2":"type-product","3":"status-publish","4":"has-post-thumbnail","6":"pwb-brand-caberg","7":"product_cat-casco-de-moto","8":"product_cat-cascos-de-moto-modulares","9":"product_tag-casco-caberg-levo-negro-mate","10":"product_tag-liquidacion","11":"product_tag-liquidacion-25","13":"first","14":"instock","15":"sale","16":"taxable","17":"shipping-taxable","18":"purchasable","19":"product-type-variable","20":"has-default-attributes"},"yoast_head":"<!-- This site is optimized with the Yoast SEO plugin v27.4 - https:\/\/yoast.com\/product\/yoast-seo-wordpress\/ -->\n<title>CASCO CABERG LEVO NEGRO MATE - Boutique Francisco Belmonte<\/title>\n<meta name=\"description\" content=\"Casco de moto Caberg Levo Negro Mate. Puedes descubrirlo y prob\u00e1rtelo en nuestra Boutique Francisco Belmonte en Murcia. Al mejor precio.\" \/>\n<meta name=\"robots\" content=\"index, follow, max-snippet:-1, max-image-preview:large, max-video-preview:-1\" \/>\n<link rel=\"canonical\" href=\"https:\/\/franciscobelmonte.com\/tienda\/casco-caberg-levo-negro-mate\/\" \/>\n<meta property=\"og:locale\" content=\"es_ES\" \/>\n<meta property=\"og:type\" content=\"article\" \/>\n<meta property=\"og:title\" content=\"CASCO CABERG LEVO NEGRO MATE - Boutique Francisco Belmonte\" \/>\n<meta property=\"og:description\" content=\"Casco de moto Caberg Levo Negro Mate. Puedes descubrirlo y prob\u00e1rtelo en nuestra Boutique Francisco Belmonte en Murcia. Al mejor precio.\" \/>\n<meta property=\"og:url\" content=\"https:\/\/franciscobelmonte.com\/tienda\/casco-caberg-levo-negro-mate\/\" \/>\n<meta property=\"og:site_name\" content=\"Boutique Francisco Belmonte\" \/>\n<meta property=\"article:publisher\" content=\"https:\/\/www.facebook.com\/motosfranciscobelmonte\" \/>\n<meta property=\"article:modified_time\" content=\"2024-12-16T12:56:03+00:00\" \/>\n<meta property=\"og:image\" content=\"https:\/\/franciscobelmonte.com\/tienda\/wp-content\/uploads\/2022\/03\/casco-caberg-levo-negro-mate.jpg\" \/>\n\t<meta property=\"og:image:width\" content=\"800\" \/>\n\t<meta property=\"og:image:height\" content=\"800\" \/>\n\t<meta property=\"og:image:type\" content=\"image\/jpeg\" \/>\n<meta name=\"twitter:card\" content=\"summary_large_image\" \/>\n<meta name=\"twitter:label1\" content=\"Tiempo de lectura\" \/>\n\t<meta name=\"twitter:data1\" content=\"2 minutos\" \/>\n<script type=\"application\/ld+json\" class=\"yoast-schema-graph\">{\"@context\":\"https:\\\/\\\/schema.org\",\"@graph\":[{\"@type\":\"WebPage\",\"@id\":\"https:\\\/\\\/franciscobelmonte.com\\\/tienda\\\/casco-caberg-levo-negro-mate\\\/\",\"url\":\"https:\\\/\\\/franciscobelmonte.com\\\/tienda\\\/casco-caberg-levo-negro-mate\\\/\",\"name\":\"CASCO CABERG LEVO NEGRO MATE - Boutique Francisco Belmonte\",\"isPartOf\":{\"@id\":\"https:\\\/\\\/franciscobelmonte.com\\\/tienda\\\/#website\"},\"primaryImageOfPage\":{\"@id\":\"https:\\\/\\\/franciscobelmonte.com\\\/tienda\\\/casco-caberg-levo-negro-mate\\\/#primaryimage\"},\"image\":{\"@id\":\"https:\\\/\\\/franciscobelmonte.com\\\/tienda\\\/casco-caberg-levo-negro-mate\\\/#primaryimage\"},\"thumbnailUrl\":\"https:\\\/\\\/franciscobelmonte.com\\\/tienda\\\/wp-content\\\/uploads\\\/2022\\\/03\\\/casco-caberg-levo-negro-mate.jpg\",\"datePublished\":\"2022-03-10T17:05:59+00:00\",\"dateModified\":\"2024-12-16T12:56:03+00:00\",\"description\":\"Casco de moto Caberg Levo Negro Mate. Puedes descubrirlo y prob\u00e1rtelo en nuestra Boutique Francisco Belmonte en Murcia. Al mejor precio.\",\"breadcrumb\":{\"@id\":\"https:\\\/\\\/franciscobelmonte.com\\\/tienda\\\/casco-caberg-levo-negro-mate\\\/#breadcrumb\"},\"inLanguage\":\"es\",\"potentialAction\":[{\"@type\":\"ReadAction\",\"target\":[\"https:\\\/\\\/franciscobelmonte.com\\\/tienda\\\/casco-caberg-levo-negro-mate\\\/\"]}]},{\"@type\":\"ImageObject\",\"inLanguage\":\"es\",\"@id\":\"https:\\\/\\\/franciscobelmonte.com\\\/tienda\\\/casco-caberg-levo-negro-mate\\\/#primaryimage\",\"url\":\"https:\\\/\\\/franciscobelmonte.com\\\/tienda\\\/wp-content\\\/uploads\\\/2022\\\/03\\\/casco-caberg-levo-negro-mate.jpg\",\"contentUrl\":\"https:\\\/\\\/franciscobelmonte.com\\\/tienda\\\/wp-content\\\/uploads\\\/2022\\\/03\\\/casco-caberg-levo-negro-mate.jpg\",\"width\":800,\"height\":800,\"caption\":\"casco caberg levo negro mate en murcia francisco belmonte\"},{\"@type\":\"BreadcrumbList\",\"@id\":\"https:\\\/\\\/franciscobelmonte.com\\\/tienda\\\/casco-caberg-levo-negro-mate\\\/#breadcrumb\",\"itemListElement\":[{\"@type\":\"ListItem\",\"position\":1,\"name\":\"Portada\",\"item\":\"https:\\\/\\\/franciscobelmonte.com\\\/tienda\\\/\"},{\"@type\":\"ListItem\",\"position\":2,\"name\":\"Tienda\",\"item\":\"https:\\\/\\\/franciscobelmonte.com\\\/tienda\\\/boutique-equipamiento-motero\\\/\"},{\"@type\":\"ListItem\",\"position\":3,\"name\":\"CASCO CABERG LEVO NEGRO MATE\"}]},{\"@type\":\"WebSite\",\"@id\":\"https:\\\/\\\/franciscobelmonte.com\\\/tienda\\\/#website\",\"url\":\"https:\\\/\\\/franciscobelmonte.com\\\/tienda\\\/\",\"name\":\"Boutique Francisco Belmonte\",\"description\":\"Todo en complementos para motoristas\",\"publisher\":{\"@id\":\"https:\\\/\\\/franciscobelmonte.com\\\/tienda\\\/#organization\"},\"potentialAction\":[{\"@type\":\"SearchAction\",\"target\":{\"@type\":\"EntryPoint\",\"urlTemplate\":\"https:\\\/\\\/franciscobelmonte.com\\\/tienda\\\/?s={search_term_string}\"},\"query-input\":{\"@type\":\"PropertyValueSpecification\",\"valueRequired\":true,\"valueName\":\"search_term_string\"}}],\"inLanguage\":\"es\"},{\"@type\":\"Organization\",\"@id\":\"https:\\\/\\\/franciscobelmonte.com\\\/tienda\\\/#organization\",\"name\":\"Boutique Francisco Belmonte\",\"url\":\"https:\\\/\\\/franciscobelmonte.com\\\/tienda\\\/\",\"logo\":{\"@type\":\"ImageObject\",\"inLanguage\":\"es\",\"@id\":\"https:\\\/\\\/franciscobelmonte.com\\\/tienda\\\/#\\\/schema\\\/logo\\\/image\\\/\",\"url\":\"https:\\\/\\\/franciscobelmonte.com\\\/tienda\\\/wp-content\\\/uploads\\\/2021\\\/12\\\/Francisco-Belmonte-logo.png\",\"contentUrl\":\"https:\\\/\\\/franciscobelmonte.com\\\/tienda\\\/wp-content\\\/uploads\\\/2021\\\/12\\\/Francisco-Belmonte-logo.png\",\"width\":2153,\"height\":536,\"caption\":\"Boutique Francisco Belmonte\"},\"image\":{\"@id\":\"https:\\\/\\\/franciscobelmonte.com\\\/tienda\\\/#\\\/schema\\\/logo\\\/image\\\/\"},\"sameAs\":[\"https:\\\/\\\/www.facebook.com\\\/motosfranciscobelmonte\",\"https:\\\/\\\/www.instagram.com\\\/fco.belmonte\\\/\"]}]}<\/script>\n<!-- \/ Yoast SEO plugin. -->","yoast_head_json":{"title":"CASCO CABERG LEVO NEGRO MATE - Boutique Francisco Belmonte","description":"Casco de moto Caberg Levo Negro Mate. Puedes descubrirlo y prob\u00e1rtelo en nuestra Boutique Francisco Belmonte en Murcia. Al mejor precio.","robots":{"index":"index","follow":"follow","max-snippet":"max-snippet:-1","max-image-preview":"max-image-preview:large","max-video-preview":"max-video-preview:-1"},"canonical":"https:\/\/franciscobelmonte.com\/tienda\/casco-caberg-levo-negro-mate\/","og_locale":"es_ES","og_type":"article","og_title":"CASCO CABERG LEVO NEGRO MATE - Boutique Francisco Belmonte","og_description":"Casco de moto Caberg Levo Negro Mate. Puedes descubrirlo y prob\u00e1rtelo en nuestra Boutique Francisco Belmonte en Murcia. Al mejor precio.","og_url":"https:\/\/franciscobelmonte.com\/tienda\/casco-caberg-levo-negro-mate\/","og_site_name":"Boutique Francisco Belmonte","article_publisher":"https:\/\/www.facebook.com\/motosfranciscobelmonte","article_modified_time":"2024-12-16T12:56:03+00:00","og_image":[{"width":800,"height":800,"url":"https:\/\/franciscobelmonte.com\/tienda\/wp-content\/uploads\/2022\/03\/casco-caberg-levo-negro-mate.jpg","type":"image\/jpeg"}],"twitter_card":"summary_large_image","twitter_misc":{"Tiempo de lectura":"2 minutos"},"schema":{"@context":"https:\/\/schema.org","@graph":[{"@type":"WebPage","@id":"https:\/\/franciscobelmonte.com\/tienda\/casco-caberg-levo-negro-mate\/","url":"https:\/\/franciscobelmonte.com\/tienda\/casco-caberg-levo-negro-mate\/","name":"CASCO CABERG LEVO NEGRO MATE - Boutique Francisco Belmonte","isPartOf":{"@id":"https:\/\/franciscobelmonte.com\/tienda\/#website"},"primaryImageOfPage":{"@id":"https:\/\/franciscobelmonte.com\/tienda\/casco-caberg-levo-negro-mate\/#primaryimage"},"image":{"@id":"https:\/\/franciscobelmonte.com\/tienda\/casco-caberg-levo-negro-mate\/#primaryimage"},"thumbnailUrl":"https:\/\/franciscobelmonte.com\/tienda\/wp-content\/uploads\/2022\/03\/casco-caberg-levo-negro-mate.jpg","datePublished":"2022-03-10T17:05:59+00:00","dateModified":"2024-12-16T12:56:03+00:00","description":"Casco de moto Caberg Levo Negro Mate. Puedes descubrirlo y prob\u00e1rtelo en nuestra Boutique Francisco Belmonte en Murcia. Al mejor precio.","breadcrumb":{"@id":"https:\/\/franciscobelmonte.com\/tienda\/casco-caberg-levo-negro-mate\/#breadcrumb"},"inLanguage":"es","potentialAction":[{"@type":"ReadAction","target":["https:\/\/franciscobelmonte.com\/tienda\/casco-caberg-levo-negro-mate\/"]}]},{"@type":"ImageObject","inLanguage":"es","@id":"https:\/\/franciscobelmonte.com\/tienda\/casco-caberg-levo-negro-mate\/#primaryimage","url":"https:\/\/franciscobelmonte.com\/tienda\/wp-content\/uploads\/2022\/03\/casco-caberg-levo-negro-mate.jpg","contentUrl":"https:\/\/franciscobelmonte.com\/tienda\/wp-content\/uploads\/2022\/03\/casco-caberg-levo-negro-mate.jpg","width":800,"height":800,"caption":"casco caberg levo negro mate en murcia francisco belmonte"},{"@type":"BreadcrumbList","@id":"https:\/\/franciscobelmonte.com\/tienda\/casco-caberg-levo-negro-mate\/#breadcrumb","itemListElement":[{"@type":"ListItem","position":1,"name":"Portada","item":"https:\/\/franciscobelmonte.com\/tienda\/"},{"@type":"ListItem","position":2,"name":"Tienda","item":"https:\/\/franciscobelmonte.com\/tienda\/boutique-equipamiento-motero\/"},{"@type":"ListItem","position":3,"name":"CASCO CABERG LEVO NEGRO MATE"}]},{"@type":"WebSite","@id":"https:\/\/franciscobelmonte.com\/tienda\/#website","url":"https:\/\/franciscobelmonte.com\/tienda\/","name":"Boutique Francisco Belmonte","description":"Todo en complementos para motoristas","publisher":{"@id":"https:\/\/franciscobelmonte.com\/tienda\/#organization"},"potentialAction":[{"@type":"SearchAction","target":{"@type":"EntryPoint","urlTemplate":"https:\/\/franciscobelmonte.com\/tienda\/?s={search_term_string}"},"query-input":{"@type":"PropertyValueSpecification","valueRequired":true,"valueName":"search_term_string"}}],"inLanguage":"es"},{"@type":"Organization","@id":"https:\/\/franciscobelmonte.com\/tienda\/#organization","name":"Boutique Francisco Belmonte","url":"https:\/\/franciscobelmonte.com\/tienda\/","logo":{"@type":"ImageObject","inLanguage":"es","@id":"https:\/\/franciscobelmonte.com\/tienda\/#\/schema\/logo\/image\/","url":"https:\/\/franciscobelmonte.com\/tienda\/wp-content\/uploads\/2021\/12\/Francisco-Belmonte-logo.png","contentUrl":"https:\/\/franciscobelmonte.com\/tienda\/wp-content\/uploads\/2021\/12\/Francisco-Belmonte-logo.png","width":2153,"height":536,"caption":"Boutique Francisco Belmonte"},"image":{"@id":"https:\/\/franciscobelmonte.com\/tienda\/#\/schema\/logo\/image\/"},"sameAs":["https:\/\/www.facebook.com\/motosfranciscobelmonte","https:\/\/www.instagram.com\/fco.belmonte\/"]}]}},"jetpack_sharing_enabled":true,"brands":[{"id":187,"name":"Caberg","slug":"caberg"}],"_links":{"self":[{"href":"https:\/\/franciscobelmonte.com\/tienda\/wp-json\/wp\/v2\/product\/1844","targetHints":{"allow":["GET"]}}],"collection":[{"href":"https:\/\/franciscobelmonte.com\/tienda\/wp-json\/wp\/v2\/product"}],"about":[{"href":"https:\/\/franciscobelmonte.com\/tienda\/wp-json\/wp\/v2\/types\/product"}],"replies":[{"embeddable":true,"href":"https:\/\/franciscobelmonte.com\/tienda\/wp-json\/wp\/v2\/comments?post=1844"}],"wp:featuredmedia":[{"embeddable":true,"href":"https:\/\/franciscobelmonte.com\/tienda\/wp-json\/wp\/v2\/media\/1851"}],"wp:attachment":[{"href":"https:\/\/franciscobelmonte.com\/tienda\/wp-json\/wp\/v2\/media?parent=1844"}],"wp:term":[{"taxonomy":"pwb-brand","embeddable":true,"href":"https:\/\/franciscobelmonte.com\/tienda\/wp-json\/wp\/v2\/pwb-brand?post=1844"},{"taxonomy":"product_brand","embeddable":true,"href":"https:\/\/franciscobelmonte.com\/tienda\/wp-json\/wp\/v2\/product_brand?post=1844"},{"taxonomy":"product_cat","embeddable":true,"href":"https:\/\/franciscobelmonte.com\/tienda\/wp-json\/wp\/v2\/product_cat?post=1844"},{"taxonomy":"product_tag","embeddable":true,"href":"https:\/\/franciscobelmonte.com\/tienda\/wp-json\/wp\/v2\/product_tag?post=1844"}],"curies":[{"name":"wp","href":"https:\/\/api.w.org\/{rel}","templated":true}]}}