{"id":1978,"date":"2022-03-14T18:13:34","date_gmt":"2022-03-14T18:13:34","guid":{"rendered":"https:\/\/franciscobelmonte.com\/tienda\/?post_type=product&#038;p=1978"},"modified":"2026-01-06T19:14:56","modified_gmt":"2026-01-06T17:14:56","slug":"alpinestars-sp-1-v2-blanco-negro","status":"publish","type":"product","link":"https:\/\/franciscobelmonte.com\/tienda\/alpinestars-sp-1-v2-blanco-negro\/","title":{"rendered":"GUANTES ALPINESTARS SP-1 V2 BLANCO \/ NEGRO"},"content":{"rendered":"<h1>Guantes Alpinestars SP-1 V2 Blanco \/ Negro<\/h1>\n<div class=\"layoutArea\">\n<div class=\"column\">\n<p>El guante SP-1 cuenta con una innovadora confecci\u00f3n en multi-panel con excelentes capacidades protectoras tales como protectores de nudillos en fibra de carbono, refuerzos de Clarino\u00ae y puente de dedos patentado por Alpinestars. Los acolchados de espuma poly- foam perforada proporcionan una \u00f3ptima ventilaci\u00f3n mientras el dise\u00f1o de dedos anat\u00f3mico y pre-curvado mejora enormemente el confort en conducci\u00f3n.<\/p>\n<p><strong>Caracter\u00edsticas principales:<\/strong><\/p>\n<ul class=\"squareUl\">\n<li>Confecci\u00f3n multi-panel en piel de 1,3 mm con costuras reforzadas para una excelente resistencia a la abrasi\u00f3n y a los impactos.<\/li>\n<li>Innovadora confecci\u00f3n en multi-panel que incorpora un chasis principal en fuerte y suave piel.<\/li>\n<li>Las protecciones de los nudillos en fibra de carbono moldeada son ligeras y duraderas y ofrecen una soberbia protecci\u00f3n contra repetidos impactos.<\/li>\n<li>Borde de la palma y exterior de la mano reforzado con Clarino\u00ae para ofrecer mayor resistencia a la abrasi\u00f3n.<\/li>\n<li>Deslizador en TPU en la palma de la mano para ofrecer mayor resistencia a la abrasi\u00f3n y a los impactos.<\/li>\n<li>Puente de protecci\u00f3n entre el 4\u00ba y 5\u00ba dedo patentado por Alpinestars, que previene la torsi\u00f3n y separaci\u00f3n de dedos en caso de impacto y deslizamiento.<\/li>\n<li>Inserciones flexibles de piel en acorde\u00f3n en los dedos y la parte exterior del pulgar que proporcionan apoyo, ajuste y confort.<\/li>\n<li>Grandes salidas de ventilaci\u00f3n en la parte trasera de la mano que incorporan cord\u00f3n en TPR para mayor resistencia a la abrasi\u00f3n.<\/li>\n<li>Pu\u00f1os y panel superior de piel perforados, as\u00ed como paredes laterales de los dedos ventiladas para mantener las manos frescas.<\/li>\n<li>Pulgares, dedos, palma, dorso y mu\u00f1eca acolchados con espuma poly-foam de 4mm perforada para una amortiguaci\u00f3n extra y confort.<\/li>\n<li>Refuerzos de piel que cubren los dedos y paredes laterales para mayor durabilidad.<\/li>\n<li>Confecci\u00f3n de los dedos pre-curvados y anat\u00f3mica que ayuda a prevenir la fatiga y mejorar el rendimiento.<\/li>\n<li>Pu\u00f1o de estilo manopla que incluye mu\u00f1eca el\u00e1stica.<\/li>\n<li>Cierre principal con ajuste de velcro. Cinta de velcro en la mu\u00f1eca para evitar el descalzado del guante.<\/li>\n<li>Punta del dedo \u00edndice compatible con pantallas t\u00e1ctiles para su uso con smartphones y sistemas GPS.<\/li>\n<\/ul>\n<\/div>\n<\/div>\n<div class=\"layoutArea\">\n<div class=\"column\">\n<div class=\"page\" title=\"Page 32\">\n<div class=\"section\">\n<div class=\"layoutArea\">\n<div class=\"column\">\n<p>&nbsp;<\/p>\n<\/div>\n<\/div>\n<\/div>\n<\/div>\n<\/div>\n<\/div>\n","protected":false},"excerpt":{"rendered":"<p>El guante SP-1 cuenta con una innovadora confecci\u00f3n en multi-panel con excelentes capacidades protectoras tales como protectores de nudillos en fibra de carbono, refuerzos de Clarino\u00ae y puente de dedos patentado por Alpinestars.<\/p>\n<p><a style=\"color: #0000ff;\" href=\"https:\/\/franciscobelmonte.com\/tienda\/wp-content\/uploads\/2022\/09\/Tallas-guantes-alpinestars.png\" target=\"_blank\" rel=\"noopener\"><span style=\"font-size: xx-small;\"> Ver gu\u00eda de tallas<\/span><\/a><\/p>\n","protected":false},"featured_media":3017,"comment_status":"open","ping_status":"closed","template":"","meta":{"_themeisle_gutenberg_block_has_review":false},"pwb-brand":[186],"product_brand":[],"product_cat":[36,152],"product_tag":[374,794,416,889],"class_list":{"0":"post-1978","1":"product","2":"type-product","3":"status-publish","4":"has-post-thumbnail","6":"pwb-brand-alpinestars","7":"product_cat-guantes","8":"product_cat-guantes-de-moto-racing","9":"product_tag-alpinestars","10":"product_tag-alpinestars-liquidacion-30","11":"product_tag-liquidacion","12":"product_tag-rebajas-liquidacion-70","14":"first","15":"instock","16":"sale","17":"taxable","18":"shipping-taxable","19":"purchasable","20":"product-type-variable","21":"has-default-attributes"},"yoast_head":"<!-- This site is optimized with the Yoast SEO plugin v27.3 - https:\/\/yoast.com\/product\/yoast-seo-wordpress\/ -->\n<title>GUANTES ALPINESTARS SP-1 V2 BLANCO \/ NEGRO - Boutique Francisco Belmonte<\/title>\n<meta name=\"description\" content=\"Guantes Alpinestars SP-1 V2 Blanco \/ Negro. Puedes descubrirlas y prob\u00e1rtelas en nuestra Boutique Francisco Belmonte en Murcia.\" \/>\n<meta name=\"robots\" content=\"index, follow, max-snippet:-1, max-image-preview:large, max-video-preview:-1\" \/>\n<link rel=\"canonical\" href=\"https:\/\/franciscobelmonte.com\/tienda\/alpinestars-sp-1-v2-blanco-negro\/\" \/>\n<meta property=\"og:locale\" content=\"es_ES\" \/>\n<meta property=\"og:type\" content=\"article\" \/>\n<meta property=\"og:title\" content=\"GUANTES ALPINESTARS SP-1 V2 BLANCO \/ NEGRO - Boutique Francisco Belmonte\" \/>\n<meta property=\"og:description\" content=\"Guantes Alpinestars SP-1 V2 Blanco \/ Negro. Puedes descubrirlas y prob\u00e1rtelas en nuestra Boutique Francisco Belmonte en Murcia.\" \/>\n<meta property=\"og:url\" content=\"https:\/\/franciscobelmonte.com\/tienda\/alpinestars-sp-1-v2-blanco-negro\/\" \/>\n<meta property=\"og:site_name\" content=\"Boutique Francisco Belmonte\" \/>\n<meta property=\"article:publisher\" content=\"https:\/\/www.facebook.com\/motosfranciscobelmonte\" \/>\n<meta property=\"article:modified_time\" content=\"2026-01-06T17:14:56+00:00\" \/>\n<meta property=\"og:image\" content=\"https:\/\/franciscobelmonte.com\/tienda\/wp-content\/uploads\/2022\/03\/guantes-alpinestars-sp-1-v2-blanco-negro-ok.jpg\" \/>\n\t<meta property=\"og:image:width\" content=\"619\" \/>\n\t<meta property=\"og:image:height\" content=\"800\" \/>\n\t<meta property=\"og:image:type\" content=\"image\/jpeg\" \/>\n<meta name=\"twitter:card\" content=\"summary_large_image\" \/>\n<meta name=\"twitter:label1\" content=\"Tiempo de lectura\" \/>\n\t<meta name=\"twitter:data1\" content=\"2 minutos\" \/>\n<script type=\"application\/ld+json\" class=\"yoast-schema-graph\">{\"@context\":\"https:\\\/\\\/schema.org\",\"@graph\":[{\"@type\":\"WebPage\",\"@id\":\"https:\\\/\\\/franciscobelmonte.com\\\/tienda\\\/alpinestars-sp-1-v2-blanco-negro\\\/\",\"url\":\"https:\\\/\\\/franciscobelmonte.com\\\/tienda\\\/alpinestars-sp-1-v2-blanco-negro\\\/\",\"name\":\"GUANTES ALPINESTARS SP-1 V2 BLANCO \\\/ NEGRO - Boutique Francisco Belmonte\",\"isPartOf\":{\"@id\":\"https:\\\/\\\/franciscobelmonte.com\\\/tienda\\\/#website\"},\"primaryImageOfPage\":{\"@id\":\"https:\\\/\\\/franciscobelmonte.com\\\/tienda\\\/alpinestars-sp-1-v2-blanco-negro\\\/#primaryimage\"},\"image\":{\"@id\":\"https:\\\/\\\/franciscobelmonte.com\\\/tienda\\\/alpinestars-sp-1-v2-blanco-negro\\\/#primaryimage\"},\"thumbnailUrl\":\"https:\\\/\\\/franciscobelmonte.com\\\/tienda\\\/wp-content\\\/uploads\\\/2022\\\/03\\\/guantes-alpinestars-sp-1-v2-blanco-negro-ok.jpg\",\"datePublished\":\"2022-03-14T18:13:34+00:00\",\"dateModified\":\"2026-01-06T17:14:56+00:00\",\"description\":\"Guantes Alpinestars SP-1 V2 Blanco \\\/ Negro. Puedes descubrirlas y prob\u00e1rtelas en nuestra Boutique Francisco Belmonte en Murcia.\",\"breadcrumb\":{\"@id\":\"https:\\\/\\\/franciscobelmonte.com\\\/tienda\\\/alpinestars-sp-1-v2-blanco-negro\\\/#breadcrumb\"},\"inLanguage\":\"es\",\"potentialAction\":[{\"@type\":\"ReadAction\",\"target\":[\"https:\\\/\\\/franciscobelmonte.com\\\/tienda\\\/alpinestars-sp-1-v2-blanco-negro\\\/\"]}]},{\"@type\":\"ImageObject\",\"inLanguage\":\"es\",\"@id\":\"https:\\\/\\\/franciscobelmonte.com\\\/tienda\\\/alpinestars-sp-1-v2-blanco-negro\\\/#primaryimage\",\"url\":\"https:\\\/\\\/franciscobelmonte.com\\\/tienda\\\/wp-content\\\/uploads\\\/2022\\\/03\\\/guantes-alpinestars-sp-1-v2-blanco-negro-ok.jpg\",\"contentUrl\":\"https:\\\/\\\/franciscobelmonte.com\\\/tienda\\\/wp-content\\\/uploads\\\/2022\\\/03\\\/guantes-alpinestars-sp-1-v2-blanco-negro-ok.jpg\",\"width\":619,\"height\":800,\"caption\":\"guantes alpinestars sp 1 v2 blanco negro en murcia francisco belmonte\"},{\"@type\":\"BreadcrumbList\",\"@id\":\"https:\\\/\\\/franciscobelmonte.com\\\/tienda\\\/alpinestars-sp-1-v2-blanco-negro\\\/#breadcrumb\",\"itemListElement\":[{\"@type\":\"ListItem\",\"position\":1,\"name\":\"Portada\",\"item\":\"https:\\\/\\\/franciscobelmonte.com\\\/tienda\\\/\"},{\"@type\":\"ListItem\",\"position\":2,\"name\":\"Tienda\",\"item\":\"https:\\\/\\\/franciscobelmonte.com\\\/tienda\\\/boutique-equipamiento-motero\\\/\"},{\"@type\":\"ListItem\",\"position\":3,\"name\":\"GUANTES ALPINESTARS SP-1 V2 BLANCO \\\/ NEGRO\"}]},{\"@type\":\"WebSite\",\"@id\":\"https:\\\/\\\/franciscobelmonte.com\\\/tienda\\\/#website\",\"url\":\"https:\\\/\\\/franciscobelmonte.com\\\/tienda\\\/\",\"name\":\"Boutique Francisco Belmonte\",\"description\":\"Todo en complementos para motoristas\",\"publisher\":{\"@id\":\"https:\\\/\\\/franciscobelmonte.com\\\/tienda\\\/#organization\"},\"potentialAction\":[{\"@type\":\"SearchAction\",\"target\":{\"@type\":\"EntryPoint\",\"urlTemplate\":\"https:\\\/\\\/franciscobelmonte.com\\\/tienda\\\/?s={search_term_string}\"},\"query-input\":{\"@type\":\"PropertyValueSpecification\",\"valueRequired\":true,\"valueName\":\"search_term_string\"}}],\"inLanguage\":\"es\"},{\"@type\":\"Organization\",\"@id\":\"https:\\\/\\\/franciscobelmonte.com\\\/tienda\\\/#organization\",\"name\":\"Boutique Francisco Belmonte\",\"url\":\"https:\\\/\\\/franciscobelmonte.com\\\/tienda\\\/\",\"logo\":{\"@type\":\"ImageObject\",\"inLanguage\":\"es\",\"@id\":\"https:\\\/\\\/franciscobelmonte.com\\\/tienda\\\/#\\\/schema\\\/logo\\\/image\\\/\",\"url\":\"https:\\\/\\\/franciscobelmonte.com\\\/tienda\\\/wp-content\\\/uploads\\\/2021\\\/12\\\/Francisco-Belmonte-logo.png\",\"contentUrl\":\"https:\\\/\\\/franciscobelmonte.com\\\/tienda\\\/wp-content\\\/uploads\\\/2021\\\/12\\\/Francisco-Belmonte-logo.png\",\"width\":2153,\"height\":536,\"caption\":\"Boutique Francisco Belmonte\"},\"image\":{\"@id\":\"https:\\\/\\\/franciscobelmonte.com\\\/tienda\\\/#\\\/schema\\\/logo\\\/image\\\/\"},\"sameAs\":[\"https:\\\/\\\/www.facebook.com\\\/motosfranciscobelmonte\",\"https:\\\/\\\/www.instagram.com\\\/fco.belmonte\\\/\"]}]}<\/script>\n<!-- \/ Yoast SEO plugin. -->","yoast_head_json":{"title":"GUANTES ALPINESTARS SP-1 V2 BLANCO \/ NEGRO - Boutique Francisco Belmonte","description":"Guantes Alpinestars SP-1 V2 Blanco \/ Negro. Puedes descubrirlas y prob\u00e1rtelas en nuestra Boutique Francisco Belmonte en Murcia.","robots":{"index":"index","follow":"follow","max-snippet":"max-snippet:-1","max-image-preview":"max-image-preview:large","max-video-preview":"max-video-preview:-1"},"canonical":"https:\/\/franciscobelmonte.com\/tienda\/alpinestars-sp-1-v2-blanco-negro\/","og_locale":"es_ES","og_type":"article","og_title":"GUANTES ALPINESTARS SP-1 V2 BLANCO \/ NEGRO - Boutique Francisco Belmonte","og_description":"Guantes Alpinestars SP-1 V2 Blanco \/ Negro. Puedes descubrirlas y prob\u00e1rtelas en nuestra Boutique Francisco Belmonte en Murcia.","og_url":"https:\/\/franciscobelmonte.com\/tienda\/alpinestars-sp-1-v2-blanco-negro\/","og_site_name":"Boutique Francisco Belmonte","article_publisher":"https:\/\/www.facebook.com\/motosfranciscobelmonte","article_modified_time":"2026-01-06T17:14:56+00:00","og_image":[{"width":619,"height":800,"url":"https:\/\/franciscobelmonte.com\/tienda\/wp-content\/uploads\/2022\/03\/guantes-alpinestars-sp-1-v2-blanco-negro-ok.jpg","type":"image\/jpeg"}],"twitter_card":"summary_large_image","twitter_misc":{"Tiempo de lectura":"2 minutos"},"schema":{"@context":"https:\/\/schema.org","@graph":[{"@type":"WebPage","@id":"https:\/\/franciscobelmonte.com\/tienda\/alpinestars-sp-1-v2-blanco-negro\/","url":"https:\/\/franciscobelmonte.com\/tienda\/alpinestars-sp-1-v2-blanco-negro\/","name":"GUANTES ALPINESTARS SP-1 V2 BLANCO \/ NEGRO - Boutique Francisco Belmonte","isPartOf":{"@id":"https:\/\/franciscobelmonte.com\/tienda\/#website"},"primaryImageOfPage":{"@id":"https:\/\/franciscobelmonte.com\/tienda\/alpinestars-sp-1-v2-blanco-negro\/#primaryimage"},"image":{"@id":"https:\/\/franciscobelmonte.com\/tienda\/alpinestars-sp-1-v2-blanco-negro\/#primaryimage"},"thumbnailUrl":"https:\/\/franciscobelmonte.com\/tienda\/wp-content\/uploads\/2022\/03\/guantes-alpinestars-sp-1-v2-blanco-negro-ok.jpg","datePublished":"2022-03-14T18:13:34+00:00","dateModified":"2026-01-06T17:14:56+00:00","description":"Guantes Alpinestars SP-1 V2 Blanco \/ Negro. Puedes descubrirlas y prob\u00e1rtelas en nuestra Boutique Francisco Belmonte en Murcia.","breadcrumb":{"@id":"https:\/\/franciscobelmonte.com\/tienda\/alpinestars-sp-1-v2-blanco-negro\/#breadcrumb"},"inLanguage":"es","potentialAction":[{"@type":"ReadAction","target":["https:\/\/franciscobelmonte.com\/tienda\/alpinestars-sp-1-v2-blanco-negro\/"]}]},{"@type":"ImageObject","inLanguage":"es","@id":"https:\/\/franciscobelmonte.com\/tienda\/alpinestars-sp-1-v2-blanco-negro\/#primaryimage","url":"https:\/\/franciscobelmonte.com\/tienda\/wp-content\/uploads\/2022\/03\/guantes-alpinestars-sp-1-v2-blanco-negro-ok.jpg","contentUrl":"https:\/\/franciscobelmonte.com\/tienda\/wp-content\/uploads\/2022\/03\/guantes-alpinestars-sp-1-v2-blanco-negro-ok.jpg","width":619,"height":800,"caption":"guantes alpinestars sp 1 v2 blanco negro en murcia francisco belmonte"},{"@type":"BreadcrumbList","@id":"https:\/\/franciscobelmonte.com\/tienda\/alpinestars-sp-1-v2-blanco-negro\/#breadcrumb","itemListElement":[{"@type":"ListItem","position":1,"name":"Portada","item":"https:\/\/franciscobelmonte.com\/tienda\/"},{"@type":"ListItem","position":2,"name":"Tienda","item":"https:\/\/franciscobelmonte.com\/tienda\/boutique-equipamiento-motero\/"},{"@type":"ListItem","position":3,"name":"GUANTES ALPINESTARS SP-1 V2 BLANCO \/ NEGRO"}]},{"@type":"WebSite","@id":"https:\/\/franciscobelmonte.com\/tienda\/#website","url":"https:\/\/franciscobelmonte.com\/tienda\/","name":"Boutique Francisco Belmonte","description":"Todo en complementos para motoristas","publisher":{"@id":"https:\/\/franciscobelmonte.com\/tienda\/#organization"},"potentialAction":[{"@type":"SearchAction","target":{"@type":"EntryPoint","urlTemplate":"https:\/\/franciscobelmonte.com\/tienda\/?s={search_term_string}"},"query-input":{"@type":"PropertyValueSpecification","valueRequired":true,"valueName":"search_term_string"}}],"inLanguage":"es"},{"@type":"Organization","@id":"https:\/\/franciscobelmonte.com\/tienda\/#organization","name":"Boutique Francisco Belmonte","url":"https:\/\/franciscobelmonte.com\/tienda\/","logo":{"@type":"ImageObject","inLanguage":"es","@id":"https:\/\/franciscobelmonte.com\/tienda\/#\/schema\/logo\/image\/","url":"https:\/\/franciscobelmonte.com\/tienda\/wp-content\/uploads\/2021\/12\/Francisco-Belmonte-logo.png","contentUrl":"https:\/\/franciscobelmonte.com\/tienda\/wp-content\/uploads\/2021\/12\/Francisco-Belmonte-logo.png","width":2153,"height":536,"caption":"Boutique Francisco Belmonte"},"image":{"@id":"https:\/\/franciscobelmonte.com\/tienda\/#\/schema\/logo\/image\/"},"sameAs":["https:\/\/www.facebook.com\/motosfranciscobelmonte","https:\/\/www.instagram.com\/fco.belmonte\/"]}]}},"jetpack_sharing_enabled":true,"brands":[{"id":186,"name":"Alpinestars","slug":"alpinestars"}],"_links":{"self":[{"href":"https:\/\/franciscobelmonte.com\/tienda\/wp-json\/wp\/v2\/product\/1978","targetHints":{"allow":["GET"]}}],"collection":[{"href":"https:\/\/franciscobelmonte.com\/tienda\/wp-json\/wp\/v2\/product"}],"about":[{"href":"https:\/\/franciscobelmonte.com\/tienda\/wp-json\/wp\/v2\/types\/product"}],"replies":[{"embeddable":true,"href":"https:\/\/franciscobelmonte.com\/tienda\/wp-json\/wp\/v2\/comments?post=1978"}],"wp:featuredmedia":[{"embeddable":true,"href":"https:\/\/franciscobelmonte.com\/tienda\/wp-json\/wp\/v2\/media\/3017"}],"wp:attachment":[{"href":"https:\/\/franciscobelmonte.com\/tienda\/wp-json\/wp\/v2\/media?parent=1978"}],"wp:term":[{"taxonomy":"pwb-brand","embeddable":true,"href":"https:\/\/franciscobelmonte.com\/tienda\/wp-json\/wp\/v2\/pwb-brand?post=1978"},{"taxonomy":"product_brand","embeddable":true,"href":"https:\/\/franciscobelmonte.com\/tienda\/wp-json\/wp\/v2\/product_brand?post=1978"},{"taxonomy":"product_cat","embeddable":true,"href":"https:\/\/franciscobelmonte.com\/tienda\/wp-json\/wp\/v2\/product_cat?post=1978"},{"taxonomy":"product_tag","embeddable":true,"href":"https:\/\/franciscobelmonte.com\/tienda\/wp-json\/wp\/v2\/product_tag?post=1978"}],"curies":[{"name":"wp","href":"https:\/\/api.w.org\/{rel}","templated":true}]}}