{"id":3503,"date":"2022-05-19T10:10:14","date_gmt":"2022-05-19T10:10:14","guid":{"rendered":"https:\/\/franciscobelmonte.com\/tienda\/?post_type=product&#038;p=3503"},"modified":"2023-08-09T19:37:33","modified_gmt":"2023-08-09T17:37:33","slug":"mono-dainese-avro-d2-negro-light-azul-rojo-fluor","status":"publish","type":"product","link":"https:\/\/franciscobelmonte.com\/tienda\/mono-dainese-avro-d2-negro-light-azul-rojo-fluor\/","title":{"rendered":"MONO DAINESE AVRO D2 NEGRO \/ LIGHT AZUL \/ ROJO FLUOR"},"content":{"rendered":"<h1>Mono DAINESE Avro. D2 Negro \/ Light Azul \/ Rojo Fl\u00faor<\/h1>\n<p>Se trata de la evaluaci\u00f3n del apreciad\u00edsimo mono divisible Avro. Mantiene inalteradas caracter\u00edsticas importantes como la calidad de piel vacuna Tutu, el tejido el\u00e1stico S1 y el forro 3D Bubble que garantizan buena protecci\u00f3n, comodidad y movilidad. Se han realizado importantes actualizaciones en el dise\u00f1o, manteniendo su look deportivo, agresivo y t\u00e9cnico.<\/p>\n<p><strong>Caracter\u00edsticas T\u00e9cnicas:<\/strong><\/p>\n<p><strong>Material<\/strong><\/p>\n<ul>\n<li>Piel vacuna Tutu que proporciona gran resistencia.<\/li>\n<li>Tejido biel\u00e1stico S1.<\/li>\n<li>Forro interior Nanofeel con tratamiento en iones de plata.<\/li>\n<\/ul>\n<p><strong>Protecci\u00f3n<\/strong><\/p>\n<ul>\n<li>Protecciones compuestas certificadas seg\u00fan la norma EN 1621.1\/97.<\/li>\n<li>Protecciones blandas Pro-Shape en caderas, certificadas seg\u00fan la norma EN 1621.1.<\/li>\n<li>Protecci\u00f3n coinyectada en la zona del hombro con inserciones de aluminio.<\/li>\n<\/ul>\n<p><strong>Ergonom\u00eda<\/strong><\/p>\n<ul>\n<li>Joroba aerodin\u00e1mica.<\/li>\n<li>Cuello con inserciones el\u00e1sticas.<\/li>\n<li>Sistema de enganche mono-bota.<\/li>\n<li>Inserciones de tejido el\u00e1stico par mayor comodidad.<\/li>\n<li>Doble cremallera en la zona baja de la pierna.<\/li>\n<\/ul>\n<p><strong>Otras caracter\u00edsticas<\/strong><\/p>\n<ul>\n<li>Detalles reflectantes para mayor visibilidad en conducci\u00f3n nocturna o con poca luz.<\/li>\n<li>Deslizaderas intercambiables.<\/li>\n<li>Bolsillo Interno.<\/li>\n<\/ul>\n<p><strong>Homologaci\u00f3n<\/strong><\/p>\n<ul>\n<li>Mono certificado seg\u00fan la normativa CE\u00a0 Cat. II &#8211; 89\/686\/EEC<\/li>\n<\/ul>\n<p>&nbsp;<\/p>\n<div class=\"layoutArea\">\n<div class=\"column\">\n<div class=\"page\" title=\"Page 32\">\n<div class=\"section\">\n<div class=\"layoutArea\">\n<div class=\"column\">\n<p>&nbsp;<\/p>\n<p>&nbsp;<\/p>\n<p>&nbsp;<\/p>\n<\/div>\n<\/div>\n<\/div>\n<\/div>\n<\/div>\n<\/div>\n","protected":false},"excerpt":{"rendered":"<p>Se trata de la evaluaci\u00f3n del apreciad\u00edsimo mono divisible Avro. Mantiene inalteradas caracter\u00edsticas importantes como la calidad de piel vacuna Tutu, el tejido el\u00e1stico S1 y el forro 3D Bubble que garantizan buena protecci\u00f3n, comodidad y movilidad.<\/p>\n","protected":false},"featured_media":4616,"comment_status":"open","ping_status":"closed","template":"","meta":{"_themeisle_gutenberg_block_has_review":false},"pwb-brand":[189],"product_brand":[],"product_cat":[69,153],"product_tag":[416,485],"class_list":{"0":"post-3503","1":"product","2":"type-product","3":"status-publish","4":"has-post-thumbnail","6":"pwb-brand-dainese","7":"product_cat-monos-de-moto","8":"product_cat-monos-de-moto-2-piezas","9":"product_tag-liquidacion","10":"product_tag-mono-liquidacion","12":"first","13":"outofstock","14":"taxable","15":"shipping-taxable","16":"product-type-variable","17":"has-default-attributes"},"yoast_head":"<!-- This site is optimized with the Yoast SEO plugin v27.3 - https:\/\/yoast.com\/product\/yoast-seo-wordpress\/ -->\n<title>MONO DAINESE AVRO D2 NEGRO \/ LIGHT AZUL \/ ROJO FLUOR - Boutique Francisco Belmonte<\/title>\n<meta name=\"description\" content=\"Mono Dainese Avro. D2 Negro-Light Azul - Rojo Fl\u00faor. Puedes descubrirlo y prob\u00e1rtelo en nuestra Boutique Francisco Belmonte en Murcia.\" \/>\n<meta name=\"robots\" content=\"index, follow, max-snippet:-1, max-image-preview:large, max-video-preview:-1\" \/>\n<link rel=\"canonical\" href=\"https:\/\/franciscobelmonte.com\/tienda\/mono-dainese-avro-d2-negro-light-azul-rojo-fluor\/\" \/>\n<meta property=\"og:locale\" content=\"es_ES\" \/>\n<meta property=\"og:type\" content=\"article\" \/>\n<meta property=\"og:title\" content=\"MONO DAINESE AVRO D2 NEGRO \/ LIGHT AZUL \/ ROJO FLUOR - Boutique Francisco Belmonte\" \/>\n<meta property=\"og:description\" content=\"Mono Dainese Avro. D2 Negro-Light Azul - Rojo Fl\u00faor. Puedes descubrirlo y prob\u00e1rtelo en nuestra Boutique Francisco Belmonte en Murcia.\" \/>\n<meta property=\"og:url\" content=\"https:\/\/franciscobelmonte.com\/tienda\/mono-dainese-avro-d2-negro-light-azul-rojo-fluor\/\" \/>\n<meta property=\"og:site_name\" content=\"Boutique Francisco Belmonte\" \/>\n<meta property=\"article:publisher\" content=\"https:\/\/www.facebook.com\/motosfranciscobelmonte\" \/>\n<meta property=\"article:modified_time\" content=\"2023-08-09T17:37:33+00:00\" \/>\n<meta property=\"og:image\" content=\"https:\/\/franciscobelmonte.com\/tienda\/wp-content\/uploads\/2022\/05\/mono-dainese-avro-d2-divisible-2-piezas-negro-azul-rojo-fluor-ok.jpg\" \/>\n\t<meta property=\"og:image:width\" content=\"619\" \/>\n\t<meta property=\"og:image:height\" content=\"800\" \/>\n\t<meta property=\"og:image:type\" content=\"image\/jpeg\" \/>\n<meta name=\"twitter:card\" content=\"summary_large_image\" \/>\n<meta name=\"twitter:label1\" content=\"Tiempo de lectura\" \/>\n\t<meta name=\"twitter:data1\" content=\"1 minuto\" \/>\n<script type=\"application\/ld+json\" class=\"yoast-schema-graph\">{\"@context\":\"https:\\\/\\\/schema.org\",\"@graph\":[{\"@type\":\"WebPage\",\"@id\":\"https:\\\/\\\/franciscobelmonte.com\\\/tienda\\\/mono-dainese-avro-d2-negro-light-azul-rojo-fluor\\\/\",\"url\":\"https:\\\/\\\/franciscobelmonte.com\\\/tienda\\\/mono-dainese-avro-d2-negro-light-azul-rojo-fluor\\\/\",\"name\":\"MONO DAINESE AVRO D2 NEGRO \\\/ LIGHT AZUL \\\/ ROJO FLUOR - Boutique Francisco Belmonte\",\"isPartOf\":{\"@id\":\"https:\\\/\\\/franciscobelmonte.com\\\/tienda\\\/#website\"},\"primaryImageOfPage\":{\"@id\":\"https:\\\/\\\/franciscobelmonte.com\\\/tienda\\\/mono-dainese-avro-d2-negro-light-azul-rojo-fluor\\\/#primaryimage\"},\"image\":{\"@id\":\"https:\\\/\\\/franciscobelmonte.com\\\/tienda\\\/mono-dainese-avro-d2-negro-light-azul-rojo-fluor\\\/#primaryimage\"},\"thumbnailUrl\":\"https:\\\/\\\/franciscobelmonte.com\\\/tienda\\\/wp-content\\\/uploads\\\/2022\\\/05\\\/mono-dainese-avro-d2-divisible-2-piezas-negro-azul-rojo-fluor-ok.jpg\",\"datePublished\":\"2022-05-19T10:10:14+00:00\",\"dateModified\":\"2023-08-09T17:37:33+00:00\",\"description\":\"Mono Dainese Avro. D2 Negro-Light Azul - Rojo Fl\u00faor. Puedes descubrirlo y prob\u00e1rtelo en nuestra Boutique Francisco Belmonte en Murcia.\",\"breadcrumb\":{\"@id\":\"https:\\\/\\\/franciscobelmonte.com\\\/tienda\\\/mono-dainese-avro-d2-negro-light-azul-rojo-fluor\\\/#breadcrumb\"},\"inLanguage\":\"es\",\"potentialAction\":[{\"@type\":\"ReadAction\",\"target\":[\"https:\\\/\\\/franciscobelmonte.com\\\/tienda\\\/mono-dainese-avro-d2-negro-light-azul-rojo-fluor\\\/\"]}]},{\"@type\":\"ImageObject\",\"inLanguage\":\"es\",\"@id\":\"https:\\\/\\\/franciscobelmonte.com\\\/tienda\\\/mono-dainese-avro-d2-negro-light-azul-rojo-fluor\\\/#primaryimage\",\"url\":\"https:\\\/\\\/franciscobelmonte.com\\\/tienda\\\/wp-content\\\/uploads\\\/2022\\\/05\\\/mono-dainese-avro-d2-divisible-2-piezas-negro-azul-rojo-fluor-ok.jpg\",\"contentUrl\":\"https:\\\/\\\/franciscobelmonte.com\\\/tienda\\\/wp-content\\\/uploads\\\/2022\\\/05\\\/mono-dainese-avro-d2-divisible-2-piezas-negro-azul-rojo-fluor-ok.jpg\",\"width\":619,\"height\":800,\"caption\":\"mono dainese avro d2 negro-light azul-rojo fluor en murcia francisco belmonte\"},{\"@type\":\"BreadcrumbList\",\"@id\":\"https:\\\/\\\/franciscobelmonte.com\\\/tienda\\\/mono-dainese-avro-d2-negro-light-azul-rojo-fluor\\\/#breadcrumb\",\"itemListElement\":[{\"@type\":\"ListItem\",\"position\":1,\"name\":\"Portada\",\"item\":\"https:\\\/\\\/franciscobelmonte.com\\\/tienda\\\/\"},{\"@type\":\"ListItem\",\"position\":2,\"name\":\"Tienda\",\"item\":\"https:\\\/\\\/franciscobelmonte.com\\\/tienda\\\/boutique-equipamiento-motero\\\/\"},{\"@type\":\"ListItem\",\"position\":3,\"name\":\"MONO DAINESE AVRO D2 NEGRO \\\/ LIGHT AZUL \\\/ ROJO FLUOR\"}]},{\"@type\":\"WebSite\",\"@id\":\"https:\\\/\\\/franciscobelmonte.com\\\/tienda\\\/#website\",\"url\":\"https:\\\/\\\/franciscobelmonte.com\\\/tienda\\\/\",\"name\":\"Boutique Francisco Belmonte\",\"description\":\"Todo en complementos para motoristas\",\"publisher\":{\"@id\":\"https:\\\/\\\/franciscobelmonte.com\\\/tienda\\\/#organization\"},\"potentialAction\":[{\"@type\":\"SearchAction\",\"target\":{\"@type\":\"EntryPoint\",\"urlTemplate\":\"https:\\\/\\\/franciscobelmonte.com\\\/tienda\\\/?s={search_term_string}\"},\"query-input\":{\"@type\":\"PropertyValueSpecification\",\"valueRequired\":true,\"valueName\":\"search_term_string\"}}],\"inLanguage\":\"es\"},{\"@type\":\"Organization\",\"@id\":\"https:\\\/\\\/franciscobelmonte.com\\\/tienda\\\/#organization\",\"name\":\"Boutique Francisco Belmonte\",\"url\":\"https:\\\/\\\/franciscobelmonte.com\\\/tienda\\\/\",\"logo\":{\"@type\":\"ImageObject\",\"inLanguage\":\"es\",\"@id\":\"https:\\\/\\\/franciscobelmonte.com\\\/tienda\\\/#\\\/schema\\\/logo\\\/image\\\/\",\"url\":\"https:\\\/\\\/franciscobelmonte.com\\\/tienda\\\/wp-content\\\/uploads\\\/2021\\\/12\\\/Francisco-Belmonte-logo.png\",\"contentUrl\":\"https:\\\/\\\/franciscobelmonte.com\\\/tienda\\\/wp-content\\\/uploads\\\/2021\\\/12\\\/Francisco-Belmonte-logo.png\",\"width\":2153,\"height\":536,\"caption\":\"Boutique Francisco Belmonte\"},\"image\":{\"@id\":\"https:\\\/\\\/franciscobelmonte.com\\\/tienda\\\/#\\\/schema\\\/logo\\\/image\\\/\"},\"sameAs\":[\"https:\\\/\\\/www.facebook.com\\\/motosfranciscobelmonte\",\"https:\\\/\\\/www.instagram.com\\\/fco.belmonte\\\/\"]}]}<\/script>\n<!-- \/ Yoast SEO plugin. -->","yoast_head_json":{"title":"MONO DAINESE AVRO D2 NEGRO \/ LIGHT AZUL \/ ROJO FLUOR - Boutique Francisco Belmonte","description":"Mono Dainese Avro. D2 Negro-Light Azul - Rojo Fl\u00faor. Puedes descubrirlo y prob\u00e1rtelo en nuestra Boutique Francisco Belmonte en Murcia.","robots":{"index":"index","follow":"follow","max-snippet":"max-snippet:-1","max-image-preview":"max-image-preview:large","max-video-preview":"max-video-preview:-1"},"canonical":"https:\/\/franciscobelmonte.com\/tienda\/mono-dainese-avro-d2-negro-light-azul-rojo-fluor\/","og_locale":"es_ES","og_type":"article","og_title":"MONO DAINESE AVRO D2 NEGRO \/ LIGHT AZUL \/ ROJO FLUOR - Boutique Francisco Belmonte","og_description":"Mono Dainese Avro. D2 Negro-Light Azul - Rojo Fl\u00faor. Puedes descubrirlo y prob\u00e1rtelo en nuestra Boutique Francisco Belmonte en Murcia.","og_url":"https:\/\/franciscobelmonte.com\/tienda\/mono-dainese-avro-d2-negro-light-azul-rojo-fluor\/","og_site_name":"Boutique Francisco Belmonte","article_publisher":"https:\/\/www.facebook.com\/motosfranciscobelmonte","article_modified_time":"2023-08-09T17:37:33+00:00","og_image":[{"width":619,"height":800,"url":"https:\/\/franciscobelmonte.com\/tienda\/wp-content\/uploads\/2022\/05\/mono-dainese-avro-d2-divisible-2-piezas-negro-azul-rojo-fluor-ok.jpg","type":"image\/jpeg"}],"twitter_card":"summary_large_image","twitter_misc":{"Tiempo de lectura":"1 minuto"},"schema":{"@context":"https:\/\/schema.org","@graph":[{"@type":"WebPage","@id":"https:\/\/franciscobelmonte.com\/tienda\/mono-dainese-avro-d2-negro-light-azul-rojo-fluor\/","url":"https:\/\/franciscobelmonte.com\/tienda\/mono-dainese-avro-d2-negro-light-azul-rojo-fluor\/","name":"MONO DAINESE AVRO D2 NEGRO \/ LIGHT AZUL \/ ROJO FLUOR - Boutique Francisco Belmonte","isPartOf":{"@id":"https:\/\/franciscobelmonte.com\/tienda\/#website"},"primaryImageOfPage":{"@id":"https:\/\/franciscobelmonte.com\/tienda\/mono-dainese-avro-d2-negro-light-azul-rojo-fluor\/#primaryimage"},"image":{"@id":"https:\/\/franciscobelmonte.com\/tienda\/mono-dainese-avro-d2-negro-light-azul-rojo-fluor\/#primaryimage"},"thumbnailUrl":"https:\/\/franciscobelmonte.com\/tienda\/wp-content\/uploads\/2022\/05\/mono-dainese-avro-d2-divisible-2-piezas-negro-azul-rojo-fluor-ok.jpg","datePublished":"2022-05-19T10:10:14+00:00","dateModified":"2023-08-09T17:37:33+00:00","description":"Mono Dainese Avro. D2 Negro-Light Azul - Rojo Fl\u00faor. Puedes descubrirlo y prob\u00e1rtelo en nuestra Boutique Francisco Belmonte en Murcia.","breadcrumb":{"@id":"https:\/\/franciscobelmonte.com\/tienda\/mono-dainese-avro-d2-negro-light-azul-rojo-fluor\/#breadcrumb"},"inLanguage":"es","potentialAction":[{"@type":"ReadAction","target":["https:\/\/franciscobelmonte.com\/tienda\/mono-dainese-avro-d2-negro-light-azul-rojo-fluor\/"]}]},{"@type":"ImageObject","inLanguage":"es","@id":"https:\/\/franciscobelmonte.com\/tienda\/mono-dainese-avro-d2-negro-light-azul-rojo-fluor\/#primaryimage","url":"https:\/\/franciscobelmonte.com\/tienda\/wp-content\/uploads\/2022\/05\/mono-dainese-avro-d2-divisible-2-piezas-negro-azul-rojo-fluor-ok.jpg","contentUrl":"https:\/\/franciscobelmonte.com\/tienda\/wp-content\/uploads\/2022\/05\/mono-dainese-avro-d2-divisible-2-piezas-negro-azul-rojo-fluor-ok.jpg","width":619,"height":800,"caption":"mono dainese avro d2 negro-light azul-rojo fluor en murcia francisco belmonte"},{"@type":"BreadcrumbList","@id":"https:\/\/franciscobelmonte.com\/tienda\/mono-dainese-avro-d2-negro-light-azul-rojo-fluor\/#breadcrumb","itemListElement":[{"@type":"ListItem","position":1,"name":"Portada","item":"https:\/\/franciscobelmonte.com\/tienda\/"},{"@type":"ListItem","position":2,"name":"Tienda","item":"https:\/\/franciscobelmonte.com\/tienda\/boutique-equipamiento-motero\/"},{"@type":"ListItem","position":3,"name":"MONO DAINESE AVRO D2 NEGRO \/ LIGHT AZUL \/ ROJO FLUOR"}]},{"@type":"WebSite","@id":"https:\/\/franciscobelmonte.com\/tienda\/#website","url":"https:\/\/franciscobelmonte.com\/tienda\/","name":"Boutique Francisco Belmonte","description":"Todo en complementos para motoristas","publisher":{"@id":"https:\/\/franciscobelmonte.com\/tienda\/#organization"},"potentialAction":[{"@type":"SearchAction","target":{"@type":"EntryPoint","urlTemplate":"https:\/\/franciscobelmonte.com\/tienda\/?s={search_term_string}"},"query-input":{"@type":"PropertyValueSpecification","valueRequired":true,"valueName":"search_term_string"}}],"inLanguage":"es"},{"@type":"Organization","@id":"https:\/\/franciscobelmonte.com\/tienda\/#organization","name":"Boutique Francisco Belmonte","url":"https:\/\/franciscobelmonte.com\/tienda\/","logo":{"@type":"ImageObject","inLanguage":"es","@id":"https:\/\/franciscobelmonte.com\/tienda\/#\/schema\/logo\/image\/","url":"https:\/\/franciscobelmonte.com\/tienda\/wp-content\/uploads\/2021\/12\/Francisco-Belmonte-logo.png","contentUrl":"https:\/\/franciscobelmonte.com\/tienda\/wp-content\/uploads\/2021\/12\/Francisco-Belmonte-logo.png","width":2153,"height":536,"caption":"Boutique Francisco Belmonte"},"image":{"@id":"https:\/\/franciscobelmonte.com\/tienda\/#\/schema\/logo\/image\/"},"sameAs":["https:\/\/www.facebook.com\/motosfranciscobelmonte","https:\/\/www.instagram.com\/fco.belmonte\/"]}]}},"jetpack_sharing_enabled":true,"brands":[{"id":189,"name":"Dainese","slug":"dainese"}],"_links":{"self":[{"href":"https:\/\/franciscobelmonte.com\/tienda\/wp-json\/wp\/v2\/product\/3503","targetHints":{"allow":["GET"]}}],"collection":[{"href":"https:\/\/franciscobelmonte.com\/tienda\/wp-json\/wp\/v2\/product"}],"about":[{"href":"https:\/\/franciscobelmonte.com\/tienda\/wp-json\/wp\/v2\/types\/product"}],"replies":[{"embeddable":true,"href":"https:\/\/franciscobelmonte.com\/tienda\/wp-json\/wp\/v2\/comments?post=3503"}],"wp:featuredmedia":[{"embeddable":true,"href":"https:\/\/franciscobelmonte.com\/tienda\/wp-json\/wp\/v2\/media\/4616"}],"wp:attachment":[{"href":"https:\/\/franciscobelmonte.com\/tienda\/wp-json\/wp\/v2\/media?parent=3503"}],"wp:term":[{"taxonomy":"pwb-brand","embeddable":true,"href":"https:\/\/franciscobelmonte.com\/tienda\/wp-json\/wp\/v2\/pwb-brand?post=3503"},{"taxonomy":"product_brand","embeddable":true,"href":"https:\/\/franciscobelmonte.com\/tienda\/wp-json\/wp\/v2\/product_brand?post=3503"},{"taxonomy":"product_cat","embeddable":true,"href":"https:\/\/franciscobelmonte.com\/tienda\/wp-json\/wp\/v2\/product_cat?post=3503"},{"taxonomy":"product_tag","embeddable":true,"href":"https:\/\/franciscobelmonte.com\/tienda\/wp-json\/wp\/v2\/product_tag?post=3503"}],"curies":[{"name":"wp","href":"https:\/\/api.w.org\/{rel}","templated":true}]}}