{"id":4117,"date":"2022-06-23T08:13:28","date_gmt":"2022-06-23T08:13:28","guid":{"rendered":"https:\/\/franciscobelmonte.com\/tienda\/?post_type=product&#038;p=4117"},"modified":"2024-11-25T11:29:35","modified_gmt":"2024-11-25T09:29:35","slug":"casco-nos-ns-10-fastback-blanco","status":"publish","type":"product","link":"https:\/\/franciscobelmonte.com\/tienda\/casco-nos-ns-10-fastback-blanco\/","title":{"rendered":"CASCO NOS NS-10 FASTBACK BLANCO"},"content":{"rendered":"<h2>Casco Nos NS-10 Fastback blanco<\/h2>\n<p>Con NS-10, hemos logrado incorporar la filosof\u00eda y los conocimientos de NOS Helmets para crear un casco capaz de satisfacer a los motociclistas m\u00e1s din\u00e1micos y modernos gracias al uso de tecnolog\u00edas y soluciones inteligentes al servicio de la protecci\u00f3n.<\/p>\n<p>Experimente el nivel de rendimiento y la sensaci\u00f3n de un casco hecho a medida en su piel gracias a los interiores cosidos a mano totalmente personalizables y disfrute de la comodidad garantizada por el nuevo sistema de ventilaci\u00f3n MACH-Efficiency 2, que ahora incluye dos nuevas entradas.<\/p>\n<p>La carcasa exterior, disponible en dos tama\u00f1os diferentes, ha sido dise\u00f1ada para maximizar la eficiencia aerodin\u00e1mica a altas velocidades, mientras que la correa de acero microm\u00e9trico de alta resistencia y la carcasa interior de densidad diferenciada EPS garantizan la m\u00e1xima protecci\u00f3n en caso de un impacto.<\/p>\n<p>Simplemente todas las caracter\u00edsticas que esperar\u00eda encontrar en un deporte de alta gama, con el nivel de rendimiento y comodidad de un crucero de d\u00eda largo.<\/p>\n<p><strong>Caracter\u00edsticas:<\/strong><\/p>\n<p><strong>Calota exterior<\/strong><\/p>\n<ul>\n<li>Realizada en HRPolymer<\/li>\n<li>2 diferentes medidas de calota<\/li>\n<\/ul>\n<p><strong>Calota interior<\/strong><\/p>\n<ul>\n<li>EPS a dos densidades diferenciadas<\/li>\n<li>3 differentes medidas de calota interiores<\/li>\n<\/ul>\n<p><strong>Interiores<\/strong><\/p>\n<ul>\n<li>Realizados en Dry-resh, tejido transpirante y antimicrobiano<\/li>\n<li>Completamente extra\u00edble, lavable y personalizable<\/li>\n<li>Almohadilas con sistema Emergency Pull<\/li>\n<li>Barbillera modular removible<\/li>\n<li>Alojamiento sistema interfono aumentado<\/li>\n<\/ul>\n<p><strong>Sistema de retenci\u00f3n<\/strong><\/p>\n<ul>\n<li>En acero de alta resistencia, micrometrico y soft touch<\/li>\n<\/ul>\n<p>Sistema pantalla<\/p>\n<ul>\n<li>Pantalla Racing 2D a desenganche r\u00e1pido con Sistema SR y tratamiento Anti-Scratch<\/li>\n<\/ul>\n<p><strong>Sunvisor<\/strong><\/p>\n<ul>\n<li>Filtro \u00f3ptico a alta capacidad oscurante (95% UV) y mecanismo de accionamiento integrado en la calota<\/li>\n<li>Tratamiento Anti-Scratch<\/li>\n<\/ul>\n<p><strong>Sistema de Ventilaci\u00f2n<\/strong><\/p>\n<ul>\n<li>MACH-Efficiency 2 optimizada aerodinamicamente<\/li>\n<li>Flujo en entrada tripartito, para un enfriamiento m\u00e1s homog\u00e9neo<\/li>\n<li>Toma de aire central aumentada en entrada<\/li>\n<li>Toma de aire aumentada en emisi\u00f3n<\/li>\n<\/ul>\n","protected":false},"excerpt":{"rendered":"<p>Con NS-10, hemos logrado incorporar la filosof\u00eda y los conocimientos de NOS Helmets para crear un casco capaz de satisfacer a los motociclistas m\u00e1s din\u00e1micos y modernos gracias al uso de tecnolog\u00edas y soluciones inteligentes al servicio de la protecci\u00f3n.<\/p>\n","protected":false},"featured_media":4127,"comment_status":"open","ping_status":"closed","template":"","meta":{"_themeisle_gutenberg_block_has_review":false},"pwb-brand":[193],"product_brand":[],"product_cat":[15,145,700],"product_tag":[507,416,530],"class_list":{"0":"post-4117","1":"product","2":"type-product","3":"status-publish","4":"has-post-thumbnail","6":"pwb-brand-nos","7":"product_cat-casco-de-moto","8":"product_cat-cascos-de-moto-integrales","9":"product_cat-seleccion-san-valentin","10":"product_tag-casco-nos-ns-10-fastback-blanco","11":"product_tag-liquidacion","12":"product_tag-liquidacion-30","14":"first","15":"instock","16":"sale","17":"taxable","18":"shipping-taxable","19":"purchasable","20":"product-type-variable","21":"has-default-attributes"},"yoast_head":"<!-- This site is optimized with the Yoast SEO plugin v27.4 - https:\/\/yoast.com\/product\/yoast-seo-wordpress\/ -->\n<title>CASCO NOS NS-10 FASTBACK BLANCO - Boutique Francisco Belmonte<\/title>\n<meta name=\"description\" content=\"Casco Nos NS-10 Fastback Blanco. Puedes descubrirlo y prob\u00e1rtelo en nuestra Boutique Francisco Belmonte en Murcia. Al mejor precio\" \/>\n<meta name=\"robots\" content=\"index, follow, max-snippet:-1, max-image-preview:large, max-video-preview:-1\" \/>\n<link rel=\"canonical\" href=\"https:\/\/franciscobelmonte.com\/tienda\/casco-nos-ns-10-fastback-blanco\/\" \/>\n<meta property=\"og:locale\" content=\"es_ES\" \/>\n<meta property=\"og:type\" content=\"article\" \/>\n<meta property=\"og:title\" content=\"CASCO NOS NS-10 FASTBACK BLANCO - Boutique Francisco Belmonte\" \/>\n<meta property=\"og:description\" content=\"Casco Nos NS-10 Fastback Blanco. Puedes descubrirlo y prob\u00e1rtelo en nuestra Boutique Francisco Belmonte en Murcia. Al mejor precio\" \/>\n<meta property=\"og:url\" content=\"https:\/\/franciscobelmonte.com\/tienda\/casco-nos-ns-10-fastback-blanco\/\" \/>\n<meta property=\"og:site_name\" content=\"Boutique Francisco Belmonte\" \/>\n<meta property=\"article:publisher\" content=\"https:\/\/www.facebook.com\/motosfranciscobelmonte\" \/>\n<meta property=\"article:modified_time\" content=\"2024-11-25T09:29:35+00:00\" \/>\n<meta property=\"og:image\" content=\"https:\/\/franciscobelmonte.com\/tienda\/wp-content\/uploads\/2022\/06\/casco-nos-ns-10-fastback-blanco.jpg\" \/>\n\t<meta property=\"og:image:width\" content=\"800\" \/>\n\t<meta property=\"og:image:height\" content=\"800\" \/>\n\t<meta property=\"og:image:type\" content=\"image\/jpeg\" \/>\n<meta name=\"twitter:card\" content=\"summary_large_image\" \/>\n<meta name=\"twitter:label1\" content=\"Tiempo de lectura\" \/>\n\t<meta name=\"twitter:data1\" content=\"2 minutos\" \/>\n<script type=\"application\/ld+json\" class=\"yoast-schema-graph\">{\"@context\":\"https:\\\/\\\/schema.org\",\"@graph\":[{\"@type\":\"WebPage\",\"@id\":\"https:\\\/\\\/franciscobelmonte.com\\\/tienda\\\/casco-nos-ns-10-fastback-blanco\\\/\",\"url\":\"https:\\\/\\\/franciscobelmonte.com\\\/tienda\\\/casco-nos-ns-10-fastback-blanco\\\/\",\"name\":\"CASCO NOS NS-10 FASTBACK BLANCO - Boutique Francisco Belmonte\",\"isPartOf\":{\"@id\":\"https:\\\/\\\/franciscobelmonte.com\\\/tienda\\\/#website\"},\"primaryImageOfPage\":{\"@id\":\"https:\\\/\\\/franciscobelmonte.com\\\/tienda\\\/casco-nos-ns-10-fastback-blanco\\\/#primaryimage\"},\"image\":{\"@id\":\"https:\\\/\\\/franciscobelmonte.com\\\/tienda\\\/casco-nos-ns-10-fastback-blanco\\\/#primaryimage\"},\"thumbnailUrl\":\"https:\\\/\\\/franciscobelmonte.com\\\/tienda\\\/wp-content\\\/uploads\\\/2022\\\/06\\\/casco-nos-ns-10-fastback-blanco.jpg\",\"datePublished\":\"2022-06-23T08:13:28+00:00\",\"dateModified\":\"2024-11-25T09:29:35+00:00\",\"description\":\"Casco Nos NS-10 Fastback Blanco. Puedes descubrirlo y prob\u00e1rtelo en nuestra Boutique Francisco Belmonte en Murcia. Al mejor precio\",\"breadcrumb\":{\"@id\":\"https:\\\/\\\/franciscobelmonte.com\\\/tienda\\\/casco-nos-ns-10-fastback-blanco\\\/#breadcrumb\"},\"inLanguage\":\"es\",\"potentialAction\":[{\"@type\":\"ReadAction\",\"target\":[\"https:\\\/\\\/franciscobelmonte.com\\\/tienda\\\/casco-nos-ns-10-fastback-blanco\\\/\"]}]},{\"@type\":\"ImageObject\",\"inLanguage\":\"es\",\"@id\":\"https:\\\/\\\/franciscobelmonte.com\\\/tienda\\\/casco-nos-ns-10-fastback-blanco\\\/#primaryimage\",\"url\":\"https:\\\/\\\/franciscobelmonte.com\\\/tienda\\\/wp-content\\\/uploads\\\/2022\\\/06\\\/casco-nos-ns-10-fastback-blanco.jpg\",\"contentUrl\":\"https:\\\/\\\/franciscobelmonte.com\\\/tienda\\\/wp-content\\\/uploads\\\/2022\\\/06\\\/casco-nos-ns-10-fastback-blanco.jpg\",\"width\":800,\"height\":800,\"caption\":\"casco nos ns10 fastback blanco en murcia francisco belmonte\"},{\"@type\":\"BreadcrumbList\",\"@id\":\"https:\\\/\\\/franciscobelmonte.com\\\/tienda\\\/casco-nos-ns-10-fastback-blanco\\\/#breadcrumb\",\"itemListElement\":[{\"@type\":\"ListItem\",\"position\":1,\"name\":\"Portada\",\"item\":\"https:\\\/\\\/franciscobelmonte.com\\\/tienda\\\/\"},{\"@type\":\"ListItem\",\"position\":2,\"name\":\"Tienda\",\"item\":\"https:\\\/\\\/franciscobelmonte.com\\\/tienda\\\/boutique-equipamiento-motero\\\/\"},{\"@type\":\"ListItem\",\"position\":3,\"name\":\"CASCO NOS NS-10 FASTBACK BLANCO\"}]},{\"@type\":\"WebSite\",\"@id\":\"https:\\\/\\\/franciscobelmonte.com\\\/tienda\\\/#website\",\"url\":\"https:\\\/\\\/franciscobelmonte.com\\\/tienda\\\/\",\"name\":\"Boutique Francisco Belmonte\",\"description\":\"Todo en complementos para motoristas\",\"publisher\":{\"@id\":\"https:\\\/\\\/franciscobelmonte.com\\\/tienda\\\/#organization\"},\"potentialAction\":[{\"@type\":\"SearchAction\",\"target\":{\"@type\":\"EntryPoint\",\"urlTemplate\":\"https:\\\/\\\/franciscobelmonte.com\\\/tienda\\\/?s={search_term_string}\"},\"query-input\":{\"@type\":\"PropertyValueSpecification\",\"valueRequired\":true,\"valueName\":\"search_term_string\"}}],\"inLanguage\":\"es\"},{\"@type\":\"Organization\",\"@id\":\"https:\\\/\\\/franciscobelmonte.com\\\/tienda\\\/#organization\",\"name\":\"Boutique Francisco Belmonte\",\"url\":\"https:\\\/\\\/franciscobelmonte.com\\\/tienda\\\/\",\"logo\":{\"@type\":\"ImageObject\",\"inLanguage\":\"es\",\"@id\":\"https:\\\/\\\/franciscobelmonte.com\\\/tienda\\\/#\\\/schema\\\/logo\\\/image\\\/\",\"url\":\"https:\\\/\\\/franciscobelmonte.com\\\/tienda\\\/wp-content\\\/uploads\\\/2021\\\/12\\\/Francisco-Belmonte-logo.png\",\"contentUrl\":\"https:\\\/\\\/franciscobelmonte.com\\\/tienda\\\/wp-content\\\/uploads\\\/2021\\\/12\\\/Francisco-Belmonte-logo.png\",\"width\":2153,\"height\":536,\"caption\":\"Boutique Francisco Belmonte\"},\"image\":{\"@id\":\"https:\\\/\\\/franciscobelmonte.com\\\/tienda\\\/#\\\/schema\\\/logo\\\/image\\\/\"},\"sameAs\":[\"https:\\\/\\\/www.facebook.com\\\/motosfranciscobelmonte\",\"https:\\\/\\\/www.instagram.com\\\/fco.belmonte\\\/\"]}]}<\/script>\n<!-- \/ Yoast SEO plugin. -->","yoast_head_json":{"title":"CASCO NOS NS-10 FASTBACK BLANCO - Boutique Francisco Belmonte","description":"Casco Nos NS-10 Fastback Blanco. Puedes descubrirlo y prob\u00e1rtelo en nuestra Boutique Francisco Belmonte en Murcia. Al mejor precio","robots":{"index":"index","follow":"follow","max-snippet":"max-snippet:-1","max-image-preview":"max-image-preview:large","max-video-preview":"max-video-preview:-1"},"canonical":"https:\/\/franciscobelmonte.com\/tienda\/casco-nos-ns-10-fastback-blanco\/","og_locale":"es_ES","og_type":"article","og_title":"CASCO NOS NS-10 FASTBACK BLANCO - Boutique Francisco Belmonte","og_description":"Casco Nos NS-10 Fastback Blanco. Puedes descubrirlo y prob\u00e1rtelo en nuestra Boutique Francisco Belmonte en Murcia. Al mejor precio","og_url":"https:\/\/franciscobelmonte.com\/tienda\/casco-nos-ns-10-fastback-blanco\/","og_site_name":"Boutique Francisco Belmonte","article_publisher":"https:\/\/www.facebook.com\/motosfranciscobelmonte","article_modified_time":"2024-11-25T09:29:35+00:00","og_image":[{"width":800,"height":800,"url":"https:\/\/franciscobelmonte.com\/tienda\/wp-content\/uploads\/2022\/06\/casco-nos-ns-10-fastback-blanco.jpg","type":"image\/jpeg"}],"twitter_card":"summary_large_image","twitter_misc":{"Tiempo de lectura":"2 minutos"},"schema":{"@context":"https:\/\/schema.org","@graph":[{"@type":"WebPage","@id":"https:\/\/franciscobelmonte.com\/tienda\/casco-nos-ns-10-fastback-blanco\/","url":"https:\/\/franciscobelmonte.com\/tienda\/casco-nos-ns-10-fastback-blanco\/","name":"CASCO NOS NS-10 FASTBACK BLANCO - Boutique Francisco Belmonte","isPartOf":{"@id":"https:\/\/franciscobelmonte.com\/tienda\/#website"},"primaryImageOfPage":{"@id":"https:\/\/franciscobelmonte.com\/tienda\/casco-nos-ns-10-fastback-blanco\/#primaryimage"},"image":{"@id":"https:\/\/franciscobelmonte.com\/tienda\/casco-nos-ns-10-fastback-blanco\/#primaryimage"},"thumbnailUrl":"https:\/\/franciscobelmonte.com\/tienda\/wp-content\/uploads\/2022\/06\/casco-nos-ns-10-fastback-blanco.jpg","datePublished":"2022-06-23T08:13:28+00:00","dateModified":"2024-11-25T09:29:35+00:00","description":"Casco Nos NS-10 Fastback Blanco. Puedes descubrirlo y prob\u00e1rtelo en nuestra Boutique Francisco Belmonte en Murcia. Al mejor precio","breadcrumb":{"@id":"https:\/\/franciscobelmonte.com\/tienda\/casco-nos-ns-10-fastback-blanco\/#breadcrumb"},"inLanguage":"es","potentialAction":[{"@type":"ReadAction","target":["https:\/\/franciscobelmonte.com\/tienda\/casco-nos-ns-10-fastback-blanco\/"]}]},{"@type":"ImageObject","inLanguage":"es","@id":"https:\/\/franciscobelmonte.com\/tienda\/casco-nos-ns-10-fastback-blanco\/#primaryimage","url":"https:\/\/franciscobelmonte.com\/tienda\/wp-content\/uploads\/2022\/06\/casco-nos-ns-10-fastback-blanco.jpg","contentUrl":"https:\/\/franciscobelmonte.com\/tienda\/wp-content\/uploads\/2022\/06\/casco-nos-ns-10-fastback-blanco.jpg","width":800,"height":800,"caption":"casco nos ns10 fastback blanco en murcia francisco belmonte"},{"@type":"BreadcrumbList","@id":"https:\/\/franciscobelmonte.com\/tienda\/casco-nos-ns-10-fastback-blanco\/#breadcrumb","itemListElement":[{"@type":"ListItem","position":1,"name":"Portada","item":"https:\/\/franciscobelmonte.com\/tienda\/"},{"@type":"ListItem","position":2,"name":"Tienda","item":"https:\/\/franciscobelmonte.com\/tienda\/boutique-equipamiento-motero\/"},{"@type":"ListItem","position":3,"name":"CASCO NOS NS-10 FASTBACK BLANCO"}]},{"@type":"WebSite","@id":"https:\/\/franciscobelmonte.com\/tienda\/#website","url":"https:\/\/franciscobelmonte.com\/tienda\/","name":"Boutique Francisco Belmonte","description":"Todo en complementos para motoristas","publisher":{"@id":"https:\/\/franciscobelmonte.com\/tienda\/#organization"},"potentialAction":[{"@type":"SearchAction","target":{"@type":"EntryPoint","urlTemplate":"https:\/\/franciscobelmonte.com\/tienda\/?s={search_term_string}"},"query-input":{"@type":"PropertyValueSpecification","valueRequired":true,"valueName":"search_term_string"}}],"inLanguage":"es"},{"@type":"Organization","@id":"https:\/\/franciscobelmonte.com\/tienda\/#organization","name":"Boutique Francisco Belmonte","url":"https:\/\/franciscobelmonte.com\/tienda\/","logo":{"@type":"ImageObject","inLanguage":"es","@id":"https:\/\/franciscobelmonte.com\/tienda\/#\/schema\/logo\/image\/","url":"https:\/\/franciscobelmonte.com\/tienda\/wp-content\/uploads\/2021\/12\/Francisco-Belmonte-logo.png","contentUrl":"https:\/\/franciscobelmonte.com\/tienda\/wp-content\/uploads\/2021\/12\/Francisco-Belmonte-logo.png","width":2153,"height":536,"caption":"Boutique Francisco Belmonte"},"image":{"@id":"https:\/\/franciscobelmonte.com\/tienda\/#\/schema\/logo\/image\/"},"sameAs":["https:\/\/www.facebook.com\/motosfranciscobelmonte","https:\/\/www.instagram.com\/fco.belmonte\/"]}]}},"jetpack_sharing_enabled":true,"brands":[{"id":193,"name":"Nos","slug":"nos"}],"_links":{"self":[{"href":"https:\/\/franciscobelmonte.com\/tienda\/wp-json\/wp\/v2\/product\/4117","targetHints":{"allow":["GET"]}}],"collection":[{"href":"https:\/\/franciscobelmonte.com\/tienda\/wp-json\/wp\/v2\/product"}],"about":[{"href":"https:\/\/franciscobelmonte.com\/tienda\/wp-json\/wp\/v2\/types\/product"}],"replies":[{"embeddable":true,"href":"https:\/\/franciscobelmonte.com\/tienda\/wp-json\/wp\/v2\/comments?post=4117"}],"wp:featuredmedia":[{"embeddable":true,"href":"https:\/\/franciscobelmonte.com\/tienda\/wp-json\/wp\/v2\/media\/4127"}],"wp:attachment":[{"href":"https:\/\/franciscobelmonte.com\/tienda\/wp-json\/wp\/v2\/media?parent=4117"}],"wp:term":[{"taxonomy":"pwb-brand","embeddable":true,"href":"https:\/\/franciscobelmonte.com\/tienda\/wp-json\/wp\/v2\/pwb-brand?post=4117"},{"taxonomy":"product_brand","embeddable":true,"href":"https:\/\/franciscobelmonte.com\/tienda\/wp-json\/wp\/v2\/product_brand?post=4117"},{"taxonomy":"product_cat","embeddable":true,"href":"https:\/\/franciscobelmonte.com\/tienda\/wp-json\/wp\/v2\/product_cat?post=4117"},{"taxonomy":"product_tag","embeddable":true,"href":"https:\/\/franciscobelmonte.com\/tienda\/wp-json\/wp\/v2\/product_tag?post=4117"}],"curies":[{"name":"wp","href":"https:\/\/api.w.org\/{rel}","templated":true}]}}