{"id":4541,"date":"2022-07-05T08:56:07","date_gmt":"2022-07-05T08:56:07","guid":{"rendered":"https:\/\/franciscobelmonte.com\/tienda\/?post_type=product&#038;p=4541"},"modified":"2026-02-16T09:46:34","modified_gmt":"2026-02-16T07:46:34","slug":"pantalon-spidi-j-tracker-l32-lady-azul-oscuro","status":"publish","type":"product","link":"https:\/\/franciscobelmonte.com\/tienda\/pantalon-spidi-j-tracker-l32-lady-azul-oscuro\/","title":{"rendered":"PANTALON SPIDI J-TRACKER L32 LADY AZUL OSCURO"},"content":{"rendered":"<h1>Pantal\u00f3n SPIDI J-TRACKER L32 Lady Azul Oscuro<\/h1>\n<p>Pantal\u00f3n vaquero de corte ajustado, ligeramente el\u00e1stico, confeccionado en combinaci\u00f3n de algod\u00f3n y cordura. Incorpora protecciones homologadas en las rodillas para mayor seguridad.<\/p>\n<p><strong>Caracter\u00edsticas principales<\/strong><\/p>\n<ul>\n<li>Corte ajustado (Slim).<\/li>\n<li>Confeccionado en combinaci\u00f3n de algod\u00f3n (86%), Cordura\/poliamida (13%) y elastano (1%).<\/li>\n<li>Tejido de 13 oz\/m2.<\/li>\n<li>Protectores desmontables Warrior Lite en las rodillas certificados CE EN 1621-1:2012 Nivel 1.<\/li>\n<li>La altura de la protecci\u00f3n de las rodillas es regulable.<\/li>\n<li>Predisposici\u00f3n para montar los protectores de cadera Z180 (no incluidos).<\/li>\n<li>Mosquet\u00f3n adjunto a una de las hebillas para el cintur\u00f3n.<\/li>\n<li>Sistema de conexi\u00f3n chaqueta-pantal\u00f3n \u00abPants Clip\u00bb.<\/li>\n<li>5 Bolsillos exteriores.<\/li>\n<\/ul>\n","protected":false},"excerpt":{"rendered":"<p>Pantal\u00f3n vaquero de corte ajustado, ligeramente el\u00e1stico, confeccionado en combinaci\u00f3n de algod\u00f3n y cordura. Incorpora protecciones homologadas en las rodillas para mayor seguridad.<\/p>\n<p><a style=\"color: #0000ff;\" href=\"https:\/\/franciscobelmonte.com\/tienda\/wp-content\/uploads\/2022\/09\/Tallas-vaqueros-quarter-mile-mujer.png\" target=\"_blank\" rel=\"noopener\"><span style=\"font-size: xx-small;\"> Ver gu\u00eda de tallas<\/span><\/a><\/p>\n","protected":false},"featured_media":4573,"comment_status":"open","ping_status":"closed","template":"","meta":{"_themeisle_gutenberg_block_has_review":false},"pwb-brand":[266],"product_brand":[],"product_cat":[61,139],"product_tag":[885,818,782],"class_list":{"0":"post-4541","1":"product","2":"type-product","3":"status-publish","4":"has-post-thumbnail","6":"pwb-brand-spidi","7":"product_cat-pantalones","8":"product_cat-pantalones-de-moto-vaqueros","9":"product_tag-dto-navideno-25","10":"product_tag-rebajas-20","11":"product_tag-spidi-sin-rebajas-10","13":"first","14":"instock","15":"sale","16":"taxable","17":"shipping-taxable","18":"purchasable","19":"product-type-variable","20":"has-default-attributes"},"yoast_head":"<!-- This site is optimized with the Yoast SEO plugin v27.4 - https:\/\/yoast.com\/product\/yoast-seo-wordpress\/ -->\n<title>PANTALON SPIDI J-TRACKER L32 LADY AZUL OSCURO - Boutique Francisco Belmonte<\/title>\n<meta name=\"description\" content=\"Pantal\u00f3n Spidi J-Tracker L32 Lady Azul Oscuro. Pantalones SPIDI al mejor precio en murcia Francisco Belmonte.\" \/>\n<meta name=\"robots\" content=\"index, follow, max-snippet:-1, max-image-preview:large, max-video-preview:-1\" \/>\n<link rel=\"canonical\" href=\"https:\/\/franciscobelmonte.com\/tienda\/pantalon-spidi-j-tracker-l32-lady-azul-oscuro\/\" \/>\n<meta property=\"og:locale\" content=\"es_ES\" \/>\n<meta property=\"og:type\" content=\"article\" \/>\n<meta property=\"og:title\" content=\"PANTALON SPIDI J-TRACKER L32 LADY AZUL OSCURO - Boutique Francisco Belmonte\" \/>\n<meta property=\"og:description\" content=\"Pantal\u00f3n Spidi J-Tracker L32 Lady Azul Oscuro. Pantalones SPIDI al mejor precio en murcia Francisco Belmonte.\" \/>\n<meta property=\"og:url\" content=\"https:\/\/franciscobelmonte.com\/tienda\/pantalon-spidi-j-tracker-l32-lady-azul-oscuro\/\" \/>\n<meta property=\"og:site_name\" content=\"Boutique Francisco Belmonte\" \/>\n<meta property=\"article:publisher\" content=\"https:\/\/www.facebook.com\/motosfranciscobelmonte\" \/>\n<meta property=\"article:modified_time\" content=\"2026-02-16T07:46:34+00:00\" \/>\n<meta property=\"og:image\" content=\"https:\/\/franciscobelmonte.com\/tienda\/wp-content\/uploads\/2022\/07\/pantalon-vaquero-spidi-j-tracker-l32-lady-azul-oscuro.jpg\" \/>\n\t<meta property=\"og:image:width\" content=\"800\" \/>\n\t<meta property=\"og:image:height\" content=\"800\" \/>\n\t<meta property=\"og:image:type\" content=\"image\/jpeg\" \/>\n<meta name=\"twitter:card\" content=\"summary_large_image\" \/>\n<meta name=\"twitter:label1\" content=\"Tiempo de lectura\" \/>\n\t<meta name=\"twitter:data1\" content=\"1 minuto\" \/>\n<script type=\"application\/ld+json\" class=\"yoast-schema-graph\">{\"@context\":\"https:\\\/\\\/schema.org\",\"@graph\":[{\"@type\":\"WebPage\",\"@id\":\"https:\\\/\\\/franciscobelmonte.com\\\/tienda\\\/pantalon-spidi-j-tracker-l32-lady-azul-oscuro\\\/\",\"url\":\"https:\\\/\\\/franciscobelmonte.com\\\/tienda\\\/pantalon-spidi-j-tracker-l32-lady-azul-oscuro\\\/\",\"name\":\"PANTALON SPIDI J-TRACKER L32 LADY AZUL OSCURO - Boutique Francisco Belmonte\",\"isPartOf\":{\"@id\":\"https:\\\/\\\/franciscobelmonte.com\\\/tienda\\\/#website\"},\"primaryImageOfPage\":{\"@id\":\"https:\\\/\\\/franciscobelmonte.com\\\/tienda\\\/pantalon-spidi-j-tracker-l32-lady-azul-oscuro\\\/#primaryimage\"},\"image\":{\"@id\":\"https:\\\/\\\/franciscobelmonte.com\\\/tienda\\\/pantalon-spidi-j-tracker-l32-lady-azul-oscuro\\\/#primaryimage\"},\"thumbnailUrl\":\"https:\\\/\\\/franciscobelmonte.com\\\/tienda\\\/wp-content\\\/uploads\\\/2022\\\/07\\\/pantalon-vaquero-spidi-j-tracker-l32-lady-azul-oscuro.jpg\",\"datePublished\":\"2022-07-05T08:56:07+00:00\",\"dateModified\":\"2026-02-16T07:46:34+00:00\",\"description\":\"Pantal\u00f3n Spidi J-Tracker L32 Lady Azul Oscuro. Pantalones SPIDI al mejor precio en murcia Francisco Belmonte.\",\"breadcrumb\":{\"@id\":\"https:\\\/\\\/franciscobelmonte.com\\\/tienda\\\/pantalon-spidi-j-tracker-l32-lady-azul-oscuro\\\/#breadcrumb\"},\"inLanguage\":\"es\",\"potentialAction\":[{\"@type\":\"ReadAction\",\"target\":[\"https:\\\/\\\/franciscobelmonte.com\\\/tienda\\\/pantalon-spidi-j-tracker-l32-lady-azul-oscuro\\\/\"]}]},{\"@type\":\"ImageObject\",\"inLanguage\":\"es\",\"@id\":\"https:\\\/\\\/franciscobelmonte.com\\\/tienda\\\/pantalon-spidi-j-tracker-l32-lady-azul-oscuro\\\/#primaryimage\",\"url\":\"https:\\\/\\\/franciscobelmonte.com\\\/tienda\\\/wp-content\\\/uploads\\\/2022\\\/07\\\/pantalon-vaquero-spidi-j-tracker-l32-lady-azul-oscuro.jpg\",\"contentUrl\":\"https:\\\/\\\/franciscobelmonte.com\\\/tienda\\\/wp-content\\\/uploads\\\/2022\\\/07\\\/pantalon-vaquero-spidi-j-tracker-l32-lady-azul-oscuro.jpg\",\"width\":800,\"height\":800,\"caption\":\"pantalon vaquero spidi j-tracker l32 lady azul oscuro en murcia francisco belmonte\"},{\"@type\":\"BreadcrumbList\",\"@id\":\"https:\\\/\\\/franciscobelmonte.com\\\/tienda\\\/pantalon-spidi-j-tracker-l32-lady-azul-oscuro\\\/#breadcrumb\",\"itemListElement\":[{\"@type\":\"ListItem\",\"position\":1,\"name\":\"Portada\",\"item\":\"https:\\\/\\\/franciscobelmonte.com\\\/tienda\\\/\"},{\"@type\":\"ListItem\",\"position\":2,\"name\":\"Tienda\",\"item\":\"https:\\\/\\\/franciscobelmonte.com\\\/tienda\\\/boutique-equipamiento-motero\\\/\"},{\"@type\":\"ListItem\",\"position\":3,\"name\":\"PANTALON SPIDI J-TRACKER L32 LADY AZUL OSCURO\"}]},{\"@type\":\"WebSite\",\"@id\":\"https:\\\/\\\/franciscobelmonte.com\\\/tienda\\\/#website\",\"url\":\"https:\\\/\\\/franciscobelmonte.com\\\/tienda\\\/\",\"name\":\"Boutique Francisco Belmonte\",\"description\":\"Todo en complementos para motoristas\",\"publisher\":{\"@id\":\"https:\\\/\\\/franciscobelmonte.com\\\/tienda\\\/#organization\"},\"potentialAction\":[{\"@type\":\"SearchAction\",\"target\":{\"@type\":\"EntryPoint\",\"urlTemplate\":\"https:\\\/\\\/franciscobelmonte.com\\\/tienda\\\/?s={search_term_string}\"},\"query-input\":{\"@type\":\"PropertyValueSpecification\",\"valueRequired\":true,\"valueName\":\"search_term_string\"}}],\"inLanguage\":\"es\"},{\"@type\":\"Organization\",\"@id\":\"https:\\\/\\\/franciscobelmonte.com\\\/tienda\\\/#organization\",\"name\":\"Boutique Francisco Belmonte\",\"url\":\"https:\\\/\\\/franciscobelmonte.com\\\/tienda\\\/\",\"logo\":{\"@type\":\"ImageObject\",\"inLanguage\":\"es\",\"@id\":\"https:\\\/\\\/franciscobelmonte.com\\\/tienda\\\/#\\\/schema\\\/logo\\\/image\\\/\",\"url\":\"https:\\\/\\\/franciscobelmonte.com\\\/tienda\\\/wp-content\\\/uploads\\\/2021\\\/12\\\/Francisco-Belmonte-logo.png\",\"contentUrl\":\"https:\\\/\\\/franciscobelmonte.com\\\/tienda\\\/wp-content\\\/uploads\\\/2021\\\/12\\\/Francisco-Belmonte-logo.png\",\"width\":2153,\"height\":536,\"caption\":\"Boutique Francisco Belmonte\"},\"image\":{\"@id\":\"https:\\\/\\\/franciscobelmonte.com\\\/tienda\\\/#\\\/schema\\\/logo\\\/image\\\/\"},\"sameAs\":[\"https:\\\/\\\/www.facebook.com\\\/motosfranciscobelmonte\",\"https:\\\/\\\/www.instagram.com\\\/fco.belmonte\\\/\"]}]}<\/script>\n<!-- \/ Yoast SEO plugin. -->","yoast_head_json":{"title":"PANTALON SPIDI J-TRACKER L32 LADY AZUL OSCURO - Boutique Francisco Belmonte","description":"Pantal\u00f3n Spidi J-Tracker L32 Lady Azul Oscuro. Pantalones SPIDI al mejor precio en murcia Francisco Belmonte.","robots":{"index":"index","follow":"follow","max-snippet":"max-snippet:-1","max-image-preview":"max-image-preview:large","max-video-preview":"max-video-preview:-1"},"canonical":"https:\/\/franciscobelmonte.com\/tienda\/pantalon-spidi-j-tracker-l32-lady-azul-oscuro\/","og_locale":"es_ES","og_type":"article","og_title":"PANTALON SPIDI J-TRACKER L32 LADY AZUL OSCURO - Boutique Francisco Belmonte","og_description":"Pantal\u00f3n Spidi J-Tracker L32 Lady Azul Oscuro. Pantalones SPIDI al mejor precio en murcia Francisco Belmonte.","og_url":"https:\/\/franciscobelmonte.com\/tienda\/pantalon-spidi-j-tracker-l32-lady-azul-oscuro\/","og_site_name":"Boutique Francisco Belmonte","article_publisher":"https:\/\/www.facebook.com\/motosfranciscobelmonte","article_modified_time":"2026-02-16T07:46:34+00:00","og_image":[{"width":800,"height":800,"url":"https:\/\/franciscobelmonte.com\/tienda\/wp-content\/uploads\/2022\/07\/pantalon-vaquero-spidi-j-tracker-l32-lady-azul-oscuro.jpg","type":"image\/jpeg"}],"twitter_card":"summary_large_image","twitter_misc":{"Tiempo de lectura":"1 minuto"},"schema":{"@context":"https:\/\/schema.org","@graph":[{"@type":"WebPage","@id":"https:\/\/franciscobelmonte.com\/tienda\/pantalon-spidi-j-tracker-l32-lady-azul-oscuro\/","url":"https:\/\/franciscobelmonte.com\/tienda\/pantalon-spidi-j-tracker-l32-lady-azul-oscuro\/","name":"PANTALON SPIDI J-TRACKER L32 LADY AZUL OSCURO - Boutique Francisco Belmonte","isPartOf":{"@id":"https:\/\/franciscobelmonte.com\/tienda\/#website"},"primaryImageOfPage":{"@id":"https:\/\/franciscobelmonte.com\/tienda\/pantalon-spidi-j-tracker-l32-lady-azul-oscuro\/#primaryimage"},"image":{"@id":"https:\/\/franciscobelmonte.com\/tienda\/pantalon-spidi-j-tracker-l32-lady-azul-oscuro\/#primaryimage"},"thumbnailUrl":"https:\/\/franciscobelmonte.com\/tienda\/wp-content\/uploads\/2022\/07\/pantalon-vaquero-spidi-j-tracker-l32-lady-azul-oscuro.jpg","datePublished":"2022-07-05T08:56:07+00:00","dateModified":"2026-02-16T07:46:34+00:00","description":"Pantal\u00f3n Spidi J-Tracker L32 Lady Azul Oscuro. Pantalones SPIDI al mejor precio en murcia Francisco Belmonte.","breadcrumb":{"@id":"https:\/\/franciscobelmonte.com\/tienda\/pantalon-spidi-j-tracker-l32-lady-azul-oscuro\/#breadcrumb"},"inLanguage":"es","potentialAction":[{"@type":"ReadAction","target":["https:\/\/franciscobelmonte.com\/tienda\/pantalon-spidi-j-tracker-l32-lady-azul-oscuro\/"]}]},{"@type":"ImageObject","inLanguage":"es","@id":"https:\/\/franciscobelmonte.com\/tienda\/pantalon-spidi-j-tracker-l32-lady-azul-oscuro\/#primaryimage","url":"https:\/\/franciscobelmonte.com\/tienda\/wp-content\/uploads\/2022\/07\/pantalon-vaquero-spidi-j-tracker-l32-lady-azul-oscuro.jpg","contentUrl":"https:\/\/franciscobelmonte.com\/tienda\/wp-content\/uploads\/2022\/07\/pantalon-vaquero-spidi-j-tracker-l32-lady-azul-oscuro.jpg","width":800,"height":800,"caption":"pantalon vaquero spidi j-tracker l32 lady azul oscuro en murcia francisco belmonte"},{"@type":"BreadcrumbList","@id":"https:\/\/franciscobelmonte.com\/tienda\/pantalon-spidi-j-tracker-l32-lady-azul-oscuro\/#breadcrumb","itemListElement":[{"@type":"ListItem","position":1,"name":"Portada","item":"https:\/\/franciscobelmonte.com\/tienda\/"},{"@type":"ListItem","position":2,"name":"Tienda","item":"https:\/\/franciscobelmonte.com\/tienda\/boutique-equipamiento-motero\/"},{"@type":"ListItem","position":3,"name":"PANTALON SPIDI J-TRACKER L32 LADY AZUL OSCURO"}]},{"@type":"WebSite","@id":"https:\/\/franciscobelmonte.com\/tienda\/#website","url":"https:\/\/franciscobelmonte.com\/tienda\/","name":"Boutique Francisco Belmonte","description":"Todo en complementos para motoristas","publisher":{"@id":"https:\/\/franciscobelmonte.com\/tienda\/#organization"},"potentialAction":[{"@type":"SearchAction","target":{"@type":"EntryPoint","urlTemplate":"https:\/\/franciscobelmonte.com\/tienda\/?s={search_term_string}"},"query-input":{"@type":"PropertyValueSpecification","valueRequired":true,"valueName":"search_term_string"}}],"inLanguage":"es"},{"@type":"Organization","@id":"https:\/\/franciscobelmonte.com\/tienda\/#organization","name":"Boutique Francisco Belmonte","url":"https:\/\/franciscobelmonte.com\/tienda\/","logo":{"@type":"ImageObject","inLanguage":"es","@id":"https:\/\/franciscobelmonte.com\/tienda\/#\/schema\/logo\/image\/","url":"https:\/\/franciscobelmonte.com\/tienda\/wp-content\/uploads\/2021\/12\/Francisco-Belmonte-logo.png","contentUrl":"https:\/\/franciscobelmonte.com\/tienda\/wp-content\/uploads\/2021\/12\/Francisco-Belmonte-logo.png","width":2153,"height":536,"caption":"Boutique Francisco Belmonte"},"image":{"@id":"https:\/\/franciscobelmonte.com\/tienda\/#\/schema\/logo\/image\/"},"sameAs":["https:\/\/www.facebook.com\/motosfranciscobelmonte","https:\/\/www.instagram.com\/fco.belmonte\/"]}]}},"jetpack_sharing_enabled":true,"brands":[{"id":266,"name":"Spidi","slug":"spidi"}],"_links":{"self":[{"href":"https:\/\/franciscobelmonte.com\/tienda\/wp-json\/wp\/v2\/product\/4541","targetHints":{"allow":["GET"]}}],"collection":[{"href":"https:\/\/franciscobelmonte.com\/tienda\/wp-json\/wp\/v2\/product"}],"about":[{"href":"https:\/\/franciscobelmonte.com\/tienda\/wp-json\/wp\/v2\/types\/product"}],"replies":[{"embeddable":true,"href":"https:\/\/franciscobelmonte.com\/tienda\/wp-json\/wp\/v2\/comments?post=4541"}],"wp:featuredmedia":[{"embeddable":true,"href":"https:\/\/franciscobelmonte.com\/tienda\/wp-json\/wp\/v2\/media\/4573"}],"wp:attachment":[{"href":"https:\/\/franciscobelmonte.com\/tienda\/wp-json\/wp\/v2\/media?parent=4541"}],"wp:term":[{"taxonomy":"pwb-brand","embeddable":true,"href":"https:\/\/franciscobelmonte.com\/tienda\/wp-json\/wp\/v2\/pwb-brand?post=4541"},{"taxonomy":"product_brand","embeddable":true,"href":"https:\/\/franciscobelmonte.com\/tienda\/wp-json\/wp\/v2\/product_brand?post=4541"},{"taxonomy":"product_cat","embeddable":true,"href":"https:\/\/franciscobelmonte.com\/tienda\/wp-json\/wp\/v2\/product_cat?post=4541"},{"taxonomy":"product_tag","embeddable":true,"href":"https:\/\/franciscobelmonte.com\/tienda\/wp-json\/wp\/v2\/product_tag?post=4541"}],"curies":[{"name":"wp","href":"https:\/\/api.w.org\/{rel}","templated":true}]}}