{"id":5350,"date":"2022-08-08T17:25:18","date_gmt":"2022-08-08T17:25:18","guid":{"rendered":"https:\/\/franciscobelmonte.com\/tienda\/?post_type=product&#038;p=5350"},"modified":"2026-01-09T13:20:13","modified_gmt":"2026-01-09T11:20:13","slug":"chaqueta-dainese-racing-4-lady-negro-acqua-verde","status":"publish","type":"product","link":"https:\/\/franciscobelmonte.com\/tienda\/chaqueta-dainese-racing-4-lady-negro-acqua-verde\/","title":{"rendered":"CHAQUETA DAINESE RACING 4 LADY  NEGRO \/ ACQUA VERDE"},"content":{"rendered":"<h1>Chaqueta Dainese Racing 4 Lady Negro \/ Acqua Verde<\/h1>\n<p>Confeccionada en piel bobina TUTU con forro interior Nanofeel, est\u00e1 equipada\u00a0 con 4 tomas de aire, dos en los laterales y dos en el pecho, para ofrecer el m\u00e1ximo confort desde el punto de vista t\u00e9rmico. La adherencia al cuerpo y a la flexibilidad est\u00e1n garantizadas por la presencia de un sistema de ajuste de la hechura en las caderas, por las secciones de tejido biel\u00e1stico S1 y por los insertos de piel Microelastic 2.0 presentes en la espalda y los brazos para aumentar la libertad de movimientos, manteniendo al mismo tiempo la protecci\u00f3n t\u00edpica de la piel. Est\u00e1 equipada con una cremallera en la parte inferior que permite conectarla a los pantalones para moto.<\/p>\n<p><strong>Caracter\u00edsticas t\u00e9cnicas<\/strong><\/p>\n<p><strong>Materiales<\/strong><\/p>\n<ul>\n<li>Piel vacuna Tutu.<\/li>\n<li>Tejido S1 biel\u00e1stico.<\/li>\n<\/ul>\n<p><strong>Protecci\u00f3n<\/strong><\/p>\n<ul>\n<li>Hombros-co-inyectados con inserci\u00f3n de aluminio.<\/li>\n<li>Protecciones extra\u00edbles de material compuesto certificados seg\u00fan la norma EN 1621.1 en los codos.<\/li>\n<li>Protecciones de material compuesto certificados seg\u00fan la norma EN 1621.1 en los hombros.<\/li>\n<li>Placa de aluminio reemplazable en el hombro.<\/li>\n<li>Bolsillo para la espaldera G1 y G2. (No incluida).<\/li>\n<li>Bolsillo para doble protector pectoral. (No incluido).<\/li>\n<\/ul>\n<p><strong>Temperatura<\/strong><\/p>\n<ul>\n<li>Forro NanoFeel con tratamiento de iones de plata.<\/li>\n<li>Entradas de aire con cremallera en la zona pectoral y en los laterales para mayor ventilaci\u00f3n.<\/li>\n<\/ul>\n<p><strong>Confort<\/strong><\/p>\n<ul>\n<li>Sistema de cierre de chaqueta-pantal\u00f3n.<\/li>\n<li>Inserciones de material microel\u00e1stico 2.0.<\/li>\n<li>Ajuste en el cuello.<\/li>\n<li>Cintura ajustable.<\/li>\n<\/ul>\n<p><strong>Otras caracter\u00edsticas<\/strong><\/p>\n<ul>\n<li>Elementos reflectantes para ser m\u00e1s visible en conducci\u00f3n nocturna o con poca luz.<\/li>\n<li>2 bolsillos exteriores.<\/li>\n<li>2 bolsillos interiores.<\/li>\n<\/ul>\n<p>&nbsp;<\/p>\n<p>&nbsp;<\/p>\n<p>&nbsp;<\/p>\n","protected":false},"excerpt":{"rendered":"<p>Se trata de la cuarta generaci\u00f3n de la ic\u00f3nica chaqueta deportiva Racing de Dainese. Chaqueta deportiva fabricada en piel bovina con inserciones de tejido el\u00e1stico S1<\/p>\n","protected":false},"featured_media":5357,"comment_status":"open","ping_status":"closed","template":"","meta":{"_themeisle_gutenberg_block_has_review":false},"pwb-brand":[189],"product_brand":[],"product_cat":[46,138,136],"product_tag":[865,888,850,772],"class_list":{"0":"post-5350","1":"product","2":"type-product","3":"status-publish","4":"has-post-thumbnail","6":"pwb-brand-dainese","7":"product_cat-chaquetas-de-moto","8":"product_cat-chaquetas-de-moto-piel","9":"product_cat-chaqueta-de-moto-verano","10":"product_tag-865","11":"product_tag-rebajas-40","12":"product_tag-rebajas-ropa-verano-20","13":"product_tag-todas-marcas-verano-25","15":"first","16":"instock","17":"sale","18":"taxable","19":"shipping-taxable","20":"purchasable","21":"product-type-variable"},"yoast_head":"<!-- This site is optimized with the Yoast SEO plugin v27.4 - https:\/\/yoast.com\/product\/yoast-seo-wordpress\/ -->\n<title>CHAQUETA DAINESE RACING 4 LADY NEGRO \/ ACQUA VERDE - Boutique Francisco Belmonte<\/title>\n<meta name=\"description\" content=\"Chaqueta Dainese piel Racing 4 Lady Negro-Acqua Verde. Chaquetas de moto Dainese en Murcia, Francisco Belmonte al mejor precio.\" \/>\n<meta name=\"robots\" content=\"index, follow, max-snippet:-1, max-image-preview:large, max-video-preview:-1\" \/>\n<link rel=\"canonical\" href=\"https:\/\/franciscobelmonte.com\/tienda\/chaqueta-dainese-racing-4-lady-negro-acqua-verde\/\" \/>\n<meta property=\"og:locale\" content=\"es_ES\" \/>\n<meta property=\"og:type\" content=\"article\" \/>\n<meta property=\"og:title\" content=\"CHAQUETA DAINESE RACING 4 LADY NEGRO \/ ACQUA VERDE - Boutique Francisco Belmonte\" \/>\n<meta property=\"og:description\" content=\"Chaqueta Dainese piel Racing 4 Lady Negro-Acqua Verde. Chaquetas de moto Dainese en Murcia, Francisco Belmonte al mejor precio.\" \/>\n<meta property=\"og:url\" content=\"https:\/\/franciscobelmonte.com\/tienda\/chaqueta-dainese-racing-4-lady-negro-acqua-verde\/\" \/>\n<meta property=\"og:site_name\" content=\"Boutique Francisco Belmonte\" \/>\n<meta property=\"article:publisher\" content=\"https:\/\/www.facebook.com\/motosfranciscobelmonte\" \/>\n<meta property=\"article:modified_time\" content=\"2026-01-09T11:20:13+00:00\" \/>\n<meta property=\"og:image\" content=\"https:\/\/franciscobelmonte.com\/tienda\/wp-content\/uploads\/2022\/08\/chaqueta-dainese-racing-4-lady-leather-negro-acqua-green.jpg\" \/>\n\t<meta property=\"og:image:width\" content=\"800\" \/>\n\t<meta property=\"og:image:height\" content=\"800\" \/>\n\t<meta property=\"og:image:type\" content=\"image\/jpeg\" \/>\n<meta name=\"twitter:card\" content=\"summary_large_image\" \/>\n<meta name=\"twitter:label1\" content=\"Tiempo de lectura\" \/>\n\t<meta name=\"twitter:data1\" content=\"1 minuto\" \/>\n<script type=\"application\/ld+json\" class=\"yoast-schema-graph\">{\"@context\":\"https:\\\/\\\/schema.org\",\"@graph\":[{\"@type\":\"WebPage\",\"@id\":\"https:\\\/\\\/franciscobelmonte.com\\\/tienda\\\/chaqueta-dainese-racing-4-lady-negro-acqua-verde\\\/\",\"url\":\"https:\\\/\\\/franciscobelmonte.com\\\/tienda\\\/chaqueta-dainese-racing-4-lady-negro-acqua-verde\\\/\",\"name\":\"CHAQUETA DAINESE RACING 4 LADY NEGRO \\\/ ACQUA VERDE - Boutique Francisco Belmonte\",\"isPartOf\":{\"@id\":\"https:\\\/\\\/franciscobelmonte.com\\\/tienda\\\/#website\"},\"primaryImageOfPage\":{\"@id\":\"https:\\\/\\\/franciscobelmonte.com\\\/tienda\\\/chaqueta-dainese-racing-4-lady-negro-acqua-verde\\\/#primaryimage\"},\"image\":{\"@id\":\"https:\\\/\\\/franciscobelmonte.com\\\/tienda\\\/chaqueta-dainese-racing-4-lady-negro-acqua-verde\\\/#primaryimage\"},\"thumbnailUrl\":\"https:\\\/\\\/franciscobelmonte.com\\\/tienda\\\/wp-content\\\/uploads\\\/2022\\\/08\\\/chaqueta-dainese-racing-4-lady-leather-negro-acqua-green.jpg\",\"datePublished\":\"2022-08-08T17:25:18+00:00\",\"dateModified\":\"2026-01-09T11:20:13+00:00\",\"description\":\"Chaqueta Dainese piel Racing 4 Lady Negro-Acqua Verde. Chaquetas de moto Dainese en Murcia, Francisco Belmonte al mejor precio.\",\"breadcrumb\":{\"@id\":\"https:\\\/\\\/franciscobelmonte.com\\\/tienda\\\/chaqueta-dainese-racing-4-lady-negro-acqua-verde\\\/#breadcrumb\"},\"inLanguage\":\"es\",\"potentialAction\":[{\"@type\":\"ReadAction\",\"target\":[\"https:\\\/\\\/franciscobelmonte.com\\\/tienda\\\/chaqueta-dainese-racing-4-lady-negro-acqua-verde\\\/\"]}]},{\"@type\":\"ImageObject\",\"inLanguage\":\"es\",\"@id\":\"https:\\\/\\\/franciscobelmonte.com\\\/tienda\\\/chaqueta-dainese-racing-4-lady-negro-acqua-verde\\\/#primaryimage\",\"url\":\"https:\\\/\\\/franciscobelmonte.com\\\/tienda\\\/wp-content\\\/uploads\\\/2022\\\/08\\\/chaqueta-dainese-racing-4-lady-leather-negro-acqua-green.jpg\",\"contentUrl\":\"https:\\\/\\\/franciscobelmonte.com\\\/tienda\\\/wp-content\\\/uploads\\\/2022\\\/08\\\/chaqueta-dainese-racing-4-lady-leather-negro-acqua-green.jpg\",\"width\":800,\"height\":800,\"caption\":\"chaqueta dainese racing 4 lady negro acqua green en murcia francisco belmonte\"},{\"@type\":\"BreadcrumbList\",\"@id\":\"https:\\\/\\\/franciscobelmonte.com\\\/tienda\\\/chaqueta-dainese-racing-4-lady-negro-acqua-verde\\\/#breadcrumb\",\"itemListElement\":[{\"@type\":\"ListItem\",\"position\":1,\"name\":\"Portada\",\"item\":\"https:\\\/\\\/franciscobelmonte.com\\\/tienda\\\/\"},{\"@type\":\"ListItem\",\"position\":2,\"name\":\"Tienda\",\"item\":\"https:\\\/\\\/franciscobelmonte.com\\\/tienda\\\/boutique-equipamiento-motero\\\/\"},{\"@type\":\"ListItem\",\"position\":3,\"name\":\"CHAQUETA DAINESE RACING 4 LADY NEGRO \\\/ ACQUA VERDE\"}]},{\"@type\":\"WebSite\",\"@id\":\"https:\\\/\\\/franciscobelmonte.com\\\/tienda\\\/#website\",\"url\":\"https:\\\/\\\/franciscobelmonte.com\\\/tienda\\\/\",\"name\":\"Boutique Francisco Belmonte\",\"description\":\"Todo en complementos para motoristas\",\"publisher\":{\"@id\":\"https:\\\/\\\/franciscobelmonte.com\\\/tienda\\\/#organization\"},\"potentialAction\":[{\"@type\":\"SearchAction\",\"target\":{\"@type\":\"EntryPoint\",\"urlTemplate\":\"https:\\\/\\\/franciscobelmonte.com\\\/tienda\\\/?s={search_term_string}\"},\"query-input\":{\"@type\":\"PropertyValueSpecification\",\"valueRequired\":true,\"valueName\":\"search_term_string\"}}],\"inLanguage\":\"es\"},{\"@type\":\"Organization\",\"@id\":\"https:\\\/\\\/franciscobelmonte.com\\\/tienda\\\/#organization\",\"name\":\"Boutique Francisco Belmonte\",\"url\":\"https:\\\/\\\/franciscobelmonte.com\\\/tienda\\\/\",\"logo\":{\"@type\":\"ImageObject\",\"inLanguage\":\"es\",\"@id\":\"https:\\\/\\\/franciscobelmonte.com\\\/tienda\\\/#\\\/schema\\\/logo\\\/image\\\/\",\"url\":\"https:\\\/\\\/franciscobelmonte.com\\\/tienda\\\/wp-content\\\/uploads\\\/2021\\\/12\\\/Francisco-Belmonte-logo.png\",\"contentUrl\":\"https:\\\/\\\/franciscobelmonte.com\\\/tienda\\\/wp-content\\\/uploads\\\/2021\\\/12\\\/Francisco-Belmonte-logo.png\",\"width\":2153,\"height\":536,\"caption\":\"Boutique Francisco Belmonte\"},\"image\":{\"@id\":\"https:\\\/\\\/franciscobelmonte.com\\\/tienda\\\/#\\\/schema\\\/logo\\\/image\\\/\"},\"sameAs\":[\"https:\\\/\\\/www.facebook.com\\\/motosfranciscobelmonte\",\"https:\\\/\\\/www.instagram.com\\\/fco.belmonte\\\/\"]}]}<\/script>\n<!-- \/ Yoast SEO plugin. -->","yoast_head_json":{"title":"CHAQUETA DAINESE RACING 4 LADY NEGRO \/ ACQUA VERDE - Boutique Francisco Belmonte","description":"Chaqueta Dainese piel Racing 4 Lady Negro-Acqua Verde. Chaquetas de moto Dainese en Murcia, Francisco Belmonte al mejor precio.","robots":{"index":"index","follow":"follow","max-snippet":"max-snippet:-1","max-image-preview":"max-image-preview:large","max-video-preview":"max-video-preview:-1"},"canonical":"https:\/\/franciscobelmonte.com\/tienda\/chaqueta-dainese-racing-4-lady-negro-acqua-verde\/","og_locale":"es_ES","og_type":"article","og_title":"CHAQUETA DAINESE RACING 4 LADY NEGRO \/ ACQUA VERDE - Boutique Francisco Belmonte","og_description":"Chaqueta Dainese piel Racing 4 Lady Negro-Acqua Verde. Chaquetas de moto Dainese en Murcia, Francisco Belmonte al mejor precio.","og_url":"https:\/\/franciscobelmonte.com\/tienda\/chaqueta-dainese-racing-4-lady-negro-acqua-verde\/","og_site_name":"Boutique Francisco Belmonte","article_publisher":"https:\/\/www.facebook.com\/motosfranciscobelmonte","article_modified_time":"2026-01-09T11:20:13+00:00","og_image":[{"width":800,"height":800,"url":"https:\/\/franciscobelmonte.com\/tienda\/wp-content\/uploads\/2022\/08\/chaqueta-dainese-racing-4-lady-leather-negro-acqua-green.jpg","type":"image\/jpeg"}],"twitter_card":"summary_large_image","twitter_misc":{"Tiempo de lectura":"1 minuto"},"schema":{"@context":"https:\/\/schema.org","@graph":[{"@type":"WebPage","@id":"https:\/\/franciscobelmonte.com\/tienda\/chaqueta-dainese-racing-4-lady-negro-acqua-verde\/","url":"https:\/\/franciscobelmonte.com\/tienda\/chaqueta-dainese-racing-4-lady-negro-acqua-verde\/","name":"CHAQUETA DAINESE RACING 4 LADY NEGRO \/ ACQUA VERDE - Boutique Francisco Belmonte","isPartOf":{"@id":"https:\/\/franciscobelmonte.com\/tienda\/#website"},"primaryImageOfPage":{"@id":"https:\/\/franciscobelmonte.com\/tienda\/chaqueta-dainese-racing-4-lady-negro-acqua-verde\/#primaryimage"},"image":{"@id":"https:\/\/franciscobelmonte.com\/tienda\/chaqueta-dainese-racing-4-lady-negro-acqua-verde\/#primaryimage"},"thumbnailUrl":"https:\/\/franciscobelmonte.com\/tienda\/wp-content\/uploads\/2022\/08\/chaqueta-dainese-racing-4-lady-leather-negro-acqua-green.jpg","datePublished":"2022-08-08T17:25:18+00:00","dateModified":"2026-01-09T11:20:13+00:00","description":"Chaqueta Dainese piel Racing 4 Lady Negro-Acqua Verde. Chaquetas de moto Dainese en Murcia, Francisco Belmonte al mejor precio.","breadcrumb":{"@id":"https:\/\/franciscobelmonte.com\/tienda\/chaqueta-dainese-racing-4-lady-negro-acqua-verde\/#breadcrumb"},"inLanguage":"es","potentialAction":[{"@type":"ReadAction","target":["https:\/\/franciscobelmonte.com\/tienda\/chaqueta-dainese-racing-4-lady-negro-acqua-verde\/"]}]},{"@type":"ImageObject","inLanguage":"es","@id":"https:\/\/franciscobelmonte.com\/tienda\/chaqueta-dainese-racing-4-lady-negro-acqua-verde\/#primaryimage","url":"https:\/\/franciscobelmonte.com\/tienda\/wp-content\/uploads\/2022\/08\/chaqueta-dainese-racing-4-lady-leather-negro-acqua-green.jpg","contentUrl":"https:\/\/franciscobelmonte.com\/tienda\/wp-content\/uploads\/2022\/08\/chaqueta-dainese-racing-4-lady-leather-negro-acqua-green.jpg","width":800,"height":800,"caption":"chaqueta dainese racing 4 lady negro acqua green en murcia francisco belmonte"},{"@type":"BreadcrumbList","@id":"https:\/\/franciscobelmonte.com\/tienda\/chaqueta-dainese-racing-4-lady-negro-acqua-verde\/#breadcrumb","itemListElement":[{"@type":"ListItem","position":1,"name":"Portada","item":"https:\/\/franciscobelmonte.com\/tienda\/"},{"@type":"ListItem","position":2,"name":"Tienda","item":"https:\/\/franciscobelmonte.com\/tienda\/boutique-equipamiento-motero\/"},{"@type":"ListItem","position":3,"name":"CHAQUETA DAINESE RACING 4 LADY NEGRO \/ ACQUA VERDE"}]},{"@type":"WebSite","@id":"https:\/\/franciscobelmonte.com\/tienda\/#website","url":"https:\/\/franciscobelmonte.com\/tienda\/","name":"Boutique Francisco Belmonte","description":"Todo en complementos para motoristas","publisher":{"@id":"https:\/\/franciscobelmonte.com\/tienda\/#organization"},"potentialAction":[{"@type":"SearchAction","target":{"@type":"EntryPoint","urlTemplate":"https:\/\/franciscobelmonte.com\/tienda\/?s={search_term_string}"},"query-input":{"@type":"PropertyValueSpecification","valueRequired":true,"valueName":"search_term_string"}}],"inLanguage":"es"},{"@type":"Organization","@id":"https:\/\/franciscobelmonte.com\/tienda\/#organization","name":"Boutique Francisco Belmonte","url":"https:\/\/franciscobelmonte.com\/tienda\/","logo":{"@type":"ImageObject","inLanguage":"es","@id":"https:\/\/franciscobelmonte.com\/tienda\/#\/schema\/logo\/image\/","url":"https:\/\/franciscobelmonte.com\/tienda\/wp-content\/uploads\/2021\/12\/Francisco-Belmonte-logo.png","contentUrl":"https:\/\/franciscobelmonte.com\/tienda\/wp-content\/uploads\/2021\/12\/Francisco-Belmonte-logo.png","width":2153,"height":536,"caption":"Boutique Francisco Belmonte"},"image":{"@id":"https:\/\/franciscobelmonte.com\/tienda\/#\/schema\/logo\/image\/"},"sameAs":["https:\/\/www.facebook.com\/motosfranciscobelmonte","https:\/\/www.instagram.com\/fco.belmonte\/"]}]}},"jetpack_sharing_enabled":true,"brands":[{"id":189,"name":"Dainese","slug":"dainese"}],"_links":{"self":[{"href":"https:\/\/franciscobelmonte.com\/tienda\/wp-json\/wp\/v2\/product\/5350","targetHints":{"allow":["GET"]}}],"collection":[{"href":"https:\/\/franciscobelmonte.com\/tienda\/wp-json\/wp\/v2\/product"}],"about":[{"href":"https:\/\/franciscobelmonte.com\/tienda\/wp-json\/wp\/v2\/types\/product"}],"replies":[{"embeddable":true,"href":"https:\/\/franciscobelmonte.com\/tienda\/wp-json\/wp\/v2\/comments?post=5350"}],"wp:featuredmedia":[{"embeddable":true,"href":"https:\/\/franciscobelmonte.com\/tienda\/wp-json\/wp\/v2\/media\/5357"}],"wp:attachment":[{"href":"https:\/\/franciscobelmonte.com\/tienda\/wp-json\/wp\/v2\/media?parent=5350"}],"wp:term":[{"taxonomy":"pwb-brand","embeddable":true,"href":"https:\/\/franciscobelmonte.com\/tienda\/wp-json\/wp\/v2\/pwb-brand?post=5350"},{"taxonomy":"product_brand","embeddable":true,"href":"https:\/\/franciscobelmonte.com\/tienda\/wp-json\/wp\/v2\/product_brand?post=5350"},{"taxonomy":"product_cat","embeddable":true,"href":"https:\/\/franciscobelmonte.com\/tienda\/wp-json\/wp\/v2\/product_cat?post=5350"},{"taxonomy":"product_tag","embeddable":true,"href":"https:\/\/franciscobelmonte.com\/tienda\/wp-json\/wp\/v2\/product_tag?post=5350"}],"curies":[{"name":"wp","href":"https:\/\/api.w.org\/{rel}","templated":true}]}}