{"id":7019,"date":"2022-10-17T08:09:50","date_gmt":"2022-10-17T08:09:50","guid":{"rendered":"https:\/\/franciscobelmonte.com\/tienda\/?post_type=product&#038;p=7019"},"modified":"2025-12-15T17:49:34","modified_gmt":"2025-12-15T15:49:34","slug":"casco-scorpion-exo-1400-air-attune-negro-mate-rojo","status":"publish","type":"product","link":"https:\/\/franciscobelmonte.com\/tienda\/casco-scorpion-exo-1400-air-attune-negro-mate-rojo\/","title":{"rendered":"CASCO SCORPION EXO-1400 AIR ATTUNE NEGRO MATE \/ ROJO"},"content":{"rendered":"<h2>Casco SCORPION Exo-1400 Air Attune Negro Mate \/ Rojo<\/h2>\n<p>Se trata de la versi\u00f3n con fibra de carbono del modelo Exo-R1 Air, el casco integral deportivo top de gama de Scorpion. Se trata de un casco muy ligero y resistente fabricado con estructura Ultra TCT (Thermodynamical Composite Technology), que proporciona una protecci\u00f3n excepcional contra los impactos. Dispone de acolchado interior Kwikwick3, sistema Airfit y mecanismo de pantalla Ellip-Tec II. Destaca por su est\u00e9tica deportiva.<\/p>\n<p><strong>Sistema Airfit<\/strong><\/p>\n<ul style=\"list-style-type: square;\">\n<li>El sistema Airfit, a trav\u00e9s de una bomba situada cerca de la barbilla, permite inflar y desinflar los acolchados laterales, proporcionando un ajuste perfecto a la forma de la cara y reduciendo el nivel de ruido (Sistema exclusivo de Scorpion Exo).<\/li>\n<\/ul>\n<p><strong>Pinlock Maxvision<\/strong><\/p>\n<ul style=\"list-style-type: square;\">\n<li>Perfectamente\u00a0 integrado en la pantalla, este Pinlock crea una presi\u00f3n de aire permanente e impide as\u00ed que se forme condensaci\u00f3n, incluso cuando la diferencia de temperatura entre el exterior y el interior del casco aumenta.<\/li>\n<\/ul>\n<p><strong>Kwikwick3<\/strong><\/p>\n<ul style=\"list-style-type: square;\">\n<li>Acolchado interior kwikwick3 con tratamiento antial\u00e9rgico. Ofrece una excelente absorci\u00f3n de la humedad y destaca por ser muy c\u00f3modo, suave y el\u00e1stico. Puede desmontarse y lavarse. Dise\u00f1o de los acolchados laterales optimizado para usuarios de gafas.<\/li>\n<\/ul>\n<p><strong>Ultra TCT (Thermodynamical Composite Technology)<\/strong><\/p>\n<ul style=\"list-style-type: square;\">\n<li>Calota extremadamente ligera con nueva estructura TCT fabricada con una tecnolog\u00eda h\u00edbrida de fibra de carbono; ofrece un nivel de protecci\u00f3n nunca antes visto en el mundo de los cascos. Esta elegante calota es capaz de doblarse gradualmente en caso de impacto, lo que le permite absorber la mayor\u00eda de energ\u00eda generada por el mismo, mientras conserva una de las estructuras m\u00e1s fuertes.<\/li>\n<\/ul>\n<p><strong>Sistema de pantalla Ellip-Tec II<\/strong><\/p>\n<ul style=\"list-style-type: square;\">\n<li>Con el mecanismo de pantalla Ellip-Tec a\u00fan es m\u00e1s f\u00e1cil y r\u00e1pido el cambio de pantalla. Se realiza sin dificultades en menos de 10 segundos, con la pantalla abierta. Concebido en t\u00fanel aerodin\u00e1mico para limitar al m\u00e1ximo los ruidos a altas velocidades, equipado con resortes m\u00e1s potentes para un ajuste \u00f3ptimo de la pantalla, totalmente herm\u00e9tico\u00a0 m\u00e1s silencioso. Ellip-Tec ofrece adem\u00e1s una mayor resistencia para mantener la pantalla en su sitio en caso de ca\u00edda. dispone de un nuevo sistema de cierre central; pulsando solamente la leva del cierre hasta arriba, \u00e9sta se desbloquear\u00e1 y la podremos alzar sin problemas.<\/li>\n<\/ul>\n<p><strong>Otras Caracter\u00edsticas<\/strong><\/p>\n<ul style=\"list-style-type: square;\">\n<li>3 tama\u00f1os de calota exterior para un mejor ajuste a cada talla.<\/li>\n<li>Pantalla 2D con predisposici\u00f3n para montar Pinlock Maxvisi\u00f3n y soportes Tear-Off.<\/li>\n<li>Sistema de extracci\u00f3n de emergencia de los acolchados laterales.<\/li>\n<li>sistema de ventilaci\u00f3n: dispone de entradas de aire en la zona de la mentonera y una entrada de aire situada en la parte superior de la calota para absorber un mayor flujo de aire. En el sp\u00f3iler trasero del casco encontramos dos orificios de salida que garantizan la total extracci\u00f3n de la humedad y del aire caliente del interior de mismo.<\/li>\n<li>Cubrenariz: mejora las prestaciones antivaho.<\/li>\n<li>Cubrebarbilla: contribuye a reducir el ruido.<\/li>\n<li>Cierre de doble anilla de titanio.<\/li>\n<\/ul>\n","protected":false},"excerpt":{"rendered":"<p>Se trata de la versi\u00f3n con fibra de carbono del modelo Exo-R1 Air, el casco integral deportivo top de gama de Scorpion. Se trata de un casco muy ligero y resistente fabricado con estructura Ultra TCT (Thermodynamical Composite Technology).<\/p>\n","protected":false},"featured_media":7025,"comment_status":"open","ping_status":"closed","template":"","meta":{"_themeisle_gutenberg_block_has_review":false},"pwb-brand":[226],"product_brand":[],"product_cat":[15,800,145,658,700],"product_tag":[416,877],"class_list":{"0":"post-7019","1":"product","2":"type-product","3":"status-publish","4":"has-post-thumbnail","6":"pwb-brand-scorpion","7":"product_cat-casco-de-moto","8":"product_cat-halloween","9":"product_cat-cascos-de-moto-integrales","10":"product_cat-protegete-del-frio","11":"product_cat-seleccion-san-valentin","12":"product_tag-liquidacion","13":"product_tag-scorpion-exo-1400","15":"first","16":"outofstock","17":"taxable","18":"shipping-taxable","19":"product-type-variable","20":"has-default-attributes"},"yoast_head":"<!-- This site is optimized with the Yoast SEO plugin v27.6 - https:\/\/yoast.com\/product\/yoast-seo-wordpress\/ -->\n<title>CASCO SCORPION EXO-1400 AIR ATTUNE NEGRO MATE \/ ROJO - Boutique Francisco Belmonte<\/title>\n<meta name=\"description\" content=\"Casco Scorpion Exo-1400 Carbon Air Attune Negro Mate - Rojo. Cascos moto Scorpion al mejor precio en Murcia Francisco Belmonte.\" \/>\n<meta name=\"robots\" content=\"index, follow, max-snippet:-1, max-image-preview:large, max-video-preview:-1\" \/>\n<link rel=\"canonical\" href=\"https:\/\/franciscobelmonte.com\/tienda\/casco-scorpion-exo-1400-air-attune-negro-mate-rojo\/\" \/>\n<meta property=\"og:locale\" content=\"es_ES\" \/>\n<meta property=\"og:type\" content=\"article\" \/>\n<meta property=\"og:title\" content=\"CASCO SCORPION EXO-1400 AIR ATTUNE NEGRO MATE \/ ROJO - Boutique Francisco Belmonte\" \/>\n<meta property=\"og:description\" content=\"Casco Scorpion Exo-1400 Carbon Air Attune Negro Mate - Rojo. Cascos moto Scorpion al mejor precio en Murcia Francisco Belmonte.\" \/>\n<meta property=\"og:url\" content=\"https:\/\/franciscobelmonte.com\/tienda\/casco-scorpion-exo-1400-air-attune-negro-mate-rojo\/\" \/>\n<meta property=\"og:site_name\" content=\"Boutique Francisco Belmonte\" \/>\n<meta property=\"article:publisher\" content=\"https:\/\/www.facebook.com\/motosfranciscobelmonte\" \/>\n<meta property=\"article:modified_time\" content=\"2025-12-15T15:49:34+00:00\" \/>\n<meta property=\"og:image\" content=\"https:\/\/franciscobelmonte.com\/tienda\/wp-content\/uploads\/2022\/10\/casco-scorpion-exo-1400-air-attune-negro-mate-rojo.jpg\" \/>\n\t<meta property=\"og:image:width\" content=\"800\" \/>\n\t<meta property=\"og:image:height\" content=\"800\" \/>\n\t<meta property=\"og:image:type\" content=\"image\/jpeg\" \/>\n<meta name=\"twitter:card\" content=\"summary_large_image\" \/>\n<meta name=\"twitter:label1\" content=\"Tiempo de lectura\" \/>\n\t<meta name=\"twitter:data1\" content=\"1 minuto\" \/>\n<script type=\"application\/ld+json\" class=\"yoast-schema-graph\">{\"@context\":\"https:\\\/\\\/schema.org\",\"@graph\":[{\"@type\":\"WebPage\",\"@id\":\"https:\\\/\\\/franciscobelmonte.com\\\/tienda\\\/casco-scorpion-exo-1400-air-attune-negro-mate-rojo\\\/\",\"url\":\"https:\\\/\\\/franciscobelmonte.com\\\/tienda\\\/casco-scorpion-exo-1400-air-attune-negro-mate-rojo\\\/\",\"name\":\"CASCO SCORPION EXO-1400 AIR ATTUNE NEGRO MATE \\\/ ROJO - Boutique Francisco Belmonte\",\"isPartOf\":{\"@id\":\"https:\\\/\\\/franciscobelmonte.com\\\/tienda\\\/#website\"},\"primaryImageOfPage\":{\"@id\":\"https:\\\/\\\/franciscobelmonte.com\\\/tienda\\\/casco-scorpion-exo-1400-air-attune-negro-mate-rojo\\\/#primaryimage\"},\"image\":{\"@id\":\"https:\\\/\\\/franciscobelmonte.com\\\/tienda\\\/casco-scorpion-exo-1400-air-attune-negro-mate-rojo\\\/#primaryimage\"},\"thumbnailUrl\":\"https:\\\/\\\/franciscobelmonte.com\\\/tienda\\\/wp-content\\\/uploads\\\/2022\\\/10\\\/casco-scorpion-exo-1400-air-attune-negro-mate-rojo.jpg\",\"datePublished\":\"2022-10-17T08:09:50+00:00\",\"dateModified\":\"2025-12-15T15:49:34+00:00\",\"description\":\"Casco Scorpion Exo-1400 Carbon Air Attune Negro Mate - Rojo. Cascos moto Scorpion al mejor precio en Murcia Francisco Belmonte.\",\"breadcrumb\":{\"@id\":\"https:\\\/\\\/franciscobelmonte.com\\\/tienda\\\/casco-scorpion-exo-1400-air-attune-negro-mate-rojo\\\/#breadcrumb\"},\"inLanguage\":\"es\",\"potentialAction\":[{\"@type\":\"ReadAction\",\"target\":[\"https:\\\/\\\/franciscobelmonte.com\\\/tienda\\\/casco-scorpion-exo-1400-air-attune-negro-mate-rojo\\\/\"]}]},{\"@type\":\"ImageObject\",\"inLanguage\":\"es\",\"@id\":\"https:\\\/\\\/franciscobelmonte.com\\\/tienda\\\/casco-scorpion-exo-1400-air-attune-negro-mate-rojo\\\/#primaryimage\",\"url\":\"https:\\\/\\\/franciscobelmonte.com\\\/tienda\\\/wp-content\\\/uploads\\\/2022\\\/10\\\/casco-scorpion-exo-1400-air-attune-negro-mate-rojo.jpg\",\"contentUrl\":\"https:\\\/\\\/franciscobelmonte.com\\\/tienda\\\/wp-content\\\/uploads\\\/2022\\\/10\\\/casco-scorpion-exo-1400-air-attune-negro-mate-rojo.jpg\",\"width\":800,\"height\":800,\"caption\":\"casco scorpion exo 1400 air attune negro mate rojo en murcia francisco belmonte\"},{\"@type\":\"BreadcrumbList\",\"@id\":\"https:\\\/\\\/franciscobelmonte.com\\\/tienda\\\/casco-scorpion-exo-1400-air-attune-negro-mate-rojo\\\/#breadcrumb\",\"itemListElement\":[{\"@type\":\"ListItem\",\"position\":1,\"name\":\"Portada\",\"item\":\"https:\\\/\\\/franciscobelmonte.com\\\/tienda\\\/\"},{\"@type\":\"ListItem\",\"position\":2,\"name\":\"Tienda\",\"item\":\"https:\\\/\\\/franciscobelmonte.com\\\/tienda\\\/boutique-equipamiento-motero\\\/\"},{\"@type\":\"ListItem\",\"position\":3,\"name\":\"CASCO SCORPION EXO-1400 AIR ATTUNE NEGRO MATE \\\/ ROJO\"}]},{\"@type\":\"WebSite\",\"@id\":\"https:\\\/\\\/franciscobelmonte.com\\\/tienda\\\/#website\",\"url\":\"https:\\\/\\\/franciscobelmonte.com\\\/tienda\\\/\",\"name\":\"Boutique Francisco Belmonte\",\"description\":\"Todo en complementos para motoristas\",\"publisher\":{\"@id\":\"https:\\\/\\\/franciscobelmonte.com\\\/tienda\\\/#organization\"},\"potentialAction\":[{\"@type\":\"SearchAction\",\"target\":{\"@type\":\"EntryPoint\",\"urlTemplate\":\"https:\\\/\\\/franciscobelmonte.com\\\/tienda\\\/?s={search_term_string}\"},\"query-input\":{\"@type\":\"PropertyValueSpecification\",\"valueRequired\":true,\"valueName\":\"search_term_string\"}}],\"inLanguage\":\"es\"},{\"@type\":\"Organization\",\"@id\":\"https:\\\/\\\/franciscobelmonte.com\\\/tienda\\\/#organization\",\"name\":\"Boutique Francisco Belmonte\",\"url\":\"https:\\\/\\\/franciscobelmonte.com\\\/tienda\\\/\",\"logo\":{\"@type\":\"ImageObject\",\"inLanguage\":\"es\",\"@id\":\"https:\\\/\\\/franciscobelmonte.com\\\/tienda\\\/#\\\/schema\\\/logo\\\/image\\\/\",\"url\":\"https:\\\/\\\/franciscobelmonte.com\\\/tienda\\\/wp-content\\\/uploads\\\/2021\\\/12\\\/Francisco-Belmonte-logo.png\",\"contentUrl\":\"https:\\\/\\\/franciscobelmonte.com\\\/tienda\\\/wp-content\\\/uploads\\\/2021\\\/12\\\/Francisco-Belmonte-logo.png\",\"width\":2153,\"height\":536,\"caption\":\"Boutique Francisco Belmonte\"},\"image\":{\"@id\":\"https:\\\/\\\/franciscobelmonte.com\\\/tienda\\\/#\\\/schema\\\/logo\\\/image\\\/\"},\"sameAs\":[\"https:\\\/\\\/www.facebook.com\\\/motosfranciscobelmonte\",\"https:\\\/\\\/www.instagram.com\\\/fco.belmonte\\\/\"]}]}<\/script>\n<!-- \/ Yoast SEO plugin. -->","yoast_head_json":{"title":"CASCO SCORPION EXO-1400 AIR ATTUNE NEGRO MATE \/ ROJO - Boutique Francisco Belmonte","description":"Casco Scorpion Exo-1400 Carbon Air Attune Negro Mate - Rojo. Cascos moto Scorpion al mejor precio en Murcia Francisco Belmonte.","robots":{"index":"index","follow":"follow","max-snippet":"max-snippet:-1","max-image-preview":"max-image-preview:large","max-video-preview":"max-video-preview:-1"},"canonical":"https:\/\/franciscobelmonte.com\/tienda\/casco-scorpion-exo-1400-air-attune-negro-mate-rojo\/","og_locale":"es_ES","og_type":"article","og_title":"CASCO SCORPION EXO-1400 AIR ATTUNE NEGRO MATE \/ ROJO - Boutique Francisco Belmonte","og_description":"Casco Scorpion Exo-1400 Carbon Air Attune Negro Mate - Rojo. Cascos moto Scorpion al mejor precio en Murcia Francisco Belmonte.","og_url":"https:\/\/franciscobelmonte.com\/tienda\/casco-scorpion-exo-1400-air-attune-negro-mate-rojo\/","og_site_name":"Boutique Francisco Belmonte","article_publisher":"https:\/\/www.facebook.com\/motosfranciscobelmonte","article_modified_time":"2025-12-15T15:49:34+00:00","og_image":[{"width":800,"height":800,"url":"https:\/\/franciscobelmonte.com\/tienda\/wp-content\/uploads\/2022\/10\/casco-scorpion-exo-1400-air-attune-negro-mate-rojo.jpg","type":"image\/jpeg"}],"twitter_card":"summary_large_image","twitter_misc":{"Tiempo de lectura":"1 minuto"},"schema":{"@context":"https:\/\/schema.org","@graph":[{"@type":"WebPage","@id":"https:\/\/franciscobelmonte.com\/tienda\/casco-scorpion-exo-1400-air-attune-negro-mate-rojo\/","url":"https:\/\/franciscobelmonte.com\/tienda\/casco-scorpion-exo-1400-air-attune-negro-mate-rojo\/","name":"CASCO SCORPION EXO-1400 AIR ATTUNE NEGRO MATE \/ ROJO - Boutique Francisco Belmonte","isPartOf":{"@id":"https:\/\/franciscobelmonte.com\/tienda\/#website"},"primaryImageOfPage":{"@id":"https:\/\/franciscobelmonte.com\/tienda\/casco-scorpion-exo-1400-air-attune-negro-mate-rojo\/#primaryimage"},"image":{"@id":"https:\/\/franciscobelmonte.com\/tienda\/casco-scorpion-exo-1400-air-attune-negro-mate-rojo\/#primaryimage"},"thumbnailUrl":"https:\/\/franciscobelmonte.com\/tienda\/wp-content\/uploads\/2022\/10\/casco-scorpion-exo-1400-air-attune-negro-mate-rojo.jpg","datePublished":"2022-10-17T08:09:50+00:00","dateModified":"2025-12-15T15:49:34+00:00","description":"Casco Scorpion Exo-1400 Carbon Air Attune Negro Mate - Rojo. Cascos moto Scorpion al mejor precio en Murcia Francisco Belmonte.","breadcrumb":{"@id":"https:\/\/franciscobelmonte.com\/tienda\/casco-scorpion-exo-1400-air-attune-negro-mate-rojo\/#breadcrumb"},"inLanguage":"es","potentialAction":[{"@type":"ReadAction","target":["https:\/\/franciscobelmonte.com\/tienda\/casco-scorpion-exo-1400-air-attune-negro-mate-rojo\/"]}]},{"@type":"ImageObject","inLanguage":"es","@id":"https:\/\/franciscobelmonte.com\/tienda\/casco-scorpion-exo-1400-air-attune-negro-mate-rojo\/#primaryimage","url":"https:\/\/franciscobelmonte.com\/tienda\/wp-content\/uploads\/2022\/10\/casco-scorpion-exo-1400-air-attune-negro-mate-rojo.jpg","contentUrl":"https:\/\/franciscobelmonte.com\/tienda\/wp-content\/uploads\/2022\/10\/casco-scorpion-exo-1400-air-attune-negro-mate-rojo.jpg","width":800,"height":800,"caption":"casco scorpion exo 1400 air attune negro mate rojo en murcia francisco belmonte"},{"@type":"BreadcrumbList","@id":"https:\/\/franciscobelmonte.com\/tienda\/casco-scorpion-exo-1400-air-attune-negro-mate-rojo\/#breadcrumb","itemListElement":[{"@type":"ListItem","position":1,"name":"Portada","item":"https:\/\/franciscobelmonte.com\/tienda\/"},{"@type":"ListItem","position":2,"name":"Tienda","item":"https:\/\/franciscobelmonte.com\/tienda\/boutique-equipamiento-motero\/"},{"@type":"ListItem","position":3,"name":"CASCO SCORPION EXO-1400 AIR ATTUNE NEGRO MATE \/ ROJO"}]},{"@type":"WebSite","@id":"https:\/\/franciscobelmonte.com\/tienda\/#website","url":"https:\/\/franciscobelmonte.com\/tienda\/","name":"Boutique Francisco Belmonte","description":"Todo en complementos para motoristas","publisher":{"@id":"https:\/\/franciscobelmonte.com\/tienda\/#organization"},"potentialAction":[{"@type":"SearchAction","target":{"@type":"EntryPoint","urlTemplate":"https:\/\/franciscobelmonte.com\/tienda\/?s={search_term_string}"},"query-input":{"@type":"PropertyValueSpecification","valueRequired":true,"valueName":"search_term_string"}}],"inLanguage":"es"},{"@type":"Organization","@id":"https:\/\/franciscobelmonte.com\/tienda\/#organization","name":"Boutique Francisco Belmonte","url":"https:\/\/franciscobelmonte.com\/tienda\/","logo":{"@type":"ImageObject","inLanguage":"es","@id":"https:\/\/franciscobelmonte.com\/tienda\/#\/schema\/logo\/image\/","url":"https:\/\/franciscobelmonte.com\/tienda\/wp-content\/uploads\/2021\/12\/Francisco-Belmonte-logo.png","contentUrl":"https:\/\/franciscobelmonte.com\/tienda\/wp-content\/uploads\/2021\/12\/Francisco-Belmonte-logo.png","width":2153,"height":536,"caption":"Boutique Francisco Belmonte"},"image":{"@id":"https:\/\/franciscobelmonte.com\/tienda\/#\/schema\/logo\/image\/"},"sameAs":["https:\/\/www.facebook.com\/motosfranciscobelmonte","https:\/\/www.instagram.com\/fco.belmonte\/"]}]}},"jetpack_sharing_enabled":true,"brands":[{"id":226,"name":"Scorpion","slug":"scorpion"}],"_links":{"self":[{"href":"https:\/\/franciscobelmonte.com\/tienda\/wp-json\/wp\/v2\/product\/7019","targetHints":{"allow":["GET"]}}],"collection":[{"href":"https:\/\/franciscobelmonte.com\/tienda\/wp-json\/wp\/v2\/product"}],"about":[{"href":"https:\/\/franciscobelmonte.com\/tienda\/wp-json\/wp\/v2\/types\/product"}],"replies":[{"embeddable":true,"href":"https:\/\/franciscobelmonte.com\/tienda\/wp-json\/wp\/v2\/comments?post=7019"}],"wp:featuredmedia":[{"embeddable":true,"href":"https:\/\/franciscobelmonte.com\/tienda\/wp-json\/wp\/v2\/media\/7025"}],"wp:attachment":[{"href":"https:\/\/franciscobelmonte.com\/tienda\/wp-json\/wp\/v2\/media?parent=7019"}],"wp:term":[{"taxonomy":"pwb-brand","embeddable":true,"href":"https:\/\/franciscobelmonte.com\/tienda\/wp-json\/wp\/v2\/pwb-brand?post=7019"},{"taxonomy":"product_brand","embeddable":true,"href":"https:\/\/franciscobelmonte.com\/tienda\/wp-json\/wp\/v2\/product_brand?post=7019"},{"taxonomy":"product_cat","embeddable":true,"href":"https:\/\/franciscobelmonte.com\/tienda\/wp-json\/wp\/v2\/product_cat?post=7019"},{"taxonomy":"product_tag","embeddable":true,"href":"https:\/\/franciscobelmonte.com\/tienda\/wp-json\/wp\/v2\/product_tag?post=7019"}],"curies":[{"name":"wp","href":"https:\/\/api.w.org\/{rel}","templated":true}]}}