{"id":7458,"date":"2022-11-09T16:19:50","date_gmt":"2022-11-09T16:19:50","guid":{"rendered":"https:\/\/franciscobelmonte.com\/tienda\/?post_type=product&#038;p=7458"},"modified":"2025-12-15T14:09:15","modified_gmt":"2025-12-15T12:09:15","slug":"chaqueta-quarter-mile-trystar-gris","status":"publish","type":"product","link":"https:\/\/franciscobelmonte.com\/tienda\/chaqueta-quarter-mile-trystar-gris\/","title":{"rendered":"CHAQUETA QUARTER MILE TRYSTAR GRIS"},"content":{"rendered":"<h2>Chaqueta Quarter Mile Trystar Gris<\/h2>\n<p>Chaqueta 4 season de moto, polivalente para todo el a\u00f1o.<\/p>\n<p><strong>POLIVALENCIA AL L\u00cdMITE<br \/>\n<\/strong><\/p>\n<p>La chaqueta trystar se caracteriza por ofrecer una\u00a0<strong>gran versatilidad en tus viajes<\/strong>. Dise\u00f1ada para protegerte en cualquier clima, ser\u00e1 tu gran compa\u00f1era de viaje.<\/p>\n<ul>\n<li>Pasa de una chaqueta preparada para los climas m\u00e1s fr\u00edos, a una chaqueta semi perforada, que maximizar\u00e1 el flujo de aire.<\/li>\n<li>Dispone de una<strong>\u00a0gran cantidad de bolsillos impermeables<\/strong>, algunos espec\u00edficos, como el bolsillo para guardar las llaves o el telepeaje. Tambi\u00e9n podr\u00e1s guardar los forros una vez los desmontes en las dos zonas\u00a0de carga de la espalda.<\/li>\n<li>Adem\u00e1s, gracias a sus m\u00faltiples ajustes el\u00e1sticos, disfrutaras de un trayecto c\u00f3modo, sin que la chaqueta se mueva por el aire o la velocidad.<\/li>\n<\/ul>\n<p><strong>TU ALIADA DURANTE MUCHOS KIL\u00d3METROS<\/strong><\/p>\n<ul>\n<li>Fabricada en polyester 600D de gran calidad, con cremalleras termo selladas y con acabados pensados por y para motoristas, la chaqueta trystar se convertir\u00e1 en tu mejor arma para combatir los kil\u00f3metros.<\/li>\n<li>Disfruta de un ajuste perfecto en el cuello gracias a su pin regulable. Adem\u00e1s, sus protectores homologados le confieren la m\u00e1xima seguridad para tus trayectos.<\/li>\n<li>Una apuesta segura para todo el a\u00f1o y para cualquier tipo de moto, ya que su polivalencia abarca desde los 0 grados hasta los 35 grados cent\u00edgrados.<\/li>\n<\/ul>\n<p>&nbsp;<\/p>\n","protected":false},"excerpt":{"rendered":"<p>La chaqueta trystar se caracteriza por ofrecer una\u00a0<strong>gran versatilidad en tus viajes<\/strong>. Dise\u00f1ada para protegerte en cualquier clima, ser\u00e1 tu gran compa\u00f1era de viaje.<\/p>\n","protected":false},"featured_media":11853,"comment_status":"open","ping_status":"closed","template":"","meta":{"_themeisle_gutenberg_block_has_review":false},"pwb-brand":[194],"product_brand":[],"product_cat":[46,137],"product_tag":[865,885,842,781,849],"class_list":{"0":"post-7458","1":"product","2":"type-product","3":"status-publish","4":"has-post-thumbnail","6":"pwb-brand-quarter-mile","7":"product_cat-chaquetas-de-moto","8":"product_cat-chaquetas-de-moto-invierno","9":"product_tag-865","10":"product_tag-dto-navideno-25","11":"product_tag-invierno-20","12":"product_tag-quarter-mile-sin-rebajas-10","13":"product_tag-rebajas-ropa-invierno-25","15":"first","16":"instock","17":"sale","18":"taxable","19":"shipping-taxable","20":"purchasable","21":"product-type-variable","22":"has-default-attributes"},"yoast_head":"<!-- This site is optimized with the Yoast SEO plugin v27.4 - https:\/\/yoast.com\/product\/yoast-seo-wordpress\/ -->\n<title>CHAQUETA QUARTER MILE TRYSTAR GRIS - Boutique Francisco Belmonte<\/title>\n<meta name=\"description\" content=\"Chaqueta Quarter Mile Trystar Gris. Chaquetas de moto Quarter Mile en Murcia Francisco Belmonte. Descubre su gama de colores al mejor precio.\" \/>\n<meta name=\"robots\" content=\"index, follow, max-snippet:-1, max-image-preview:large, max-video-preview:-1\" \/>\n<link rel=\"canonical\" href=\"https:\/\/franciscobelmonte.com\/tienda\/chaqueta-quarter-mile-trystar-gris\/\" \/>\n<meta property=\"og:locale\" content=\"es_ES\" \/>\n<meta property=\"og:type\" content=\"article\" \/>\n<meta property=\"og:title\" content=\"CHAQUETA QUARTER MILE TRYSTAR GRIS - Boutique Francisco Belmonte\" \/>\n<meta property=\"og:description\" content=\"Chaqueta Quarter Mile Trystar Gris. Chaquetas de moto Quarter Mile en Murcia Francisco Belmonte. Descubre su gama de colores al mejor precio.\" \/>\n<meta property=\"og:url\" content=\"https:\/\/franciscobelmonte.com\/tienda\/chaqueta-quarter-mile-trystar-gris\/\" \/>\n<meta property=\"og:site_name\" content=\"Boutique Francisco Belmonte\" \/>\n<meta property=\"article:publisher\" content=\"https:\/\/www.facebook.com\/motosfranciscobelmonte\" \/>\n<meta property=\"article:modified_time\" content=\"2025-12-15T12:09:15+00:00\" \/>\n<meta property=\"og:image\" content=\"https:\/\/franciscobelmonte.com\/tienda\/wp-content\/uploads\/2022\/11\/chaqueta-quarter-mile-trystar-gris-2.jpg\" \/>\n\t<meta property=\"og:image:width\" content=\"800\" \/>\n\t<meta property=\"og:image:height\" content=\"800\" \/>\n\t<meta property=\"og:image:type\" content=\"image\/jpeg\" \/>\n<meta name=\"twitter:card\" content=\"summary_large_image\" \/>\n<meta name=\"twitter:label1\" content=\"Tiempo de lectura\" \/>\n\t<meta name=\"twitter:data1\" content=\"1 minuto\" \/>\n<script type=\"application\/ld+json\" class=\"yoast-schema-graph\">{\"@context\":\"https:\\\/\\\/schema.org\",\"@graph\":[{\"@type\":\"WebPage\",\"@id\":\"https:\\\/\\\/franciscobelmonte.com\\\/tienda\\\/chaqueta-quarter-mile-trystar-gris\\\/\",\"url\":\"https:\\\/\\\/franciscobelmonte.com\\\/tienda\\\/chaqueta-quarter-mile-trystar-gris\\\/\",\"name\":\"CHAQUETA QUARTER MILE TRYSTAR GRIS - Boutique Francisco Belmonte\",\"isPartOf\":{\"@id\":\"https:\\\/\\\/franciscobelmonte.com\\\/tienda\\\/#website\"},\"primaryImageOfPage\":{\"@id\":\"https:\\\/\\\/franciscobelmonte.com\\\/tienda\\\/chaqueta-quarter-mile-trystar-gris\\\/#primaryimage\"},\"image\":{\"@id\":\"https:\\\/\\\/franciscobelmonte.com\\\/tienda\\\/chaqueta-quarter-mile-trystar-gris\\\/#primaryimage\"},\"thumbnailUrl\":\"https:\\\/\\\/franciscobelmonte.com\\\/tienda\\\/wp-content\\\/uploads\\\/2022\\\/11\\\/chaqueta-quarter-mile-trystar-gris-2.jpg\",\"datePublished\":\"2022-11-09T16:19:50+00:00\",\"dateModified\":\"2025-12-15T12:09:15+00:00\",\"description\":\"Chaqueta Quarter Mile Trystar Gris. Chaquetas de moto Quarter Mile en Murcia Francisco Belmonte. Descubre su gama de colores al mejor precio.\",\"breadcrumb\":{\"@id\":\"https:\\\/\\\/franciscobelmonte.com\\\/tienda\\\/chaqueta-quarter-mile-trystar-gris\\\/#breadcrumb\"},\"inLanguage\":\"es\",\"potentialAction\":[{\"@type\":\"ReadAction\",\"target\":[\"https:\\\/\\\/franciscobelmonte.com\\\/tienda\\\/chaqueta-quarter-mile-trystar-gris\\\/\"]}]},{\"@type\":\"ImageObject\",\"inLanguage\":\"es\",\"@id\":\"https:\\\/\\\/franciscobelmonte.com\\\/tienda\\\/chaqueta-quarter-mile-trystar-gris\\\/#primaryimage\",\"url\":\"https:\\\/\\\/franciscobelmonte.com\\\/tienda\\\/wp-content\\\/uploads\\\/2022\\\/11\\\/chaqueta-quarter-mile-trystar-gris-2.jpg\",\"contentUrl\":\"https:\\\/\\\/franciscobelmonte.com\\\/tienda\\\/wp-content\\\/uploads\\\/2022\\\/11\\\/chaqueta-quarter-mile-trystar-gris-2.jpg\",\"width\":800,\"height\":800,\"caption\":\"chaqueta quearte rmile trystar gris en murcia francisco belmonte\"},{\"@type\":\"BreadcrumbList\",\"@id\":\"https:\\\/\\\/franciscobelmonte.com\\\/tienda\\\/chaqueta-quarter-mile-trystar-gris\\\/#breadcrumb\",\"itemListElement\":[{\"@type\":\"ListItem\",\"position\":1,\"name\":\"Portada\",\"item\":\"https:\\\/\\\/franciscobelmonte.com\\\/tienda\\\/\"},{\"@type\":\"ListItem\",\"position\":2,\"name\":\"Tienda\",\"item\":\"https:\\\/\\\/franciscobelmonte.com\\\/tienda\\\/boutique-equipamiento-motero\\\/\"},{\"@type\":\"ListItem\",\"position\":3,\"name\":\"CHAQUETA QUARTER MILE TRYSTAR GRIS\"}]},{\"@type\":\"WebSite\",\"@id\":\"https:\\\/\\\/franciscobelmonte.com\\\/tienda\\\/#website\",\"url\":\"https:\\\/\\\/franciscobelmonte.com\\\/tienda\\\/\",\"name\":\"Boutique Francisco Belmonte\",\"description\":\"Todo en complementos para motoristas\",\"publisher\":{\"@id\":\"https:\\\/\\\/franciscobelmonte.com\\\/tienda\\\/#organization\"},\"potentialAction\":[{\"@type\":\"SearchAction\",\"target\":{\"@type\":\"EntryPoint\",\"urlTemplate\":\"https:\\\/\\\/franciscobelmonte.com\\\/tienda\\\/?s={search_term_string}\"},\"query-input\":{\"@type\":\"PropertyValueSpecification\",\"valueRequired\":true,\"valueName\":\"search_term_string\"}}],\"inLanguage\":\"es\"},{\"@type\":\"Organization\",\"@id\":\"https:\\\/\\\/franciscobelmonte.com\\\/tienda\\\/#organization\",\"name\":\"Boutique Francisco Belmonte\",\"url\":\"https:\\\/\\\/franciscobelmonte.com\\\/tienda\\\/\",\"logo\":{\"@type\":\"ImageObject\",\"inLanguage\":\"es\",\"@id\":\"https:\\\/\\\/franciscobelmonte.com\\\/tienda\\\/#\\\/schema\\\/logo\\\/image\\\/\",\"url\":\"https:\\\/\\\/franciscobelmonte.com\\\/tienda\\\/wp-content\\\/uploads\\\/2021\\\/12\\\/Francisco-Belmonte-logo.png\",\"contentUrl\":\"https:\\\/\\\/franciscobelmonte.com\\\/tienda\\\/wp-content\\\/uploads\\\/2021\\\/12\\\/Francisco-Belmonte-logo.png\",\"width\":2153,\"height\":536,\"caption\":\"Boutique Francisco Belmonte\"},\"image\":{\"@id\":\"https:\\\/\\\/franciscobelmonte.com\\\/tienda\\\/#\\\/schema\\\/logo\\\/image\\\/\"},\"sameAs\":[\"https:\\\/\\\/www.facebook.com\\\/motosfranciscobelmonte\",\"https:\\\/\\\/www.instagram.com\\\/fco.belmonte\\\/\"]}]}<\/script>\n<!-- \/ Yoast SEO plugin. -->","yoast_head_json":{"title":"CHAQUETA QUARTER MILE TRYSTAR GRIS - Boutique Francisco Belmonte","description":"Chaqueta Quarter Mile Trystar Gris. Chaquetas de moto Quarter Mile en Murcia Francisco Belmonte. Descubre su gama de colores al mejor precio.","robots":{"index":"index","follow":"follow","max-snippet":"max-snippet:-1","max-image-preview":"max-image-preview:large","max-video-preview":"max-video-preview:-1"},"canonical":"https:\/\/franciscobelmonte.com\/tienda\/chaqueta-quarter-mile-trystar-gris\/","og_locale":"es_ES","og_type":"article","og_title":"CHAQUETA QUARTER MILE TRYSTAR GRIS - Boutique Francisco Belmonte","og_description":"Chaqueta Quarter Mile Trystar Gris. Chaquetas de moto Quarter Mile en Murcia Francisco Belmonte. Descubre su gama de colores al mejor precio.","og_url":"https:\/\/franciscobelmonte.com\/tienda\/chaqueta-quarter-mile-trystar-gris\/","og_site_name":"Boutique Francisco Belmonte","article_publisher":"https:\/\/www.facebook.com\/motosfranciscobelmonte","article_modified_time":"2025-12-15T12:09:15+00:00","og_image":[{"width":800,"height":800,"url":"https:\/\/franciscobelmonte.com\/tienda\/wp-content\/uploads\/2022\/11\/chaqueta-quarter-mile-trystar-gris-2.jpg","type":"image\/jpeg"}],"twitter_card":"summary_large_image","twitter_misc":{"Tiempo de lectura":"1 minuto"},"schema":{"@context":"https:\/\/schema.org","@graph":[{"@type":"WebPage","@id":"https:\/\/franciscobelmonte.com\/tienda\/chaqueta-quarter-mile-trystar-gris\/","url":"https:\/\/franciscobelmonte.com\/tienda\/chaqueta-quarter-mile-trystar-gris\/","name":"CHAQUETA QUARTER MILE TRYSTAR GRIS - Boutique Francisco Belmonte","isPartOf":{"@id":"https:\/\/franciscobelmonte.com\/tienda\/#website"},"primaryImageOfPage":{"@id":"https:\/\/franciscobelmonte.com\/tienda\/chaqueta-quarter-mile-trystar-gris\/#primaryimage"},"image":{"@id":"https:\/\/franciscobelmonte.com\/tienda\/chaqueta-quarter-mile-trystar-gris\/#primaryimage"},"thumbnailUrl":"https:\/\/franciscobelmonte.com\/tienda\/wp-content\/uploads\/2022\/11\/chaqueta-quarter-mile-trystar-gris-2.jpg","datePublished":"2022-11-09T16:19:50+00:00","dateModified":"2025-12-15T12:09:15+00:00","description":"Chaqueta Quarter Mile Trystar Gris. Chaquetas de moto Quarter Mile en Murcia Francisco Belmonte. Descubre su gama de colores al mejor precio.","breadcrumb":{"@id":"https:\/\/franciscobelmonte.com\/tienda\/chaqueta-quarter-mile-trystar-gris\/#breadcrumb"},"inLanguage":"es","potentialAction":[{"@type":"ReadAction","target":["https:\/\/franciscobelmonte.com\/tienda\/chaqueta-quarter-mile-trystar-gris\/"]}]},{"@type":"ImageObject","inLanguage":"es","@id":"https:\/\/franciscobelmonte.com\/tienda\/chaqueta-quarter-mile-trystar-gris\/#primaryimage","url":"https:\/\/franciscobelmonte.com\/tienda\/wp-content\/uploads\/2022\/11\/chaqueta-quarter-mile-trystar-gris-2.jpg","contentUrl":"https:\/\/franciscobelmonte.com\/tienda\/wp-content\/uploads\/2022\/11\/chaqueta-quarter-mile-trystar-gris-2.jpg","width":800,"height":800,"caption":"chaqueta quearte rmile trystar gris en murcia francisco belmonte"},{"@type":"BreadcrumbList","@id":"https:\/\/franciscobelmonte.com\/tienda\/chaqueta-quarter-mile-trystar-gris\/#breadcrumb","itemListElement":[{"@type":"ListItem","position":1,"name":"Portada","item":"https:\/\/franciscobelmonte.com\/tienda\/"},{"@type":"ListItem","position":2,"name":"Tienda","item":"https:\/\/franciscobelmonte.com\/tienda\/boutique-equipamiento-motero\/"},{"@type":"ListItem","position":3,"name":"CHAQUETA QUARTER MILE TRYSTAR GRIS"}]},{"@type":"WebSite","@id":"https:\/\/franciscobelmonte.com\/tienda\/#website","url":"https:\/\/franciscobelmonte.com\/tienda\/","name":"Boutique Francisco Belmonte","description":"Todo en complementos para motoristas","publisher":{"@id":"https:\/\/franciscobelmonte.com\/tienda\/#organization"},"potentialAction":[{"@type":"SearchAction","target":{"@type":"EntryPoint","urlTemplate":"https:\/\/franciscobelmonte.com\/tienda\/?s={search_term_string}"},"query-input":{"@type":"PropertyValueSpecification","valueRequired":true,"valueName":"search_term_string"}}],"inLanguage":"es"},{"@type":"Organization","@id":"https:\/\/franciscobelmonte.com\/tienda\/#organization","name":"Boutique Francisco Belmonte","url":"https:\/\/franciscobelmonte.com\/tienda\/","logo":{"@type":"ImageObject","inLanguage":"es","@id":"https:\/\/franciscobelmonte.com\/tienda\/#\/schema\/logo\/image\/","url":"https:\/\/franciscobelmonte.com\/tienda\/wp-content\/uploads\/2021\/12\/Francisco-Belmonte-logo.png","contentUrl":"https:\/\/franciscobelmonte.com\/tienda\/wp-content\/uploads\/2021\/12\/Francisco-Belmonte-logo.png","width":2153,"height":536,"caption":"Boutique Francisco Belmonte"},"image":{"@id":"https:\/\/franciscobelmonte.com\/tienda\/#\/schema\/logo\/image\/"},"sameAs":["https:\/\/www.facebook.com\/motosfranciscobelmonte","https:\/\/www.instagram.com\/fco.belmonte\/"]}]}},"jetpack_sharing_enabled":true,"brands":[{"id":194,"name":"Quarter Mile","slug":"quarter-mile"}],"_links":{"self":[{"href":"https:\/\/franciscobelmonte.com\/tienda\/wp-json\/wp\/v2\/product\/7458","targetHints":{"allow":["GET"]}}],"collection":[{"href":"https:\/\/franciscobelmonte.com\/tienda\/wp-json\/wp\/v2\/product"}],"about":[{"href":"https:\/\/franciscobelmonte.com\/tienda\/wp-json\/wp\/v2\/types\/product"}],"replies":[{"embeddable":true,"href":"https:\/\/franciscobelmonte.com\/tienda\/wp-json\/wp\/v2\/comments?post=7458"}],"wp:featuredmedia":[{"embeddable":true,"href":"https:\/\/franciscobelmonte.com\/tienda\/wp-json\/wp\/v2\/media\/11853"}],"wp:attachment":[{"href":"https:\/\/franciscobelmonte.com\/tienda\/wp-json\/wp\/v2\/media?parent=7458"}],"wp:term":[{"taxonomy":"pwb-brand","embeddable":true,"href":"https:\/\/franciscobelmonte.com\/tienda\/wp-json\/wp\/v2\/pwb-brand?post=7458"},{"taxonomy":"product_brand","embeddable":true,"href":"https:\/\/franciscobelmonte.com\/tienda\/wp-json\/wp\/v2\/product_brand?post=7458"},{"taxonomy":"product_cat","embeddable":true,"href":"https:\/\/franciscobelmonte.com\/tienda\/wp-json\/wp\/v2\/product_cat?post=7458"},{"taxonomy":"product_tag","embeddable":true,"href":"https:\/\/franciscobelmonte.com\/tienda\/wp-json\/wp\/v2\/product_tag?post=7458"}],"curies":[{"name":"wp","href":"https:\/\/api.w.org\/{rel}","templated":true}]}}