{"id":8544,"date":"2023-01-23T16:34:48","date_gmt":"2023-01-23T16:34:48","guid":{"rendered":"https:\/\/franciscobelmonte.com\/tienda\/?post_type=product&#038;p=8544"},"modified":"2026-01-06T19:24:17","modified_gmt":"2026-01-06T17:24:17","slug":"zapatillas-alpinestars-stella-sektor-lady-negro-rosa","status":"publish","type":"product","link":"https:\/\/franciscobelmonte.com\/tienda\/zapatillas-alpinestars-stella-sektor-lady-negro-rosa\/","title":{"rendered":"ZAPATILLAS ALPINESTARS STELLA SEKTOR LADY NEGRO \/ ROSA"},"content":{"rendered":"<h1>Zapatillas ALPINESTARS Stella Sektor Lady Negro \/ Rosa<\/h1>\n<p>Confeccionadas en microfibra y especialmente dise\u00f1adas para la mujer, las Sektor destacan por ser muy ligeras y confortables. Estas zapatillas presentan un estilo agresivo y ofrecen excelentes niveles de flexibilidad y confort. Incorporan un cierre r\u00e1pido con cordones combinado con una amplia correa de Velcro alrededor del tobillo.<\/p>\n<p><strong>Confecci\u00f3n<\/strong><\/p>\n<ul>\n<li>Confeccionadas principalmente en microfibras extremadamente ligeras, duraderas y resistentes a la abrasi\u00f3n.<\/li>\n<li>Forro interior en malla 3D para una excelente transpiraci\u00f3n e inserci\u00f3n de microfibra en el tal\u00f3n para prevenir el deslizamiento del pie.<\/li>\n<\/ul>\n<p><strong>Innovaciones t\u00e9cnicas<\/strong><\/p>\n<ul>\n<li>Correa de una sola pieza con velcro en el empeine para un cierre r\u00e1pido, seguro y personalizado alrededor del tobillo.<\/li>\n<li>Sistema de lazada r\u00e1pido derivado de la tecnolog\u00eda desarrollada por Alpinestars en F\u00f3rmula 1, que proporciona altos niveles de precisi\u00f3n en el ajuste y un fant\u00e1stico confort, envolviendo estrat\u00e9gicamente el pie para un magn\u00edfico apoyo.<\/li>\n<li>Entradas de aire en malla met\u00e1lica situadas en el lateral externo para mayor ventilaci\u00f3n.<\/li>\n<li>Deslizadera lateral de TPR en la zona exterior de los dedos para mayor resistencia a la abrasi\u00f3n.<\/li>\n<li>Inserci\u00f3n de TPR en el lateral del tobillo para mayor protecci\u00f3n frente a la abrasi\u00f3n y a los impactos.<\/li>\n<\/ul>\n<p><strong>Prestaciones y ajuste<\/strong><\/p>\n<ul>\n<li>Acolchados de alto rendimiento en la leng\u00fceta y en el cuello para un mayor confort y ajuste alrededor del tobillo y el empeine.<\/li>\n<li>Protector de tobillo en 3D para mayor protecci\u00f3n y resistencia a la abrasi\u00f3n.<\/li>\n<li>La caja interna de los dedos y el compartimento para el tal\u00f3n est\u00e1n ubicados bajo la capa superior para un dise\u00f1o m\u00e1s ergon\u00f3mico.<\/li>\n<li>Suela confeccionada en un ligero compuesto de goma con patr\u00f3n de agarre texturizado; proporciona un excelente rendimiento frente a posibles resbalones, tanto sobre la moto como fuera de ella. Dispone de un v\u00e1stago de metal integrado que ayuda a aumentar la rigidez y reduce la deformaci\u00f3n en caso de impacto.<\/li>\n<li>Inserci\u00f3n flexible para un gran confort y maniobrabilidad sobre la moto y fuera de ella.<\/li>\n<li>Plantilla anat\u00f3mica reemplazable de EVA con forro de lycra en la parte superior; proporciona confort, apoyo y una excelente absorci\u00f3n de la humedad.<\/li>\n<li>Las Sektor Lady disponen de certificaci\u00f3n CE (Cat 2 CE certified to 89\/686\/ECC EU Directive).<\/li>\n<\/ul>\n<p>&nbsp;<\/p>\n","protected":false},"excerpt":{"rendered":"<p>Confeccionadas en microfibra y especialmente dise\u00f1adas para la mujer, las Sektor destacan por ser muy ligeras y confortables. Estas zapatillas presentan un estilo agresivo y ofrecen excelentes niveles de flexibilidad y confort.<\/p>\n<p><a style=\"color: #0000ff;\" href=\"https:\/\/franciscobelmonte.com\/tienda\/wp-content\/uploads\/2022\/09\/Tallas-calzado-alpinestars-hombre.png\" target=\"_blank\" rel=\"noopener\"><span style=\"font-size: xx-small;\"> Ver gu\u00eda de tallas<\/span><\/a><\/p>\n","protected":false},"featured_media":8558,"comment_status":"open","ping_status":"closed","template":"","meta":{"_themeisle_gutenberg_block_has_review":false},"pwb-brand":[186],"product_brand":[],"product_cat":[149],"product_tag":[865,771,888],"class_list":{"0":"post-8544","1":"product","2":"type-product","3":"status-publish","4":"has-post-thumbnail","6":"pwb-brand-alpinestars","7":"product_cat-botas-de-moto-racing","8":"product_tag-865","9":"product_tag-alpinestars-sin-rebajas-25","10":"product_tag-rebajas-40","12":"first","13":"instock","14":"sale","15":"taxable","16":"shipping-taxable","17":"purchasable","18":"product-type-variable","19":"has-default-attributes"},"yoast_head":"<!-- This site is optimized with the Yoast SEO plugin v27.4 - https:\/\/yoast.com\/product\/yoast-seo-wordpress\/ -->\n<title>ZAPATILLAS ALPINESTARS STELLA SEKTOR LADY NEGRO \/ ROSA - Boutique Francisco Belmonte<\/title>\n<meta name=\"description\" content=\"Zapatillas Alpinestars Stella Sektor lady Negro - Rosa. Botas de moto Alpinestars en Murcia Francisco Belmonte, al mejor precio.\" \/>\n<meta name=\"robots\" content=\"index, follow, max-snippet:-1, max-image-preview:large, max-video-preview:-1\" \/>\n<link rel=\"canonical\" href=\"https:\/\/franciscobelmonte.com\/tienda\/zapatillas-alpinestars-stella-sektor-lady-negro-rosa\/\" \/>\n<meta property=\"og:locale\" content=\"es_ES\" \/>\n<meta property=\"og:type\" content=\"article\" \/>\n<meta property=\"og:title\" content=\"ZAPATILLAS ALPINESTARS STELLA SEKTOR LADY NEGRO \/ ROSA - Boutique Francisco Belmonte\" \/>\n<meta property=\"og:description\" content=\"Zapatillas Alpinestars Stella Sektor lady Negro - Rosa. Botas de moto Alpinestars en Murcia Francisco Belmonte, al mejor precio.\" \/>\n<meta property=\"og:url\" content=\"https:\/\/franciscobelmonte.com\/tienda\/zapatillas-alpinestars-stella-sektor-lady-negro-rosa\/\" \/>\n<meta property=\"og:site_name\" content=\"Boutique Francisco Belmonte\" \/>\n<meta property=\"article:publisher\" content=\"https:\/\/www.facebook.com\/motosfranciscobelmonte\" \/>\n<meta property=\"article:modified_time\" content=\"2026-01-06T17:24:17+00:00\" \/>\n<meta property=\"og:image\" content=\"https:\/\/franciscobelmonte.com\/tienda\/wp-content\/uploads\/2023\/01\/stella-sektor-lady-negro-rosa.jpg\" \/>\n\t<meta property=\"og:image:width\" content=\"800\" \/>\n\t<meta property=\"og:image:height\" content=\"800\" \/>\n\t<meta property=\"og:image:type\" content=\"image\/jpeg\" \/>\n<meta name=\"twitter:card\" content=\"summary_large_image\" \/>\n<meta name=\"twitter:label1\" content=\"Tiempo de lectura\" \/>\n\t<meta name=\"twitter:data1\" content=\"1 minuto\" \/>\n<script type=\"application\/ld+json\" class=\"yoast-schema-graph\">{\"@context\":\"https:\\\/\\\/schema.org\",\"@graph\":[{\"@type\":\"WebPage\",\"@id\":\"https:\\\/\\\/franciscobelmonte.com\\\/tienda\\\/zapatillas-alpinestars-stella-sektor-lady-negro-rosa\\\/\",\"url\":\"https:\\\/\\\/franciscobelmonte.com\\\/tienda\\\/zapatillas-alpinestars-stella-sektor-lady-negro-rosa\\\/\",\"name\":\"ZAPATILLAS ALPINESTARS STELLA SEKTOR LADY NEGRO \\\/ ROSA - Boutique Francisco Belmonte\",\"isPartOf\":{\"@id\":\"https:\\\/\\\/franciscobelmonte.com\\\/tienda\\\/#website\"},\"primaryImageOfPage\":{\"@id\":\"https:\\\/\\\/franciscobelmonte.com\\\/tienda\\\/zapatillas-alpinestars-stella-sektor-lady-negro-rosa\\\/#primaryimage\"},\"image\":{\"@id\":\"https:\\\/\\\/franciscobelmonte.com\\\/tienda\\\/zapatillas-alpinestars-stella-sektor-lady-negro-rosa\\\/#primaryimage\"},\"thumbnailUrl\":\"https:\\\/\\\/franciscobelmonte.com\\\/tienda\\\/wp-content\\\/uploads\\\/2023\\\/01\\\/stella-sektor-lady-negro-rosa.jpg\",\"datePublished\":\"2023-01-23T16:34:48+00:00\",\"dateModified\":\"2026-01-06T17:24:17+00:00\",\"description\":\"Zapatillas Alpinestars Stella Sektor lady Negro - Rosa. Botas de moto Alpinestars en Murcia Francisco Belmonte, al mejor precio.\",\"breadcrumb\":{\"@id\":\"https:\\\/\\\/franciscobelmonte.com\\\/tienda\\\/zapatillas-alpinestars-stella-sektor-lady-negro-rosa\\\/#breadcrumb\"},\"inLanguage\":\"es\",\"potentialAction\":[{\"@type\":\"ReadAction\",\"target\":[\"https:\\\/\\\/franciscobelmonte.com\\\/tienda\\\/zapatillas-alpinestars-stella-sektor-lady-negro-rosa\\\/\"]}]},{\"@type\":\"ImageObject\",\"inLanguage\":\"es\",\"@id\":\"https:\\\/\\\/franciscobelmonte.com\\\/tienda\\\/zapatillas-alpinestars-stella-sektor-lady-negro-rosa\\\/#primaryimage\",\"url\":\"https:\\\/\\\/franciscobelmonte.com\\\/tienda\\\/wp-content\\\/uploads\\\/2023\\\/01\\\/stella-sektor-lady-negro-rosa.jpg\",\"contentUrl\":\"https:\\\/\\\/franciscobelmonte.com\\\/tienda\\\/wp-content\\\/uploads\\\/2023\\\/01\\\/stella-sektor-lady-negro-rosa.jpg\",\"width\":800,\"height\":800,\"caption\":\"zapatillas stella sektor lady negro rosa en murcia francisco belmonte\"},{\"@type\":\"BreadcrumbList\",\"@id\":\"https:\\\/\\\/franciscobelmonte.com\\\/tienda\\\/zapatillas-alpinestars-stella-sektor-lady-negro-rosa\\\/#breadcrumb\",\"itemListElement\":[{\"@type\":\"ListItem\",\"position\":1,\"name\":\"Portada\",\"item\":\"https:\\\/\\\/franciscobelmonte.com\\\/tienda\\\/\"},{\"@type\":\"ListItem\",\"position\":2,\"name\":\"Tienda\",\"item\":\"https:\\\/\\\/franciscobelmonte.com\\\/tienda\\\/boutique-equipamiento-motero\\\/\"},{\"@type\":\"ListItem\",\"position\":3,\"name\":\"ZAPATILLAS ALPINESTARS STELLA SEKTOR LADY NEGRO \\\/ ROSA\"}]},{\"@type\":\"WebSite\",\"@id\":\"https:\\\/\\\/franciscobelmonte.com\\\/tienda\\\/#website\",\"url\":\"https:\\\/\\\/franciscobelmonte.com\\\/tienda\\\/\",\"name\":\"Boutique Francisco Belmonte\",\"description\":\"Todo en complementos para motoristas\",\"publisher\":{\"@id\":\"https:\\\/\\\/franciscobelmonte.com\\\/tienda\\\/#organization\"},\"potentialAction\":[{\"@type\":\"SearchAction\",\"target\":{\"@type\":\"EntryPoint\",\"urlTemplate\":\"https:\\\/\\\/franciscobelmonte.com\\\/tienda\\\/?s={search_term_string}\"},\"query-input\":{\"@type\":\"PropertyValueSpecification\",\"valueRequired\":true,\"valueName\":\"search_term_string\"}}],\"inLanguage\":\"es\"},{\"@type\":\"Organization\",\"@id\":\"https:\\\/\\\/franciscobelmonte.com\\\/tienda\\\/#organization\",\"name\":\"Boutique Francisco Belmonte\",\"url\":\"https:\\\/\\\/franciscobelmonte.com\\\/tienda\\\/\",\"logo\":{\"@type\":\"ImageObject\",\"inLanguage\":\"es\",\"@id\":\"https:\\\/\\\/franciscobelmonte.com\\\/tienda\\\/#\\\/schema\\\/logo\\\/image\\\/\",\"url\":\"https:\\\/\\\/franciscobelmonte.com\\\/tienda\\\/wp-content\\\/uploads\\\/2021\\\/12\\\/Francisco-Belmonte-logo.png\",\"contentUrl\":\"https:\\\/\\\/franciscobelmonte.com\\\/tienda\\\/wp-content\\\/uploads\\\/2021\\\/12\\\/Francisco-Belmonte-logo.png\",\"width\":2153,\"height\":536,\"caption\":\"Boutique Francisco Belmonte\"},\"image\":{\"@id\":\"https:\\\/\\\/franciscobelmonte.com\\\/tienda\\\/#\\\/schema\\\/logo\\\/image\\\/\"},\"sameAs\":[\"https:\\\/\\\/www.facebook.com\\\/motosfranciscobelmonte\",\"https:\\\/\\\/www.instagram.com\\\/fco.belmonte\\\/\"]}]}<\/script>\n<!-- \/ Yoast SEO plugin. -->","yoast_head_json":{"title":"ZAPATILLAS ALPINESTARS STELLA SEKTOR LADY NEGRO \/ ROSA - Boutique Francisco Belmonte","description":"Zapatillas Alpinestars Stella Sektor lady Negro - Rosa. Botas de moto Alpinestars en Murcia Francisco Belmonte, al mejor precio.","robots":{"index":"index","follow":"follow","max-snippet":"max-snippet:-1","max-image-preview":"max-image-preview:large","max-video-preview":"max-video-preview:-1"},"canonical":"https:\/\/franciscobelmonte.com\/tienda\/zapatillas-alpinestars-stella-sektor-lady-negro-rosa\/","og_locale":"es_ES","og_type":"article","og_title":"ZAPATILLAS ALPINESTARS STELLA SEKTOR LADY NEGRO \/ ROSA - Boutique Francisco Belmonte","og_description":"Zapatillas Alpinestars Stella Sektor lady Negro - Rosa. Botas de moto Alpinestars en Murcia Francisco Belmonte, al mejor precio.","og_url":"https:\/\/franciscobelmonte.com\/tienda\/zapatillas-alpinestars-stella-sektor-lady-negro-rosa\/","og_site_name":"Boutique Francisco Belmonte","article_publisher":"https:\/\/www.facebook.com\/motosfranciscobelmonte","article_modified_time":"2026-01-06T17:24:17+00:00","og_image":[{"width":800,"height":800,"url":"https:\/\/franciscobelmonte.com\/tienda\/wp-content\/uploads\/2023\/01\/stella-sektor-lady-negro-rosa.jpg","type":"image\/jpeg"}],"twitter_card":"summary_large_image","twitter_misc":{"Tiempo de lectura":"1 minuto"},"schema":{"@context":"https:\/\/schema.org","@graph":[{"@type":"WebPage","@id":"https:\/\/franciscobelmonte.com\/tienda\/zapatillas-alpinestars-stella-sektor-lady-negro-rosa\/","url":"https:\/\/franciscobelmonte.com\/tienda\/zapatillas-alpinestars-stella-sektor-lady-negro-rosa\/","name":"ZAPATILLAS ALPINESTARS STELLA SEKTOR LADY NEGRO \/ ROSA - Boutique Francisco Belmonte","isPartOf":{"@id":"https:\/\/franciscobelmonte.com\/tienda\/#website"},"primaryImageOfPage":{"@id":"https:\/\/franciscobelmonte.com\/tienda\/zapatillas-alpinestars-stella-sektor-lady-negro-rosa\/#primaryimage"},"image":{"@id":"https:\/\/franciscobelmonte.com\/tienda\/zapatillas-alpinestars-stella-sektor-lady-negro-rosa\/#primaryimage"},"thumbnailUrl":"https:\/\/franciscobelmonte.com\/tienda\/wp-content\/uploads\/2023\/01\/stella-sektor-lady-negro-rosa.jpg","datePublished":"2023-01-23T16:34:48+00:00","dateModified":"2026-01-06T17:24:17+00:00","description":"Zapatillas Alpinestars Stella Sektor lady Negro - Rosa. Botas de moto Alpinestars en Murcia Francisco Belmonte, al mejor precio.","breadcrumb":{"@id":"https:\/\/franciscobelmonte.com\/tienda\/zapatillas-alpinestars-stella-sektor-lady-negro-rosa\/#breadcrumb"},"inLanguage":"es","potentialAction":[{"@type":"ReadAction","target":["https:\/\/franciscobelmonte.com\/tienda\/zapatillas-alpinestars-stella-sektor-lady-negro-rosa\/"]}]},{"@type":"ImageObject","inLanguage":"es","@id":"https:\/\/franciscobelmonte.com\/tienda\/zapatillas-alpinestars-stella-sektor-lady-negro-rosa\/#primaryimage","url":"https:\/\/franciscobelmonte.com\/tienda\/wp-content\/uploads\/2023\/01\/stella-sektor-lady-negro-rosa.jpg","contentUrl":"https:\/\/franciscobelmonte.com\/tienda\/wp-content\/uploads\/2023\/01\/stella-sektor-lady-negro-rosa.jpg","width":800,"height":800,"caption":"zapatillas stella sektor lady negro rosa en murcia francisco belmonte"},{"@type":"BreadcrumbList","@id":"https:\/\/franciscobelmonte.com\/tienda\/zapatillas-alpinestars-stella-sektor-lady-negro-rosa\/#breadcrumb","itemListElement":[{"@type":"ListItem","position":1,"name":"Portada","item":"https:\/\/franciscobelmonte.com\/tienda\/"},{"@type":"ListItem","position":2,"name":"Tienda","item":"https:\/\/franciscobelmonte.com\/tienda\/boutique-equipamiento-motero\/"},{"@type":"ListItem","position":3,"name":"ZAPATILLAS ALPINESTARS STELLA SEKTOR LADY NEGRO \/ ROSA"}]},{"@type":"WebSite","@id":"https:\/\/franciscobelmonte.com\/tienda\/#website","url":"https:\/\/franciscobelmonte.com\/tienda\/","name":"Boutique Francisco Belmonte","description":"Todo en complementos para motoristas","publisher":{"@id":"https:\/\/franciscobelmonte.com\/tienda\/#organization"},"potentialAction":[{"@type":"SearchAction","target":{"@type":"EntryPoint","urlTemplate":"https:\/\/franciscobelmonte.com\/tienda\/?s={search_term_string}"},"query-input":{"@type":"PropertyValueSpecification","valueRequired":true,"valueName":"search_term_string"}}],"inLanguage":"es"},{"@type":"Organization","@id":"https:\/\/franciscobelmonte.com\/tienda\/#organization","name":"Boutique Francisco Belmonte","url":"https:\/\/franciscobelmonte.com\/tienda\/","logo":{"@type":"ImageObject","inLanguage":"es","@id":"https:\/\/franciscobelmonte.com\/tienda\/#\/schema\/logo\/image\/","url":"https:\/\/franciscobelmonte.com\/tienda\/wp-content\/uploads\/2021\/12\/Francisco-Belmonte-logo.png","contentUrl":"https:\/\/franciscobelmonte.com\/tienda\/wp-content\/uploads\/2021\/12\/Francisco-Belmonte-logo.png","width":2153,"height":536,"caption":"Boutique Francisco Belmonte"},"image":{"@id":"https:\/\/franciscobelmonte.com\/tienda\/#\/schema\/logo\/image\/"},"sameAs":["https:\/\/www.facebook.com\/motosfranciscobelmonte","https:\/\/www.instagram.com\/fco.belmonte\/"]}]}},"jetpack_sharing_enabled":true,"brands":[{"id":186,"name":"Alpinestars","slug":"alpinestars"}],"_links":{"self":[{"href":"https:\/\/franciscobelmonte.com\/tienda\/wp-json\/wp\/v2\/product\/8544","targetHints":{"allow":["GET"]}}],"collection":[{"href":"https:\/\/franciscobelmonte.com\/tienda\/wp-json\/wp\/v2\/product"}],"about":[{"href":"https:\/\/franciscobelmonte.com\/tienda\/wp-json\/wp\/v2\/types\/product"}],"replies":[{"embeddable":true,"href":"https:\/\/franciscobelmonte.com\/tienda\/wp-json\/wp\/v2\/comments?post=8544"}],"wp:featuredmedia":[{"embeddable":true,"href":"https:\/\/franciscobelmonte.com\/tienda\/wp-json\/wp\/v2\/media\/8558"}],"wp:attachment":[{"href":"https:\/\/franciscobelmonte.com\/tienda\/wp-json\/wp\/v2\/media?parent=8544"}],"wp:term":[{"taxonomy":"pwb-brand","embeddable":true,"href":"https:\/\/franciscobelmonte.com\/tienda\/wp-json\/wp\/v2\/pwb-brand?post=8544"},{"taxonomy":"product_brand","embeddable":true,"href":"https:\/\/franciscobelmonte.com\/tienda\/wp-json\/wp\/v2\/product_brand?post=8544"},{"taxonomy":"product_cat","embeddable":true,"href":"https:\/\/franciscobelmonte.com\/tienda\/wp-json\/wp\/v2\/product_cat?post=8544"},{"taxonomy":"product_tag","embeddable":true,"href":"https:\/\/franciscobelmonte.com\/tienda\/wp-json\/wp\/v2\/product_tag?post=8544"}],"curies":[{"name":"wp","href":"https:\/\/api.w.org\/{rel}","templated":true}]}}