{"id":8633,"date":"2023-02-02T08:20:46","date_gmt":"2023-02-02T08:20:46","guid":{"rendered":"https:\/\/franciscobelmonte.com\/tienda\/?post_type=product&#038;p=8633"},"modified":"2026-01-06T20:24:25","modified_gmt":"2026-01-06T18:24:25","slug":"pantalon-jeans-by-city-camaleon-raw","status":"publish","type":"product","link":"https:\/\/franciscobelmonte.com\/tienda\/pantalon-jeans-by-city-camaleon-raw\/","title":{"rendered":"PANTALON JEANS BY CITY CAMALEON RAW"},"content":{"rendered":"<h3>Pantal\u00f3n Jeans By City Camale\u00f3n Raw<\/h3>\n<p>Tendr\u00e1s la comodidad de un pantal\u00f3n de calle, gracias a su tejido super el\u00e1stico, y la protecci\u00f3n para tu moto gracias a su interior con forro de refuerzo de aramida y sus protecciones extra\u00edbles en cadera y rodillas.<\/p>\n<p><strong>Caracter\u00edsticas\u00a0<\/strong><\/p>\n<ul>\n<li>Fabricado con tejido de algod\u00f3n el\u00e1stico.<\/li>\n<li>Forro interior de refuerzo de Aramida.<\/li>\n<li>Incluye 5 bolsillos exteriores.<\/li>\n<li>Incluye protecciones desmontables en cadera de foam.<\/li>\n<li>Incluye protecciones desmontables en rodilla (Ajustable a dos alturas) \u00abFlexishock\u00bb certificadas EN1621 &#8211; 1:2012 CE Nivel 2.<\/li>\n<li>Producto aprobado para motocicleta CE prEN17092-3: 2018 Nivel AA.<\/li>\n<\/ul>\n<p>&nbsp;<\/p>\n<p>&nbsp;<\/p>\n","protected":false},"excerpt":{"rendered":"<p>Tendr\u00e1s la comodidad de un pantal\u00f3n de calle, gracias a su tejido super el\u00e1stico, y la protecci\u00f3n para tu moto gracias a su interior con forro de refuerzo de aramida y sus protecciones extra\u00edbles en cadera y rodillas.<\/p>\n<p>&nbsp;<\/p>\n","protected":false},"featured_media":8643,"comment_status":"open","ping_status":"closed","template":"","meta":{"_themeisle_gutenberg_block_has_review":false},"pwb-brand":[313],"product_brand":[],"product_cat":[61,139],"product_tag":[888],"class_list":{"0":"post-8633","1":"product","2":"type-product","3":"status-publish","4":"has-post-thumbnail","6":"pwb-brand-by-city","7":"product_cat-pantalones","8":"product_cat-pantalones-de-moto-vaqueros","9":"product_tag-rebajas-40","11":"first","12":"instock","13":"taxable","14":"shipping-taxable","15":"purchasable","16":"product-type-variable","17":"has-default-attributes"},"yoast_head":"<!-- This site is optimized with the Yoast SEO plugin v27.4 - https:\/\/yoast.com\/product\/yoast-seo-wordpress\/ -->\n<title>PANTALON JEANS BY CITY CAMALEON RAW - Boutique Francisco Belmonte<\/title>\n<meta name=\"description\" content=\"Pantal\u00f3n Jeans By City Camale\u00f3n Raw. Pantalones Jeans de moto By City en Boutique Francisco Belmonte en Murcia. Descubre sus distintos modelos.\" \/>\n<meta name=\"robots\" content=\"index, follow, max-snippet:-1, max-image-preview:large, max-video-preview:-1\" \/>\n<link rel=\"canonical\" href=\"https:\/\/franciscobelmonte.com\/tienda\/pantalon-jeans-by-city-camaleon-raw\/\" \/>\n<meta property=\"og:locale\" content=\"es_ES\" \/>\n<meta property=\"og:type\" content=\"article\" \/>\n<meta property=\"og:title\" content=\"PANTALON JEANS BY CITY CAMALEON RAW - Boutique Francisco Belmonte\" \/>\n<meta property=\"og:description\" content=\"Pantal\u00f3n Jeans By City Camale\u00f3n Raw. Pantalones Jeans de moto By City en Boutique Francisco Belmonte en Murcia. Descubre sus distintos modelos.\" \/>\n<meta property=\"og:url\" content=\"https:\/\/franciscobelmonte.com\/tienda\/pantalon-jeans-by-city-camaleon-raw\/\" \/>\n<meta property=\"og:site_name\" content=\"Boutique Francisco Belmonte\" \/>\n<meta property=\"article:publisher\" content=\"https:\/\/www.facebook.com\/motosfranciscobelmonte\" \/>\n<meta property=\"article:modified_time\" content=\"2026-01-06T18:24:25+00:00\" \/>\n<meta property=\"og:image\" content=\"https:\/\/franciscobelmonte.com\/tienda\/wp-content\/uploads\/2023\/02\/jeans-by-city-camaleon-man-raw.jpg\" \/>\n\t<meta property=\"og:image:width\" content=\"800\" \/>\n\t<meta property=\"og:image:height\" content=\"800\" \/>\n\t<meta property=\"og:image:type\" content=\"image\/jpeg\" \/>\n<meta name=\"twitter:card\" content=\"summary_large_image\" \/>\n<meta name=\"twitter:label1\" content=\"Tiempo de lectura\" \/>\n\t<meta name=\"twitter:data1\" content=\"1 minuto\" \/>\n<script type=\"application\/ld+json\" class=\"yoast-schema-graph\">{\"@context\":\"https:\\\/\\\/schema.org\",\"@graph\":[{\"@type\":\"WebPage\",\"@id\":\"https:\\\/\\\/franciscobelmonte.com\\\/tienda\\\/pantalon-jeans-by-city-camaleon-raw\\\/\",\"url\":\"https:\\\/\\\/franciscobelmonte.com\\\/tienda\\\/pantalon-jeans-by-city-camaleon-raw\\\/\",\"name\":\"PANTALON JEANS BY CITY CAMALEON RAW - Boutique Francisco Belmonte\",\"isPartOf\":{\"@id\":\"https:\\\/\\\/franciscobelmonte.com\\\/tienda\\\/#website\"},\"primaryImageOfPage\":{\"@id\":\"https:\\\/\\\/franciscobelmonte.com\\\/tienda\\\/pantalon-jeans-by-city-camaleon-raw\\\/#primaryimage\"},\"image\":{\"@id\":\"https:\\\/\\\/franciscobelmonte.com\\\/tienda\\\/pantalon-jeans-by-city-camaleon-raw\\\/#primaryimage\"},\"thumbnailUrl\":\"https:\\\/\\\/franciscobelmonte.com\\\/tienda\\\/wp-content\\\/uploads\\\/2023\\\/02\\\/jeans-by-city-camaleon-man-raw.jpg\",\"datePublished\":\"2023-02-02T08:20:46+00:00\",\"dateModified\":\"2026-01-06T18:24:25+00:00\",\"description\":\"Pantal\u00f3n Jeans By City Camale\u00f3n Raw. Pantalones Jeans de moto By City en Boutique Francisco Belmonte en Murcia. Descubre sus distintos modelos.\",\"breadcrumb\":{\"@id\":\"https:\\\/\\\/franciscobelmonte.com\\\/tienda\\\/pantalon-jeans-by-city-camaleon-raw\\\/#breadcrumb\"},\"inLanguage\":\"es\",\"potentialAction\":[{\"@type\":\"ReadAction\",\"target\":[\"https:\\\/\\\/franciscobelmonte.com\\\/tienda\\\/pantalon-jeans-by-city-camaleon-raw\\\/\"]}]},{\"@type\":\"ImageObject\",\"inLanguage\":\"es\",\"@id\":\"https:\\\/\\\/franciscobelmonte.com\\\/tienda\\\/pantalon-jeans-by-city-camaleon-raw\\\/#primaryimage\",\"url\":\"https:\\\/\\\/franciscobelmonte.com\\\/tienda\\\/wp-content\\\/uploads\\\/2023\\\/02\\\/jeans-by-city-camaleon-man-raw.jpg\",\"contentUrl\":\"https:\\\/\\\/franciscobelmonte.com\\\/tienda\\\/wp-content\\\/uploads\\\/2023\\\/02\\\/jeans-by-city-camaleon-man-raw.jpg\",\"width\":800,\"height\":800,\"caption\":\"pantalon jeans by city camaleon raw en murcia francisco belmonte\"},{\"@type\":\"BreadcrumbList\",\"@id\":\"https:\\\/\\\/franciscobelmonte.com\\\/tienda\\\/pantalon-jeans-by-city-camaleon-raw\\\/#breadcrumb\",\"itemListElement\":[{\"@type\":\"ListItem\",\"position\":1,\"name\":\"Portada\",\"item\":\"https:\\\/\\\/franciscobelmonte.com\\\/tienda\\\/\"},{\"@type\":\"ListItem\",\"position\":2,\"name\":\"Tienda\",\"item\":\"https:\\\/\\\/franciscobelmonte.com\\\/tienda\\\/boutique-equipamiento-motero\\\/\"},{\"@type\":\"ListItem\",\"position\":3,\"name\":\"PANTALON JEANS BY CITY CAMALEON RAW\"}]},{\"@type\":\"WebSite\",\"@id\":\"https:\\\/\\\/franciscobelmonte.com\\\/tienda\\\/#website\",\"url\":\"https:\\\/\\\/franciscobelmonte.com\\\/tienda\\\/\",\"name\":\"Boutique Francisco Belmonte\",\"description\":\"Todo en complementos para motoristas\",\"publisher\":{\"@id\":\"https:\\\/\\\/franciscobelmonte.com\\\/tienda\\\/#organization\"},\"potentialAction\":[{\"@type\":\"SearchAction\",\"target\":{\"@type\":\"EntryPoint\",\"urlTemplate\":\"https:\\\/\\\/franciscobelmonte.com\\\/tienda\\\/?s={search_term_string}\"},\"query-input\":{\"@type\":\"PropertyValueSpecification\",\"valueRequired\":true,\"valueName\":\"search_term_string\"}}],\"inLanguage\":\"es\"},{\"@type\":\"Organization\",\"@id\":\"https:\\\/\\\/franciscobelmonte.com\\\/tienda\\\/#organization\",\"name\":\"Boutique Francisco Belmonte\",\"url\":\"https:\\\/\\\/franciscobelmonte.com\\\/tienda\\\/\",\"logo\":{\"@type\":\"ImageObject\",\"inLanguage\":\"es\",\"@id\":\"https:\\\/\\\/franciscobelmonte.com\\\/tienda\\\/#\\\/schema\\\/logo\\\/image\\\/\",\"url\":\"https:\\\/\\\/franciscobelmonte.com\\\/tienda\\\/wp-content\\\/uploads\\\/2021\\\/12\\\/Francisco-Belmonte-logo.png\",\"contentUrl\":\"https:\\\/\\\/franciscobelmonte.com\\\/tienda\\\/wp-content\\\/uploads\\\/2021\\\/12\\\/Francisco-Belmonte-logo.png\",\"width\":2153,\"height\":536,\"caption\":\"Boutique Francisco Belmonte\"},\"image\":{\"@id\":\"https:\\\/\\\/franciscobelmonte.com\\\/tienda\\\/#\\\/schema\\\/logo\\\/image\\\/\"},\"sameAs\":[\"https:\\\/\\\/www.facebook.com\\\/motosfranciscobelmonte\",\"https:\\\/\\\/www.instagram.com\\\/fco.belmonte\\\/\"]}]}<\/script>\n<!-- \/ Yoast SEO plugin. -->","yoast_head_json":{"title":"PANTALON JEANS BY CITY CAMALEON RAW - Boutique Francisco Belmonte","description":"Pantal\u00f3n Jeans By City Camale\u00f3n Raw. Pantalones Jeans de moto By City en Boutique Francisco Belmonte en Murcia. Descubre sus distintos modelos.","robots":{"index":"index","follow":"follow","max-snippet":"max-snippet:-1","max-image-preview":"max-image-preview:large","max-video-preview":"max-video-preview:-1"},"canonical":"https:\/\/franciscobelmonte.com\/tienda\/pantalon-jeans-by-city-camaleon-raw\/","og_locale":"es_ES","og_type":"article","og_title":"PANTALON JEANS BY CITY CAMALEON RAW - Boutique Francisco Belmonte","og_description":"Pantal\u00f3n Jeans By City Camale\u00f3n Raw. Pantalones Jeans de moto By City en Boutique Francisco Belmonte en Murcia. Descubre sus distintos modelos.","og_url":"https:\/\/franciscobelmonte.com\/tienda\/pantalon-jeans-by-city-camaleon-raw\/","og_site_name":"Boutique Francisco Belmonte","article_publisher":"https:\/\/www.facebook.com\/motosfranciscobelmonte","article_modified_time":"2026-01-06T18:24:25+00:00","og_image":[{"width":800,"height":800,"url":"https:\/\/franciscobelmonte.com\/tienda\/wp-content\/uploads\/2023\/02\/jeans-by-city-camaleon-man-raw.jpg","type":"image\/jpeg"}],"twitter_card":"summary_large_image","twitter_misc":{"Tiempo de lectura":"1 minuto"},"schema":{"@context":"https:\/\/schema.org","@graph":[{"@type":"WebPage","@id":"https:\/\/franciscobelmonte.com\/tienda\/pantalon-jeans-by-city-camaleon-raw\/","url":"https:\/\/franciscobelmonte.com\/tienda\/pantalon-jeans-by-city-camaleon-raw\/","name":"PANTALON JEANS BY CITY CAMALEON RAW - Boutique Francisco Belmonte","isPartOf":{"@id":"https:\/\/franciscobelmonte.com\/tienda\/#website"},"primaryImageOfPage":{"@id":"https:\/\/franciscobelmonte.com\/tienda\/pantalon-jeans-by-city-camaleon-raw\/#primaryimage"},"image":{"@id":"https:\/\/franciscobelmonte.com\/tienda\/pantalon-jeans-by-city-camaleon-raw\/#primaryimage"},"thumbnailUrl":"https:\/\/franciscobelmonte.com\/tienda\/wp-content\/uploads\/2023\/02\/jeans-by-city-camaleon-man-raw.jpg","datePublished":"2023-02-02T08:20:46+00:00","dateModified":"2026-01-06T18:24:25+00:00","description":"Pantal\u00f3n Jeans By City Camale\u00f3n Raw. Pantalones Jeans de moto By City en Boutique Francisco Belmonte en Murcia. Descubre sus distintos modelos.","breadcrumb":{"@id":"https:\/\/franciscobelmonte.com\/tienda\/pantalon-jeans-by-city-camaleon-raw\/#breadcrumb"},"inLanguage":"es","potentialAction":[{"@type":"ReadAction","target":["https:\/\/franciscobelmonte.com\/tienda\/pantalon-jeans-by-city-camaleon-raw\/"]}]},{"@type":"ImageObject","inLanguage":"es","@id":"https:\/\/franciscobelmonte.com\/tienda\/pantalon-jeans-by-city-camaleon-raw\/#primaryimage","url":"https:\/\/franciscobelmonte.com\/tienda\/wp-content\/uploads\/2023\/02\/jeans-by-city-camaleon-man-raw.jpg","contentUrl":"https:\/\/franciscobelmonte.com\/tienda\/wp-content\/uploads\/2023\/02\/jeans-by-city-camaleon-man-raw.jpg","width":800,"height":800,"caption":"pantalon jeans by city camaleon raw en murcia francisco belmonte"},{"@type":"BreadcrumbList","@id":"https:\/\/franciscobelmonte.com\/tienda\/pantalon-jeans-by-city-camaleon-raw\/#breadcrumb","itemListElement":[{"@type":"ListItem","position":1,"name":"Portada","item":"https:\/\/franciscobelmonte.com\/tienda\/"},{"@type":"ListItem","position":2,"name":"Tienda","item":"https:\/\/franciscobelmonte.com\/tienda\/boutique-equipamiento-motero\/"},{"@type":"ListItem","position":3,"name":"PANTALON JEANS BY CITY CAMALEON RAW"}]},{"@type":"WebSite","@id":"https:\/\/franciscobelmonte.com\/tienda\/#website","url":"https:\/\/franciscobelmonte.com\/tienda\/","name":"Boutique Francisco Belmonte","description":"Todo en complementos para motoristas","publisher":{"@id":"https:\/\/franciscobelmonte.com\/tienda\/#organization"},"potentialAction":[{"@type":"SearchAction","target":{"@type":"EntryPoint","urlTemplate":"https:\/\/franciscobelmonte.com\/tienda\/?s={search_term_string}"},"query-input":{"@type":"PropertyValueSpecification","valueRequired":true,"valueName":"search_term_string"}}],"inLanguage":"es"},{"@type":"Organization","@id":"https:\/\/franciscobelmonte.com\/tienda\/#organization","name":"Boutique Francisco Belmonte","url":"https:\/\/franciscobelmonte.com\/tienda\/","logo":{"@type":"ImageObject","inLanguage":"es","@id":"https:\/\/franciscobelmonte.com\/tienda\/#\/schema\/logo\/image\/","url":"https:\/\/franciscobelmonte.com\/tienda\/wp-content\/uploads\/2021\/12\/Francisco-Belmonte-logo.png","contentUrl":"https:\/\/franciscobelmonte.com\/tienda\/wp-content\/uploads\/2021\/12\/Francisco-Belmonte-logo.png","width":2153,"height":536,"caption":"Boutique Francisco Belmonte"},"image":{"@id":"https:\/\/franciscobelmonte.com\/tienda\/#\/schema\/logo\/image\/"},"sameAs":["https:\/\/www.facebook.com\/motosfranciscobelmonte","https:\/\/www.instagram.com\/fco.belmonte\/"]}]}},"jetpack_sharing_enabled":true,"brands":[{"id":313,"name":"By City","slug":"by-city"}],"_links":{"self":[{"href":"https:\/\/franciscobelmonte.com\/tienda\/wp-json\/wp\/v2\/product\/8633","targetHints":{"allow":["GET"]}}],"collection":[{"href":"https:\/\/franciscobelmonte.com\/tienda\/wp-json\/wp\/v2\/product"}],"about":[{"href":"https:\/\/franciscobelmonte.com\/tienda\/wp-json\/wp\/v2\/types\/product"}],"replies":[{"embeddable":true,"href":"https:\/\/franciscobelmonte.com\/tienda\/wp-json\/wp\/v2\/comments?post=8633"}],"wp:featuredmedia":[{"embeddable":true,"href":"https:\/\/franciscobelmonte.com\/tienda\/wp-json\/wp\/v2\/media\/8643"}],"wp:attachment":[{"href":"https:\/\/franciscobelmonte.com\/tienda\/wp-json\/wp\/v2\/media?parent=8633"}],"wp:term":[{"taxonomy":"pwb-brand","embeddable":true,"href":"https:\/\/franciscobelmonte.com\/tienda\/wp-json\/wp\/v2\/pwb-brand?post=8633"},{"taxonomy":"product_brand","embeddable":true,"href":"https:\/\/franciscobelmonte.com\/tienda\/wp-json\/wp\/v2\/product_brand?post=8633"},{"taxonomy":"product_cat","embeddable":true,"href":"https:\/\/franciscobelmonte.com\/tienda\/wp-json\/wp\/v2\/product_cat?post=8633"},{"taxonomy":"product_tag","embeddable":true,"href":"https:\/\/franciscobelmonte.com\/tienda\/wp-json\/wp\/v2\/product_tag?post=8633"}],"curies":[{"name":"wp","href":"https:\/\/api.w.org\/{rel}","templated":true}]}}