{"id":9219,"date":"2023-03-17T10:08:40","date_gmt":"2023-03-17T10:08:40","guid":{"rendered":"https:\/\/franciscobelmonte.com\/tienda\/?post_type=product&#038;p=9219"},"modified":"2026-01-03T10:58:53","modified_gmt":"2026-01-03T08:58:53","slug":"casco-shoei-nxr2-grafica-yonder-tc2-negro-mate-azul-blanco","status":"publish","type":"product","link":"https:\/\/franciscobelmonte.com\/tienda\/casco-shoei-nxr2-grafica-yonder-tc2-negro-mate-azul-blanco\/","title":{"rendered":"CASCO SHOEI NXR2 GRAFICA YONDER TC2 NEGRO MATE \/ AZUL \/ BLANCO"},"content":{"rendered":"<h1>Casco SHOEI NXR2 Gr\u00e1fica Yonder TC2 Negro Mate \/ Azul \/ Blanco<\/h1>\n<p>Shoei evoluciona su exitoso casco integral deportivo y dota al NRX2 de los \u00faltimos avances tecnol\u00f3gicos.<\/p>\n<p>Ofrece un alto rendimiento aerodin\u00e1mico, una buena visibilidad, ajuste c\u00f3modo, tama\u00f1o compacto y peso ligero.<\/p>\n<p>El nuevo Shoei NXR2 nace como el nuevo casco deportivo premium.<\/p>\n<p><strong>Caracter\u00edsticas T\u00e9cnicas<\/strong><\/p>\n<p><strong>Seguridad<\/strong><\/p>\n<ul style=\"list-style-type: square;\">\n<li>La calota exterior (estructura externa) est\u00e1 fabricada en AIM (Advanced Integrated Matrix): Compuesto por varias capas de fibra org\u00e1nica y fibra de vidrio que absorbe los impactos con una rigidez \u00f3ptima. Al igual que en el modelo anterior, se ha logrado una calota muy compacta.<\/li>\n<li>La calota interior (estructura interior) est\u00e1 realizada en dos partes de EPS de diferentes densidades que ofrece un alto grado de absorci\u00f3n a los impactos. Cuando se produce un impacto, este se absorbe de forma progresiva y efectiva en equilibrio con la rigidez de la calota.<\/li>\n<li>Cierre de doble anilla. F\u00e1cil de usar y siempre con un ajuste perfecto.<\/li>\n<li>Incorpora el sistema EQRS (Emergency Quick Release System), que facilita la extracci\u00f3n del casco desde fuera en caso de accidente mediante la extracci\u00f3n de los acolchados laterales.<\/li>\n<li>Pantalla CWR-F2 que ofrece un amplio campo de visi\u00f3n m\u00e1s amplio gracias a su nueva forma junto con un dise\u00f1o m\u00e1s deportivo. Las caracter\u00edsticas \u00f3pticas de la nueva CWR-F2 han sido optimizadas gracias a su curvatura y espesor reduciendo a\u00fan m\u00e1s las posibles distorsiones y proporcionando una visi\u00f3n m\u00e1s clara y natural.<\/li>\n<li>La pantalla dispone de una alta rigidez y estabilidad en los extremos superior e inferior gracias al nuevo mecanismo de bloqueo para la pantalla, el cual reduce el riesgo de apertura accidental durante la conducci\u00f3n a alta velocidad. La nueva pesta\u00f1a de bloqueo de la pantalla est\u00e1 ubicada en el centro de esta y la sensaci\u00f3n de apertura y cierre de la pantalla es m\u00e1s suave junto a un manejo m\u00e1s sencillo. El mecanismo de bloqueo de la pantalla ubicado en el centro de la entrada de aire inferior sostiene el extremo inferior del centro de la pantalla, al bajarla queda bloqueada y al presionar el bot\u00f3n de desbloqueo, \u00e9sta se libera.<\/li>\n<li>Se han incorporado unos peque\u00f1os deflectores en los laterales similares a los de la pantalla CWR-F que contribuyen en mejorar el rendimiento aerodin\u00e1mico, as\u00ed como la reducci\u00f3n del ruido del viento.<\/li>\n<li>El Pinlock Evo DKS304 de serie asegura una visi\u00f3n siempre clara bajo cualquier condici\u00f3n clim\u00e1tica. La L\u00e1mina anti vaho ha sido redise\u00f1ada y se ha aumentado su tama\u00f1o. Al reubicar de los pines de montaje de la l\u00e1mina fuera de la zona de los ojos para mejorar el campo de visi\u00f3n lateral, se logra cubrir la mayor\u00eda de todo el campo de visi\u00f3n con la l\u00e1mina Pinlock EVO.<\/li>\n<\/ul>\n<p><strong>Confort<\/strong><\/p>\n<ul style=\"list-style-type: square;\">\n<li>4 Tama\u00f1os de calota exterior para un mejor ajuste a cada talla.<\/li>\n<li>Los acolchados interiores del nuevo NRX2 destacan por ser muy confortables. Son totalmente desmontables, lavables y reemplazables, fabricados en tejidos muy suaves con gran absorci\u00f3n de la humedad y secado r\u00e1pido.<\/li>\n<li>Los acolchados interiores para las mejillas han sido redise\u00f1ados pero manteniendo la l\u00ednea de corte lateral caracter\u00edstica del NRX. Estos nuevos acolchados laterales han sido dise\u00f1ados para disminuir la sensaci\u00f3n de presi\u00f3n al ponerse y quitarse el caso aportando una mayor movilidad alrededor del cuello para poder mirar hacia atr\u00e1s en caso que sea necesario.<\/li>\n<li>Se han utilizado tejidos suaves para las zonas de m\u00e1s contacto con la piel al ponerse y quitarse el casco, junto con tejidos con una alta absorci\u00f3n de la humedad y secado r\u00e1pido en las zonas de contacto con m\u00e1s tendencia a sudar.<\/li>\n<li>Acolchados en las zonas de los o\u00eddos para reducir el ruido. Pueden desmontarse para llevar a cabo la instalaci\u00f3n de un intercomunicador de moto.<\/li>\n<\/ul>\n<p><strong>Ventilaci\u00f3n<\/strong><\/p>\n<ul style=\"list-style-type: square;\">\n<li>Sistema de ventilaci\u00f3n redise\u00f1ado formando una entrada de aire inferior, una entrada de aire frontal con dos orificios y dos entradas adicionales en ambos lados para proporcionar estabilidad y un caudal de aire adecuado, especialmente en la posici\u00f3n de conducci\u00f3n deportiva. La salida de aire posterior bajo el spoiler integrada est\u00e1 formada por cuatro orificios y se ha ampliado para una mayor expulsi\u00f3n de aire caliente desde el interior del casco.<\/li>\n<\/ul>\n<p><strong>Aerodin\u00e1mica \/ Insonoridad<\/strong><\/p>\n<ul style=\"list-style-type: square;\">\n<li>Su aerodin\u00e1mica ha sido mejorada y estudiada en el t\u00fanel del viento para hacerlo m\u00e1s silencioso. La forma aerodin\u00e1mica del casco y el sistema de protecci\u00f3n herm\u00e9tico del \u00e1rea de visi\u00f3n minimizan la aparici\u00f3n de ruidos ocasionados por el viento.<\/li>\n<li>Se han reducido las cargas de presi\u00f3n causadas por el viento en un 6% hacia arriba y un 4% hacia atr\u00e1s en comparaci\u00f3n con su predecesor seg\u00fan las pruebas realizadas en nuestro t\u00fanel del viento.<\/li>\n<\/ul>\n<p><strong>Otras caracter\u00edsticas<\/strong><\/p>\n<ul style=\"list-style-type: square;\">\n<li>Incorpora de serie un cubrenariz y un cubrebarbilla.<\/li>\n<\/ul>\n","protected":false},"excerpt":{"rendered":"<p>Shoei evoluciona su exitoso casco integral deportivo y dota al NRX2 de los \u00faltimos avances tecnol\u00f3gicos.<\/p>\n","protected":false},"featured_media":9224,"comment_status":"open","ping_status":"closed","template":"","meta":{"_themeisle_gutenberg_block_has_review":false},"pwb-brand":[183],"product_brand":[],"product_cat":[15,145],"product_tag":[884,837,818,783],"class_list":{"0":"post-9219","1":"product","2":"type-product","3":"status-publish","4":"has-post-thumbnail","6":"pwb-brand-shoei","7":"product_cat-casco-de-moto","8":"product_cat-cascos-de-moto-integrales","9":"product_tag-dto-navideno-20","10":"product_tag-promo-shoei-15","11":"product_tag-rebajas-20","12":"product_tag-shoei-sin-rebajas-10","14":"first","15":"instock","16":"taxable","17":"shipping-taxable","18":"purchasable","19":"product-type-variable","20":"has-default-attributes"},"yoast_head":"<!-- This site is optimized with the Yoast SEO plugin v27.4 - https:\/\/yoast.com\/product\/yoast-seo-wordpress\/ -->\n<title>CASCO SHOEI NXR2 GRAFICA YONDER TC2 NEGRO MATE \/ AZUL \/ BLANCO - Boutique Francisco Belmonte<\/title>\n<meta name=\"description\" content=\"Casco Shoei NXR2 Gr\u00e1fica Yonder TC2 Negro Mate - Azul - Blanco. Cascos de moto Shoei en Murcia Francisco Belmonte al mejor precio en sus diferentes tallas.\" \/>\n<meta name=\"robots\" content=\"index, follow, max-snippet:-1, max-image-preview:large, max-video-preview:-1\" \/>\n<link rel=\"canonical\" href=\"https:\/\/franciscobelmonte.com\/tienda\/casco-shoei-nxr2-grafica-yonder-tc2-negro-mate-azul-blanco\/\" \/>\n<meta property=\"og:locale\" content=\"es_ES\" \/>\n<meta property=\"og:type\" content=\"article\" \/>\n<meta property=\"og:title\" content=\"CASCO SHOEI NXR2 GRAFICA YONDER TC2 NEGRO MATE \/ AZUL \/ BLANCO - Boutique Francisco Belmonte\" \/>\n<meta property=\"og:description\" content=\"Casco Shoei NXR2 Gr\u00e1fica Yonder TC2 Negro Mate - Azul - Blanco. Cascos de moto Shoei en Murcia Francisco Belmonte al mejor precio en sus diferentes tallas.\" \/>\n<meta property=\"og:url\" content=\"https:\/\/franciscobelmonte.com\/tienda\/casco-shoei-nxr2-grafica-yonder-tc2-negro-mate-azul-blanco\/\" \/>\n<meta property=\"og:site_name\" content=\"Boutique Francisco Belmonte\" \/>\n<meta property=\"article:publisher\" content=\"https:\/\/www.facebook.com\/motosfranciscobelmonte\" \/>\n<meta property=\"article:modified_time\" content=\"2026-01-03T08:58:53+00:00\" \/>\n<meta property=\"og:image\" content=\"https:\/\/franciscobelmonte.com\/tienda\/wp-content\/uploads\/2023\/03\/casco-shoei-nxr-2-yonder-tc2-negro-mate-azul-blanco.jpg\" \/>\n\t<meta property=\"og:image:width\" content=\"800\" \/>\n\t<meta property=\"og:image:height\" content=\"800\" \/>\n\t<meta property=\"og:image:type\" content=\"image\/jpeg\" \/>\n<meta name=\"twitter:card\" content=\"summary_large_image\" \/>\n<meta name=\"twitter:label1\" content=\"Tiempo de lectura\" \/>\n\t<meta name=\"twitter:data1\" content=\"2 minutos\" \/>\n<script type=\"application\/ld+json\" class=\"yoast-schema-graph\">{\"@context\":\"https:\\\/\\\/schema.org\",\"@graph\":[{\"@type\":\"WebPage\",\"@id\":\"https:\\\/\\\/franciscobelmonte.com\\\/tienda\\\/casco-shoei-nxr2-grafica-yonder-tc2-negro-mate-azul-blanco\\\/\",\"url\":\"https:\\\/\\\/franciscobelmonte.com\\\/tienda\\\/casco-shoei-nxr2-grafica-yonder-tc2-negro-mate-azul-blanco\\\/\",\"name\":\"CASCO SHOEI NXR2 GRAFICA YONDER TC2 NEGRO MATE \\\/ AZUL \\\/ BLANCO - Boutique Francisco Belmonte\",\"isPartOf\":{\"@id\":\"https:\\\/\\\/franciscobelmonte.com\\\/tienda\\\/#website\"},\"primaryImageOfPage\":{\"@id\":\"https:\\\/\\\/franciscobelmonte.com\\\/tienda\\\/casco-shoei-nxr2-grafica-yonder-tc2-negro-mate-azul-blanco\\\/#primaryimage\"},\"image\":{\"@id\":\"https:\\\/\\\/franciscobelmonte.com\\\/tienda\\\/casco-shoei-nxr2-grafica-yonder-tc2-negro-mate-azul-blanco\\\/#primaryimage\"},\"thumbnailUrl\":\"https:\\\/\\\/franciscobelmonte.com\\\/tienda\\\/wp-content\\\/uploads\\\/2023\\\/03\\\/casco-shoei-nxr-2-yonder-tc2-negro-mate-azul-blanco.jpg\",\"datePublished\":\"2023-03-17T10:08:40+00:00\",\"dateModified\":\"2026-01-03T08:58:53+00:00\",\"description\":\"Casco Shoei NXR2 Gr\u00e1fica Yonder TC2 Negro Mate - Azul - Blanco. Cascos de moto Shoei en Murcia Francisco Belmonte al mejor precio en sus diferentes tallas.\",\"breadcrumb\":{\"@id\":\"https:\\\/\\\/franciscobelmonte.com\\\/tienda\\\/casco-shoei-nxr2-grafica-yonder-tc2-negro-mate-azul-blanco\\\/#breadcrumb\"},\"inLanguage\":\"es\",\"potentialAction\":[{\"@type\":\"ReadAction\",\"target\":[\"https:\\\/\\\/franciscobelmonte.com\\\/tienda\\\/casco-shoei-nxr2-grafica-yonder-tc2-negro-mate-azul-blanco\\\/\"]}]},{\"@type\":\"ImageObject\",\"inLanguage\":\"es\",\"@id\":\"https:\\\/\\\/franciscobelmonte.com\\\/tienda\\\/casco-shoei-nxr2-grafica-yonder-tc2-negro-mate-azul-blanco\\\/#primaryimage\",\"url\":\"https:\\\/\\\/franciscobelmonte.com\\\/tienda\\\/wp-content\\\/uploads\\\/2023\\\/03\\\/casco-shoei-nxr-2-yonder-tc2-negro-mate-azul-blanco.jpg\",\"contentUrl\":\"https:\\\/\\\/franciscobelmonte.com\\\/tienda\\\/wp-content\\\/uploads\\\/2023\\\/03\\\/casco-shoei-nxr-2-yonder-tc2-negro-mate-azul-blanco.jpg\",\"width\":800,\"height\":800,\"caption\":\"casco shoei nxr2 yonder tc2 negro mate azul blanco en murcia francisco belmonte\"},{\"@type\":\"BreadcrumbList\",\"@id\":\"https:\\\/\\\/franciscobelmonte.com\\\/tienda\\\/casco-shoei-nxr2-grafica-yonder-tc2-negro-mate-azul-blanco\\\/#breadcrumb\",\"itemListElement\":[{\"@type\":\"ListItem\",\"position\":1,\"name\":\"Portada\",\"item\":\"https:\\\/\\\/franciscobelmonte.com\\\/tienda\\\/\"},{\"@type\":\"ListItem\",\"position\":2,\"name\":\"Tienda\",\"item\":\"https:\\\/\\\/franciscobelmonte.com\\\/tienda\\\/boutique-equipamiento-motero\\\/\"},{\"@type\":\"ListItem\",\"position\":3,\"name\":\"CASCO SHOEI NXR2 GRAFICA YONDER TC2 NEGRO MATE \\\/ AZUL \\\/ BLANCO\"}]},{\"@type\":\"WebSite\",\"@id\":\"https:\\\/\\\/franciscobelmonte.com\\\/tienda\\\/#website\",\"url\":\"https:\\\/\\\/franciscobelmonte.com\\\/tienda\\\/\",\"name\":\"Boutique Francisco Belmonte\",\"description\":\"Todo en complementos para motoristas\",\"publisher\":{\"@id\":\"https:\\\/\\\/franciscobelmonte.com\\\/tienda\\\/#organization\"},\"potentialAction\":[{\"@type\":\"SearchAction\",\"target\":{\"@type\":\"EntryPoint\",\"urlTemplate\":\"https:\\\/\\\/franciscobelmonte.com\\\/tienda\\\/?s={search_term_string}\"},\"query-input\":{\"@type\":\"PropertyValueSpecification\",\"valueRequired\":true,\"valueName\":\"search_term_string\"}}],\"inLanguage\":\"es\"},{\"@type\":\"Organization\",\"@id\":\"https:\\\/\\\/franciscobelmonte.com\\\/tienda\\\/#organization\",\"name\":\"Boutique Francisco Belmonte\",\"url\":\"https:\\\/\\\/franciscobelmonte.com\\\/tienda\\\/\",\"logo\":{\"@type\":\"ImageObject\",\"inLanguage\":\"es\",\"@id\":\"https:\\\/\\\/franciscobelmonte.com\\\/tienda\\\/#\\\/schema\\\/logo\\\/image\\\/\",\"url\":\"https:\\\/\\\/franciscobelmonte.com\\\/tienda\\\/wp-content\\\/uploads\\\/2021\\\/12\\\/Francisco-Belmonte-logo.png\",\"contentUrl\":\"https:\\\/\\\/franciscobelmonte.com\\\/tienda\\\/wp-content\\\/uploads\\\/2021\\\/12\\\/Francisco-Belmonte-logo.png\",\"width\":2153,\"height\":536,\"caption\":\"Boutique Francisco Belmonte\"},\"image\":{\"@id\":\"https:\\\/\\\/franciscobelmonte.com\\\/tienda\\\/#\\\/schema\\\/logo\\\/image\\\/\"},\"sameAs\":[\"https:\\\/\\\/www.facebook.com\\\/motosfranciscobelmonte\",\"https:\\\/\\\/www.instagram.com\\\/fco.belmonte\\\/\"]}]}<\/script>\n<!-- \/ Yoast SEO plugin. -->","yoast_head_json":{"title":"CASCO SHOEI NXR2 GRAFICA YONDER TC2 NEGRO MATE \/ AZUL \/ BLANCO - Boutique Francisco Belmonte","description":"Casco Shoei NXR2 Gr\u00e1fica Yonder TC2 Negro Mate - Azul - Blanco. Cascos de moto Shoei en Murcia Francisco Belmonte al mejor precio en sus diferentes tallas.","robots":{"index":"index","follow":"follow","max-snippet":"max-snippet:-1","max-image-preview":"max-image-preview:large","max-video-preview":"max-video-preview:-1"},"canonical":"https:\/\/franciscobelmonte.com\/tienda\/casco-shoei-nxr2-grafica-yonder-tc2-negro-mate-azul-blanco\/","og_locale":"es_ES","og_type":"article","og_title":"CASCO SHOEI NXR2 GRAFICA YONDER TC2 NEGRO MATE \/ AZUL \/ BLANCO - Boutique Francisco Belmonte","og_description":"Casco Shoei NXR2 Gr\u00e1fica Yonder TC2 Negro Mate - Azul - Blanco. Cascos de moto Shoei en Murcia Francisco Belmonte al mejor precio en sus diferentes tallas.","og_url":"https:\/\/franciscobelmonte.com\/tienda\/casco-shoei-nxr2-grafica-yonder-tc2-negro-mate-azul-blanco\/","og_site_name":"Boutique Francisco Belmonte","article_publisher":"https:\/\/www.facebook.com\/motosfranciscobelmonte","article_modified_time":"2026-01-03T08:58:53+00:00","og_image":[{"width":800,"height":800,"url":"https:\/\/franciscobelmonte.com\/tienda\/wp-content\/uploads\/2023\/03\/casco-shoei-nxr-2-yonder-tc2-negro-mate-azul-blanco.jpg","type":"image\/jpeg"}],"twitter_card":"summary_large_image","twitter_misc":{"Tiempo de lectura":"2 minutos"},"schema":{"@context":"https:\/\/schema.org","@graph":[{"@type":"WebPage","@id":"https:\/\/franciscobelmonte.com\/tienda\/casco-shoei-nxr2-grafica-yonder-tc2-negro-mate-azul-blanco\/","url":"https:\/\/franciscobelmonte.com\/tienda\/casco-shoei-nxr2-grafica-yonder-tc2-negro-mate-azul-blanco\/","name":"CASCO SHOEI NXR2 GRAFICA YONDER TC2 NEGRO MATE \/ AZUL \/ BLANCO - Boutique Francisco Belmonte","isPartOf":{"@id":"https:\/\/franciscobelmonte.com\/tienda\/#website"},"primaryImageOfPage":{"@id":"https:\/\/franciscobelmonte.com\/tienda\/casco-shoei-nxr2-grafica-yonder-tc2-negro-mate-azul-blanco\/#primaryimage"},"image":{"@id":"https:\/\/franciscobelmonte.com\/tienda\/casco-shoei-nxr2-grafica-yonder-tc2-negro-mate-azul-blanco\/#primaryimage"},"thumbnailUrl":"https:\/\/franciscobelmonte.com\/tienda\/wp-content\/uploads\/2023\/03\/casco-shoei-nxr-2-yonder-tc2-negro-mate-azul-blanco.jpg","datePublished":"2023-03-17T10:08:40+00:00","dateModified":"2026-01-03T08:58:53+00:00","description":"Casco Shoei NXR2 Gr\u00e1fica Yonder TC2 Negro Mate - Azul - Blanco. Cascos de moto Shoei en Murcia Francisco Belmonte al mejor precio en sus diferentes tallas.","breadcrumb":{"@id":"https:\/\/franciscobelmonte.com\/tienda\/casco-shoei-nxr2-grafica-yonder-tc2-negro-mate-azul-blanco\/#breadcrumb"},"inLanguage":"es","potentialAction":[{"@type":"ReadAction","target":["https:\/\/franciscobelmonte.com\/tienda\/casco-shoei-nxr2-grafica-yonder-tc2-negro-mate-azul-blanco\/"]}]},{"@type":"ImageObject","inLanguage":"es","@id":"https:\/\/franciscobelmonte.com\/tienda\/casco-shoei-nxr2-grafica-yonder-tc2-negro-mate-azul-blanco\/#primaryimage","url":"https:\/\/franciscobelmonte.com\/tienda\/wp-content\/uploads\/2023\/03\/casco-shoei-nxr-2-yonder-tc2-negro-mate-azul-blanco.jpg","contentUrl":"https:\/\/franciscobelmonte.com\/tienda\/wp-content\/uploads\/2023\/03\/casco-shoei-nxr-2-yonder-tc2-negro-mate-azul-blanco.jpg","width":800,"height":800,"caption":"casco shoei nxr2 yonder tc2 negro mate azul blanco en murcia francisco belmonte"},{"@type":"BreadcrumbList","@id":"https:\/\/franciscobelmonte.com\/tienda\/casco-shoei-nxr2-grafica-yonder-tc2-negro-mate-azul-blanco\/#breadcrumb","itemListElement":[{"@type":"ListItem","position":1,"name":"Portada","item":"https:\/\/franciscobelmonte.com\/tienda\/"},{"@type":"ListItem","position":2,"name":"Tienda","item":"https:\/\/franciscobelmonte.com\/tienda\/boutique-equipamiento-motero\/"},{"@type":"ListItem","position":3,"name":"CASCO SHOEI NXR2 GRAFICA YONDER TC2 NEGRO MATE \/ AZUL \/ BLANCO"}]},{"@type":"WebSite","@id":"https:\/\/franciscobelmonte.com\/tienda\/#website","url":"https:\/\/franciscobelmonte.com\/tienda\/","name":"Boutique Francisco Belmonte","description":"Todo en complementos para motoristas","publisher":{"@id":"https:\/\/franciscobelmonte.com\/tienda\/#organization"},"potentialAction":[{"@type":"SearchAction","target":{"@type":"EntryPoint","urlTemplate":"https:\/\/franciscobelmonte.com\/tienda\/?s={search_term_string}"},"query-input":{"@type":"PropertyValueSpecification","valueRequired":true,"valueName":"search_term_string"}}],"inLanguage":"es"},{"@type":"Organization","@id":"https:\/\/franciscobelmonte.com\/tienda\/#organization","name":"Boutique Francisco Belmonte","url":"https:\/\/franciscobelmonte.com\/tienda\/","logo":{"@type":"ImageObject","inLanguage":"es","@id":"https:\/\/franciscobelmonte.com\/tienda\/#\/schema\/logo\/image\/","url":"https:\/\/franciscobelmonte.com\/tienda\/wp-content\/uploads\/2021\/12\/Francisco-Belmonte-logo.png","contentUrl":"https:\/\/franciscobelmonte.com\/tienda\/wp-content\/uploads\/2021\/12\/Francisco-Belmonte-logo.png","width":2153,"height":536,"caption":"Boutique Francisco Belmonte"},"image":{"@id":"https:\/\/franciscobelmonte.com\/tienda\/#\/schema\/logo\/image\/"},"sameAs":["https:\/\/www.facebook.com\/motosfranciscobelmonte","https:\/\/www.instagram.com\/fco.belmonte\/"]}]}},"jetpack_sharing_enabled":true,"brands":[{"id":183,"name":"Shoei","slug":"shoei"}],"_links":{"self":[{"href":"https:\/\/franciscobelmonte.com\/tienda\/wp-json\/wp\/v2\/product\/9219","targetHints":{"allow":["GET"]}}],"collection":[{"href":"https:\/\/franciscobelmonte.com\/tienda\/wp-json\/wp\/v2\/product"}],"about":[{"href":"https:\/\/franciscobelmonte.com\/tienda\/wp-json\/wp\/v2\/types\/product"}],"replies":[{"embeddable":true,"href":"https:\/\/franciscobelmonte.com\/tienda\/wp-json\/wp\/v2\/comments?post=9219"}],"wp:featuredmedia":[{"embeddable":true,"href":"https:\/\/franciscobelmonte.com\/tienda\/wp-json\/wp\/v2\/media\/9224"}],"wp:attachment":[{"href":"https:\/\/franciscobelmonte.com\/tienda\/wp-json\/wp\/v2\/media?parent=9219"}],"wp:term":[{"taxonomy":"pwb-brand","embeddable":true,"href":"https:\/\/franciscobelmonte.com\/tienda\/wp-json\/wp\/v2\/pwb-brand?post=9219"},{"taxonomy":"product_brand","embeddable":true,"href":"https:\/\/franciscobelmonte.com\/tienda\/wp-json\/wp\/v2\/product_brand?post=9219"},{"taxonomy":"product_cat","embeddable":true,"href":"https:\/\/franciscobelmonte.com\/tienda\/wp-json\/wp\/v2\/product_cat?post=9219"},{"taxonomy":"product_tag","embeddable":true,"href":"https:\/\/franciscobelmonte.com\/tienda\/wp-json\/wp\/v2\/product_tag?post=9219"}],"curies":[{"name":"wp","href":"https:\/\/api.w.org\/{rel}","templated":true}]}}