{"id":9681,"date":"2023-06-12T10:22:06","date_gmt":"2023-06-12T10:22:06","guid":{"rendered":"https:\/\/franciscobelmonte.com\/tienda\/?post_type=product&#038;p=9681"},"modified":"2024-07-19T17:56:26","modified_gmt":"2024-07-19T15:56:26","slug":"casco-shoei-nrx-2-marquez-american-spirit-tc10","status":"publish","type":"product","link":"https:\/\/franciscobelmonte.com\/tienda\/casco-shoei-nrx-2-marquez-american-spirit-tc10\/","title":{"rendered":"CASCO SHOEI NXR 2 MARQUEZ AMERICAN SPIRIT TC10"},"content":{"rendered":"<h1>Casco Shoei NXR 2 Marquez American Spirit TC-10<\/h1>\n<p>Ofrece un alto rendimiento aerodin\u00e1mico, una buena visibilidad, una ventilaci\u00f3n eficaz, un ajusto c\u00f3modo, un tama\u00f1o compacto y peso ligero. Es el casco de Shoei m\u00e1s ligero con el nuevo certificado est\u00e1ndar ECE22\/06 y destaca por ser extremadamente confortable.<\/p>\n<p><strong>Caracter\u00edsticas t\u00e9cnicas<\/strong><\/p>\n<ul>\n<li>La calota exterior (estructura externa) est\u00e1 fabrica en AIM (Advanced Integrated Matrix): Compuesto por varias capas de fibra org\u00e1nica y fibra de vidrio que absorbe los impactos con una rigidez \u00f3ptima.<\/li>\n<li>La calota interior (estructura interior) est\u00e1 realizada en dos partes de EPS de diferentes densidades que ofrece un alto grado de absorci\u00f3n a los impactos. Cuando se produce un impacto, este se absorbe de forma progresiva y efectiva en equilibrio con la rigidez de la calota.<\/li>\n<li>Cierre de doble anilla. F\u00e1cil de usar y siempre con un ajuste perfecto.<\/li>\n<li>Incorpora el sistema EQRS (Emergency Quick Release System), que facilita la extracci\u00f3n del casco desde fuera en caso de accidente mediante la extracci\u00f3n de los acolchados laterales.<\/li>\n<li>Pantalla CWR-F2 que ofrece un amplio campo de visi\u00f3n m\u00e1s amplio gracias a su vuea forma junto con un dise\u00f1o m\u00e1s deportivo. Las caracter\u00edsticas \u00f3pticas de la nueva CWR-F2 han sido optimizadas gracias a su curvatura y espesor reduciendo a\u00fan m\u00e1s las posibles distorsiones y proporcionando una visi\u00f3n m\u00e1s clara y natural.<\/li>\n<li>La pantalla dispone de una alta rigidez y estabilidad en los extremos superior e inferior gracias al nuevo mecanismo de bloqueo para la pantalla, el cual reduce el riesgo de apertura accidental durante la conducci\u00f3n a alta velocidad. La nueva pesta\u00f1a de bloqueo de la pantalla est\u00e1 ubicada en el centro de esta y la sensaci\u00f3n de apertura y cierre de la pantalla es m\u00e1s suave junto a un manejo m\u00e1s sencillo. El mecanismo de bloqueo de la pantalla ubicado en el centro de la pantalla, al bajarla queda bloqueada y al presionar el bot\u00f3n de desbloqueo, esta se libera.<\/li>\n<\/ul>\n<p>&nbsp;<\/p>\n<p>&nbsp;<\/p>\n","protected":false},"excerpt":{"rendered":"<p>Ofrece un alto rendimiento aerodin\u00e1mico, una buena visibilidad, una ventilaci\u00f3n eficaz, un ajusto c\u00f3modo, un tama\u00f1o compacto y peso ligero.<\/p>\n","protected":false},"featured_media":9687,"comment_status":"open","ping_status":"closed","template":"","meta":{"_themeisle_gutenberg_block_has_review":false},"pwb-brand":[183],"product_brand":[],"product_cat":[15,145],"product_tag":[753],"class_list":{"0":"post-9681","1":"product","2":"type-product","3":"status-publish","4":"has-post-thumbnail","6":"pwb-brand-shoei","7":"product_cat-casco-de-moto","8":"product_cat-cascos-de-moto-integrales","9":"product_tag-1as-rebajas-julio-15","11":"first","12":"outofstock","13":"taxable","14":"shipping-taxable","15":"product-type-variable"},"yoast_head":"<!-- This site is optimized with the Yoast SEO plugin v27.3 - https:\/\/yoast.com\/product\/yoast-seo-wordpress\/ -->\n<title>CASCO SHOEI NXR 2 MARQUEZ AMERICAN SPIRIT TC10 - Boutique Francisco Belmonte<\/title>\n<meta name=\"description\" content=\"Casco Shoei NRX 2 Marquez American Spirit TC10. Cascos de moto Shoei en nuestra Boutique Francisco Belmonte en Murcia, al mejor precio.\" \/>\n<meta name=\"robots\" content=\"index, follow, max-snippet:-1, max-image-preview:large, max-video-preview:-1\" \/>\n<link rel=\"canonical\" href=\"https:\/\/franciscobelmonte.com\/tienda\/casco-shoei-nrx-2-marquez-american-spirit-tc10\/\" \/>\n<meta property=\"og:locale\" content=\"es_ES\" \/>\n<meta property=\"og:type\" content=\"article\" \/>\n<meta property=\"og:title\" content=\"CASCO SHOEI NXR 2 MARQUEZ AMERICAN SPIRIT TC10 - Boutique Francisco Belmonte\" \/>\n<meta property=\"og:description\" content=\"Casco Shoei NRX 2 Marquez American Spirit TC10. Cascos de moto Shoei en nuestra Boutique Francisco Belmonte en Murcia, al mejor precio.\" \/>\n<meta property=\"og:url\" content=\"https:\/\/franciscobelmonte.com\/tienda\/casco-shoei-nrx-2-marquez-american-spirit-tc10\/\" \/>\n<meta property=\"og:site_name\" content=\"Boutique Francisco Belmonte\" \/>\n<meta property=\"article:publisher\" content=\"https:\/\/www.facebook.com\/motosfranciscobelmonte\" \/>\n<meta property=\"article:modified_time\" content=\"2024-07-19T15:56:26+00:00\" \/>\n<meta property=\"og:image\" content=\"https:\/\/franciscobelmonte.com\/tienda\/wp-content\/uploads\/2023\/06\/casco-shoei-nxr2-marquez-american-spirit-tc10.jpg\" \/>\n\t<meta property=\"og:image:width\" content=\"800\" \/>\n\t<meta property=\"og:image:height\" content=\"800\" \/>\n\t<meta property=\"og:image:type\" content=\"image\/jpeg\" \/>\n<meta name=\"twitter:card\" content=\"summary_large_image\" \/>\n<meta name=\"twitter:label1\" content=\"Tiempo de lectura\" \/>\n\t<meta name=\"twitter:data1\" content=\"2 minutos\" \/>\n<script type=\"application\/ld+json\" class=\"yoast-schema-graph\">{\"@context\":\"https:\\\/\\\/schema.org\",\"@graph\":[{\"@type\":\"WebPage\",\"@id\":\"https:\\\/\\\/franciscobelmonte.com\\\/tienda\\\/casco-shoei-nrx-2-marquez-american-spirit-tc10\\\/\",\"url\":\"https:\\\/\\\/franciscobelmonte.com\\\/tienda\\\/casco-shoei-nrx-2-marquez-american-spirit-tc10\\\/\",\"name\":\"CASCO SHOEI NXR 2 MARQUEZ AMERICAN SPIRIT TC10 - Boutique Francisco Belmonte\",\"isPartOf\":{\"@id\":\"https:\\\/\\\/franciscobelmonte.com\\\/tienda\\\/#website\"},\"primaryImageOfPage\":{\"@id\":\"https:\\\/\\\/franciscobelmonte.com\\\/tienda\\\/casco-shoei-nrx-2-marquez-american-spirit-tc10\\\/#primaryimage\"},\"image\":{\"@id\":\"https:\\\/\\\/franciscobelmonte.com\\\/tienda\\\/casco-shoei-nrx-2-marquez-american-spirit-tc10\\\/#primaryimage\"},\"thumbnailUrl\":\"https:\\\/\\\/franciscobelmonte.com\\\/tienda\\\/wp-content\\\/uploads\\\/2023\\\/06\\\/casco-shoei-nxr2-marquez-american-spirit-tc10.jpg\",\"datePublished\":\"2023-06-12T10:22:06+00:00\",\"dateModified\":\"2024-07-19T15:56:26+00:00\",\"description\":\"Casco Shoei NRX 2 Marquez American Spirit TC10. Cascos de moto Shoei en nuestra Boutique Francisco Belmonte en Murcia, al mejor precio.\",\"breadcrumb\":{\"@id\":\"https:\\\/\\\/franciscobelmonte.com\\\/tienda\\\/casco-shoei-nrx-2-marquez-american-spirit-tc10\\\/#breadcrumb\"},\"inLanguage\":\"es\",\"potentialAction\":[{\"@type\":\"ReadAction\",\"target\":[\"https:\\\/\\\/franciscobelmonte.com\\\/tienda\\\/casco-shoei-nrx-2-marquez-american-spirit-tc10\\\/\"]}]},{\"@type\":\"ImageObject\",\"inLanguage\":\"es\",\"@id\":\"https:\\\/\\\/franciscobelmonte.com\\\/tienda\\\/casco-shoei-nrx-2-marquez-american-spirit-tc10\\\/#primaryimage\",\"url\":\"https:\\\/\\\/franciscobelmonte.com\\\/tienda\\\/wp-content\\\/uploads\\\/2023\\\/06\\\/casco-shoei-nxr2-marquez-american-spirit-tc10.jpg\",\"contentUrl\":\"https:\\\/\\\/franciscobelmonte.com\\\/tienda\\\/wp-content\\\/uploads\\\/2023\\\/06\\\/casco-shoei-nxr2-marquez-american-spirit-tc10.jpg\",\"width\":800,\"height\":800,\"caption\":\"casco shoei nxr2 marquez american spirit tc10 en murcia francisco belmonte\"},{\"@type\":\"BreadcrumbList\",\"@id\":\"https:\\\/\\\/franciscobelmonte.com\\\/tienda\\\/casco-shoei-nrx-2-marquez-american-spirit-tc10\\\/#breadcrumb\",\"itemListElement\":[{\"@type\":\"ListItem\",\"position\":1,\"name\":\"Portada\",\"item\":\"https:\\\/\\\/franciscobelmonte.com\\\/tienda\\\/\"},{\"@type\":\"ListItem\",\"position\":2,\"name\":\"Tienda\",\"item\":\"https:\\\/\\\/franciscobelmonte.com\\\/tienda\\\/boutique-equipamiento-motero\\\/\"},{\"@type\":\"ListItem\",\"position\":3,\"name\":\"CASCO SHOEI NXR 2 MARQUEZ AMERICAN SPIRIT TC10\"}]},{\"@type\":\"WebSite\",\"@id\":\"https:\\\/\\\/franciscobelmonte.com\\\/tienda\\\/#website\",\"url\":\"https:\\\/\\\/franciscobelmonte.com\\\/tienda\\\/\",\"name\":\"Boutique Francisco Belmonte\",\"description\":\"Todo en complementos para motoristas\",\"publisher\":{\"@id\":\"https:\\\/\\\/franciscobelmonte.com\\\/tienda\\\/#organization\"},\"potentialAction\":[{\"@type\":\"SearchAction\",\"target\":{\"@type\":\"EntryPoint\",\"urlTemplate\":\"https:\\\/\\\/franciscobelmonte.com\\\/tienda\\\/?s={search_term_string}\"},\"query-input\":{\"@type\":\"PropertyValueSpecification\",\"valueRequired\":true,\"valueName\":\"search_term_string\"}}],\"inLanguage\":\"es\"},{\"@type\":\"Organization\",\"@id\":\"https:\\\/\\\/franciscobelmonte.com\\\/tienda\\\/#organization\",\"name\":\"Boutique Francisco Belmonte\",\"url\":\"https:\\\/\\\/franciscobelmonte.com\\\/tienda\\\/\",\"logo\":{\"@type\":\"ImageObject\",\"inLanguage\":\"es\",\"@id\":\"https:\\\/\\\/franciscobelmonte.com\\\/tienda\\\/#\\\/schema\\\/logo\\\/image\\\/\",\"url\":\"https:\\\/\\\/franciscobelmonte.com\\\/tienda\\\/wp-content\\\/uploads\\\/2021\\\/12\\\/Francisco-Belmonte-logo.png\",\"contentUrl\":\"https:\\\/\\\/franciscobelmonte.com\\\/tienda\\\/wp-content\\\/uploads\\\/2021\\\/12\\\/Francisco-Belmonte-logo.png\",\"width\":2153,\"height\":536,\"caption\":\"Boutique Francisco Belmonte\"},\"image\":{\"@id\":\"https:\\\/\\\/franciscobelmonte.com\\\/tienda\\\/#\\\/schema\\\/logo\\\/image\\\/\"},\"sameAs\":[\"https:\\\/\\\/www.facebook.com\\\/motosfranciscobelmonte\",\"https:\\\/\\\/www.instagram.com\\\/fco.belmonte\\\/\"]}]}<\/script>\n<!-- \/ Yoast SEO plugin. -->","yoast_head_json":{"title":"CASCO SHOEI NXR 2 MARQUEZ AMERICAN SPIRIT TC10 - Boutique Francisco Belmonte","description":"Casco Shoei NRX 2 Marquez American Spirit TC10. Cascos de moto Shoei en nuestra Boutique Francisco Belmonte en Murcia, al mejor precio.","robots":{"index":"index","follow":"follow","max-snippet":"max-snippet:-1","max-image-preview":"max-image-preview:large","max-video-preview":"max-video-preview:-1"},"canonical":"https:\/\/franciscobelmonte.com\/tienda\/casco-shoei-nrx-2-marquez-american-spirit-tc10\/","og_locale":"es_ES","og_type":"article","og_title":"CASCO SHOEI NXR 2 MARQUEZ AMERICAN SPIRIT TC10 - Boutique Francisco Belmonte","og_description":"Casco Shoei NRX 2 Marquez American Spirit TC10. Cascos de moto Shoei en nuestra Boutique Francisco Belmonte en Murcia, al mejor precio.","og_url":"https:\/\/franciscobelmonte.com\/tienda\/casco-shoei-nrx-2-marquez-american-spirit-tc10\/","og_site_name":"Boutique Francisco Belmonte","article_publisher":"https:\/\/www.facebook.com\/motosfranciscobelmonte","article_modified_time":"2024-07-19T15:56:26+00:00","og_image":[{"width":800,"height":800,"url":"https:\/\/franciscobelmonte.com\/tienda\/wp-content\/uploads\/2023\/06\/casco-shoei-nxr2-marquez-american-spirit-tc10.jpg","type":"image\/jpeg"}],"twitter_card":"summary_large_image","twitter_misc":{"Tiempo de lectura":"2 minutos"},"schema":{"@context":"https:\/\/schema.org","@graph":[{"@type":"WebPage","@id":"https:\/\/franciscobelmonte.com\/tienda\/casco-shoei-nrx-2-marquez-american-spirit-tc10\/","url":"https:\/\/franciscobelmonte.com\/tienda\/casco-shoei-nrx-2-marquez-american-spirit-tc10\/","name":"CASCO SHOEI NXR 2 MARQUEZ AMERICAN SPIRIT TC10 - Boutique Francisco Belmonte","isPartOf":{"@id":"https:\/\/franciscobelmonte.com\/tienda\/#website"},"primaryImageOfPage":{"@id":"https:\/\/franciscobelmonte.com\/tienda\/casco-shoei-nrx-2-marquez-american-spirit-tc10\/#primaryimage"},"image":{"@id":"https:\/\/franciscobelmonte.com\/tienda\/casco-shoei-nrx-2-marquez-american-spirit-tc10\/#primaryimage"},"thumbnailUrl":"https:\/\/franciscobelmonte.com\/tienda\/wp-content\/uploads\/2023\/06\/casco-shoei-nxr2-marquez-american-spirit-tc10.jpg","datePublished":"2023-06-12T10:22:06+00:00","dateModified":"2024-07-19T15:56:26+00:00","description":"Casco Shoei NRX 2 Marquez American Spirit TC10. Cascos de moto Shoei en nuestra Boutique Francisco Belmonte en Murcia, al mejor precio.","breadcrumb":{"@id":"https:\/\/franciscobelmonte.com\/tienda\/casco-shoei-nrx-2-marquez-american-spirit-tc10\/#breadcrumb"},"inLanguage":"es","potentialAction":[{"@type":"ReadAction","target":["https:\/\/franciscobelmonte.com\/tienda\/casco-shoei-nrx-2-marquez-american-spirit-tc10\/"]}]},{"@type":"ImageObject","inLanguage":"es","@id":"https:\/\/franciscobelmonte.com\/tienda\/casco-shoei-nrx-2-marquez-american-spirit-tc10\/#primaryimage","url":"https:\/\/franciscobelmonte.com\/tienda\/wp-content\/uploads\/2023\/06\/casco-shoei-nxr2-marquez-american-spirit-tc10.jpg","contentUrl":"https:\/\/franciscobelmonte.com\/tienda\/wp-content\/uploads\/2023\/06\/casco-shoei-nxr2-marquez-american-spirit-tc10.jpg","width":800,"height":800,"caption":"casco shoei nxr2 marquez american spirit tc10 en murcia francisco belmonte"},{"@type":"BreadcrumbList","@id":"https:\/\/franciscobelmonte.com\/tienda\/casco-shoei-nrx-2-marquez-american-spirit-tc10\/#breadcrumb","itemListElement":[{"@type":"ListItem","position":1,"name":"Portada","item":"https:\/\/franciscobelmonte.com\/tienda\/"},{"@type":"ListItem","position":2,"name":"Tienda","item":"https:\/\/franciscobelmonte.com\/tienda\/boutique-equipamiento-motero\/"},{"@type":"ListItem","position":3,"name":"CASCO SHOEI NXR 2 MARQUEZ AMERICAN SPIRIT TC10"}]},{"@type":"WebSite","@id":"https:\/\/franciscobelmonte.com\/tienda\/#website","url":"https:\/\/franciscobelmonte.com\/tienda\/","name":"Boutique Francisco Belmonte","description":"Todo en complementos para motoristas","publisher":{"@id":"https:\/\/franciscobelmonte.com\/tienda\/#organization"},"potentialAction":[{"@type":"SearchAction","target":{"@type":"EntryPoint","urlTemplate":"https:\/\/franciscobelmonte.com\/tienda\/?s={search_term_string}"},"query-input":{"@type":"PropertyValueSpecification","valueRequired":true,"valueName":"search_term_string"}}],"inLanguage":"es"},{"@type":"Organization","@id":"https:\/\/franciscobelmonte.com\/tienda\/#organization","name":"Boutique Francisco Belmonte","url":"https:\/\/franciscobelmonte.com\/tienda\/","logo":{"@type":"ImageObject","inLanguage":"es","@id":"https:\/\/franciscobelmonte.com\/tienda\/#\/schema\/logo\/image\/","url":"https:\/\/franciscobelmonte.com\/tienda\/wp-content\/uploads\/2021\/12\/Francisco-Belmonte-logo.png","contentUrl":"https:\/\/franciscobelmonte.com\/tienda\/wp-content\/uploads\/2021\/12\/Francisco-Belmonte-logo.png","width":2153,"height":536,"caption":"Boutique Francisco Belmonte"},"image":{"@id":"https:\/\/franciscobelmonte.com\/tienda\/#\/schema\/logo\/image\/"},"sameAs":["https:\/\/www.facebook.com\/motosfranciscobelmonte","https:\/\/www.instagram.com\/fco.belmonte\/"]}]}},"jetpack_sharing_enabled":true,"brands":[{"id":183,"name":"Shoei","slug":"shoei"}],"_links":{"self":[{"href":"https:\/\/franciscobelmonte.com\/tienda\/wp-json\/wp\/v2\/product\/9681","targetHints":{"allow":["GET"]}}],"collection":[{"href":"https:\/\/franciscobelmonte.com\/tienda\/wp-json\/wp\/v2\/product"}],"about":[{"href":"https:\/\/franciscobelmonte.com\/tienda\/wp-json\/wp\/v2\/types\/product"}],"replies":[{"embeddable":true,"href":"https:\/\/franciscobelmonte.com\/tienda\/wp-json\/wp\/v2\/comments?post=9681"}],"wp:featuredmedia":[{"embeddable":true,"href":"https:\/\/franciscobelmonte.com\/tienda\/wp-json\/wp\/v2\/media\/9687"}],"wp:attachment":[{"href":"https:\/\/franciscobelmonte.com\/tienda\/wp-json\/wp\/v2\/media?parent=9681"}],"wp:term":[{"taxonomy":"pwb-brand","embeddable":true,"href":"https:\/\/franciscobelmonte.com\/tienda\/wp-json\/wp\/v2\/pwb-brand?post=9681"},{"taxonomy":"product_brand","embeddable":true,"href":"https:\/\/franciscobelmonte.com\/tienda\/wp-json\/wp\/v2\/product_brand?post=9681"},{"taxonomy":"product_cat","embeddable":true,"href":"https:\/\/franciscobelmonte.com\/tienda\/wp-json\/wp\/v2\/product_cat?post=9681"},{"taxonomy":"product_tag","embeddable":true,"href":"https:\/\/franciscobelmonte.com\/tienda\/wp-json\/wp\/v2\/product_tag?post=9681"}],"curies":[{"name":"wp","href":"https:\/\/api.w.org\/{rel}","templated":true}]}}